66.102.8.41 - - [23/Jul/2017:10:37:01 -0400] "GET /hdsentinel471.zip HTTP/1.1" 200 8502 "https://www.google.ru/" "Mozilla/5.0 (Windows NT 10.0; Win64; x64) AppleWebKit/537.36 (KHTML, like Gecko) Chrome/59.0.3071.115 Safari/537.36"
126.217.111.106 - - [23/Jul/2017:10:37:02 -0400] "GET /hdr_download.hr.exe HTTP/1.1" 200 16727 "http://net-load.com/giveaway-hasleo-data-recovery-pro-v3-5-for-free/" "Mozilla/5.0 (Windows NT 6.2) AppleWebKit/537.36 (KHTML, like Gecko) MxNitro/1.0.1.3000 Chrome/35.0.1849.0 Safari/537.36"
189.115.35.33 - - [23/Jul/2017:10:37:02 -0400] "GET /x-mirage.dmg HTTP/1.1" 200 16707 "http://net-load.com/giveaway-x-mirage-v2-01-10-for-mac-free/" "Mozilla/5.0 (Windows NT 10.0; rv:38.0) Gecko/20100101 Firefox/38.0"
49.35.10.54 - - [23/Jul/2017:10:32:39 -0400] "GET /SmartPixel.zip HTTP/1.1" 206 124670 "http://cdn.net-load.com/" "Mozilla/5.0 (Windows NT 10.0; WOW64) AppleWebKit/537.36 (KHTML, like Gecko) Chrome/55.18.2883.75 Safari/537.36"
207.46.13.97 - - [23/Jul/2017:10:37:42 -0400] "GET /w_owas02.pdf HTTP/1.1" 200 0 "-" "Mozilla/5.0 (iPhone; CPU iPhone OS 7_0 like Mac OS X) AppleWebKit/537.51.1 (KHTML, like Gecko) Version/7.0 Mobile/11A465 Safari/9537.53 (compatible; bingbot/2.0; +http://www.bing.com/bingbot.htm)"
189.115.35.33 - - [23/Jul/2017:10:37:42 -0400] "GET /x-mirage.dmg HTTP/1.1" 200 0 "-" "Mozilla/5.0 (X11; Linux x86_64; rv:10.0) Gecko/20150101 Firefox/20.0 (Chrome)"
189.115.35.33 - - [23/Jul/2017:10:37:42 -0400] "GET /x-mirage.dmg HTTP/1.1" 200 0 "-" "Mozilla/5.0 (X11; Linux x86_64; rv:10.0) Gecko/20150101 Firefox/20.0 (Chrome)"
189.115.35.33 - - [23/Jul/2017:10:37:42 -0400] "GET /x-mirage.dmg HTTP/1.1" 200 0 "-" "Mozilla/5.0 (X11; Linux x86_64; rv:10.0) Gecko/20150101 Firefox/20.0 (Chrome)"
189.115.35.33 - - [23/Jul/2017:10:37:42 -0400] "GET /x-mirage.dmg HTTP/1.1" 403 0 "-" "Mozilla/5.0 (X11; Linux x86_64; rv:10.0) Gecko/20150101 Firefox/20.0 (Chrome)"
189.115.35.33 - - [23/Jul/2017:10:37:42 -0400] "GET /x-mirage.dmg HTTP/1.1" 403 0 "-" "Mozilla/5.0 (X11; Linux x86_64; rv:10.0) Gecko/20150101 Firefox/20.0 (Chrome)"
49.35.10.54 - - [23/Jul/2017:10:32:54 -0400] "GET /SmartPixel.zip HTTP/1.1" 206 123394 "http://cdn.net-load.com/" "Mozilla/5.0 (Windows NT 10.0; WOW64) AppleWebKit/537.36 (KHTML, like Gecko) Chrome/55.18.2883.75 Safari/537.36"
49.35.10.54 - - [23/Jul/2017:10:33:43 -0400] "GET /SmartPixel.zip HTTP/1.1" 206 124670 "http://cdn.net-load.com/" "Mozilla/5.0 (Windows NT 10.0; WOW64) AppleWebKit/537.36 (KHTML, like Gecko) Chrome/55.18.2883.75 Safari/537.36"
157.55.39.44 - - [23/Jul/2017:10:38:46 -0400] "GET / HTTP/1.1" 200 0 "-" "Mozilla/5.0 (compatible; bingbot/2.0; +http://www.bing.com/bingbot.htm)"
189.115.35.33 - - [23/Jul/2017:10:38:46 -0400] "GET /x-mirage.dmg HTTP/1.1" 200 0 "-" "Mozilla/5.0 (X11; Linux x86_64; rv:10.0) Gecko/20150101 Firefox/20.0 (Chrome)"
49.35.10.54 - - [23/Jul/2017:10:33:49 -0400] "GET /SmartPixel.zip HTTP/1.1" 206 124670 "http://cdn.net-load.com/" "Mozilla/5.0 (Windows NT 10.0; WOW64) AppleWebKit/537.36 (KHTML, like Gecko) Chrome/55.18.2883.75 Safari/537.36"
49.35.10.54 - - [23/Jul/2017:10:34:56 -0400] "GET /SmartPixel.zip HTTP/1.1" 206 123394 "http://cdn.net-load.com/" "Mozilla/5.0 (Windows NT 10.0; WOW64) AppleWebKit/537.36 (KHTML, like Gecko) Chrome/55.18.2883.75 Safari/537.36"
189.115.35.33 - - [23/Jul/2017:10:39:58 -0400] "GET /x-mirage.dmg HTTP/1.1" 200 0 "-" "Mozilla/5.0 (X11; Linux x86_64; rv:10.0) Gecko/20150101 Firefox/20.0 (Chrome)"
120.84.132.107 - - [23/Jul/2017:10:36:27 -0400] "GET /hdsentinel_setup_5.01.exe HTTP/1.1" 200 126594 "-" "Mozilla/5.0 (compatible; MSIE 6.0; Windows NT 5.0)"
189.115.35.33 - - [23/Jul/2017:10:41:30 -0400] "GET /x-mirage.dmg HTTP/1.1" 200 0 "-" "Mozilla/5.0 (X11; Linux x86_64; rv:10.0) Gecko/20150101 Firefox/20.0 (Chrome)"
120.84.132.107 - - [23/Jul/2017:10:36:39 -0400] "GET /hdsentinel_setup_5.01.exe HTTP/1.1" 200 126594 "-" "Mozilla/5.0 (compatible; MSIE 6.0; Windows NT 5.0)"
120.84.132.107 - - [23/Jul/2017:10:36:41 -0400] "GET /hdsentinel_setup_5.01.exe HTTP/1.1" 200 126594 "-" "Mozilla/5.0 (compatible; MSIE 6.0; Windows NT 5.0)"
189.115.35.33 - - [23/Jul/2017:10:41:43 -0400] "GET /x-mirage.dmg HTTP/1.1" 200 0 "-" "Mozilla/5.0 (X11; Linux x86_64; rv:10.0) Gecko/20150101 Firefox/20.0 (Chrome)"
189.115.35.33 - - [23/Jul/2017:10:41:43 -0400] "GET /x-mirage.dmg HTTP/1.1" 200 0 "-" "Mozilla/5.0 (X11; Linux x86_64; rv:10.0) Gecko/20150101 Firefox/20.0 (Chrome)"
120.84.132.107 - - [23/Jul/2017:10:36:51 -0400] "GET /hdsentinel_setup_5.01.exe HTTP/1.1" 200 126594 "-" "Mozilla/5.0 (compatible; MSIE 6.0; Windows NT 5.0)"
189.115.35.33 - - [23/Jul/2017:10:41:54 -0400] "GET /x-mirage.dmg HTTP/1.1" 200 0 "-" "Mozilla/5.0 (X11; Linux x86_64; rv:10.0) Gecko/20150101 Firefox/20.0 (Chrome)"
189.115.35.33 - - [23/Jul/2017:10:37:02 -0400] "GET /x-mirage.dmg HTTP/1.1" 200 126595 "http://net-load.com/giveaway-x-mirage-v2-01-10-for-mac-free/" "Mozilla/5.0 (Windows NT 10.0; rv:38.0) Gecko/20100101 Firefox/38.0"
77.85.112.228 - - [23/Jul/2017:10:42:05 -0400] "GET /IceCream.zip HTTP/1.1" 200 6463 "http://net-load.com/giveaway-icecream-ebook-reader-pro-v3-10-for-free/" "Mozilla/5.0 (Windows NT 6.0) AppleWebKit/537.36 (KHTML, like Gecko) Chrome/49.0.2623.112 Safari/537.36"
189.115.35.33 - - [23/Jul/2017:10:42:05 -0400] "GET /x-mirage.dmg HTTP/1.1" 200 0 "-" "Mozilla/5.0 (X11; Linux x86_64; rv:10.0) Gecko/20150101 Firefox/20.0 (Chrome)"
77.85.112.228 - - [23/Jul/2017:10:42:05 -0400] "GET /IceCream.zip HTTP/1.1" 200 6463 "http://net-load.com/giveaway-icecream-ebook-reader-pro-v3-10-for-free/" "Mozilla/5.0 (Windows NT 6.0) AppleWebKit/537.36 (KHTML, like Gecko) Chrome/49.0.2623.112 Safari/537.36"
49.35.10.54 - - [23/Jul/2017:10:37:42 -0400] "GET /SmartPixel.zip HTTP/1.1" 206 123394 "http://cdn.net-load.com/" "Mozilla/5.0 (Windows NT 10.0; WOW64) AppleWebKit/537.36 (KHTML, like Gecko) Chrome/55.18.2883.75 Safari/537.36"
49.35.10.54 - - [23/Jul/2017:10:37:57 -0400] "GET /SmartPixel.zip HTTP/1.1" 206 123394 "http://cdn.net-load.com/" "Mozilla/5.0 (Windows NT 10.0; WOW64) AppleWebKit/537.36 (KHTML, like Gecko) Chrome/55.18.2883.75 Safari/537.36"
189.115.35.33 - - [23/Jul/2017:10:38:46 -0400] "GET /x-mirage.dmg HTTP/1.1" 200 126595 "http://net-load.com/giveaway-x-mirage-v2-01-10-for-mac-free/" "Mozilla/5.0 (Windows NT 10.0; rv:38.0) Gecko/20100101 Firefox/38.0"
162.253.130.28 - - [23/Jul/2017:10:43:48 -0400] "GET /favicon.ico HTTP/1.1" 404 468 "http://cdn.net-load.com/hdr_download.hr.exe" "Mozilla/5.0 (Windows NT 10.0; WOW64) AppleWebKit/537.36 (KHTML, like Gecko) Chrome/59.0.3071.115 Safari/537.36 OPR/46.0.2597.57"
120.221.0.33 - - [23/Jul/2017:10:43:48 -0400] "GET /hdsentinel_setup_5.01.exe HTTP/1.1" 304 157 "-" "Mozilla/5.0 Gecko/20100115 Firefox/3.6"
189.115.35.33 - - [23/Jul/2017:10:38:51 -0400] "GET /x-mirage.dmg HTTP/1.1" 200 126595 "http://net-load.com/giveaway-x-mirage-v2-01-10-for-mac-free/" "Mozilla/5.0 (Windows NT 10.0; rv:38.0) Gecko/20100101 Firefox/38.0"
221.181.104.40 - - [23/Jul/2017:10:43:54 -0400] "GET /w_sitb45.pdf HTTP/1.1" 304 156 "-" "Mozilla/5.0 Gecko/20100115 Firefox/3.6"
180.76.15.18 - - [23/Jul/2017:10:43:48 -0400] "GET /GP6%20Lite%20Users%20Manual%20EN.pdf HTTP/1.1" 200 516366 "-" "Mozilla/5.0 (compatible; Baiduspider/2.0; +http://www.baidu.com/search/spider.html)"
113.189.25.221 - - [23/Jul/2017:10:39:58 -0400] "GET /sosintwr.zip HTTP/1.1" 200 127509 "http://www.vn-zoom.com/f746/free-license-vpn-1-nam-3148046.html" "Mozilla/5.0 (Windows NT 5.1) AppleWebKit/537.36 (KHTML, like Gecko) coc_coc_browser/54.2.133 Chrome/48.2.2564.133 Safari/537.36"
113.189.25.221 - - [23/Jul/2017:10:41:30 -0400] "GET /sosintwr.zip HTTP/1.1" 200 127509 "http://www.vn-zoom.com/f746/free-license-vpn-1-nam-3148046.html" "Mozilla/5.0 (Windows NT 5.1) AppleWebKit/537.36 (KHTML, like Gecko) coc_coc_browser/54.2.133 Chrome/48.2.2564.133 Safari/537.36"
49.35.10.54 - - [23/Jul/2017:10:46:32 -0400] "GET /SmartPixel.zip HTTP/1.1" 206 123395 "http://cdn.net-load.com/" "Mozilla/5.0 (Windows NT 10.0; WOW64) AppleWebKit/537.36 (KHTML, like Gecko) Chrome/55.18.2883.75 Safari/537.36"
49.35.10.54 - - [23/Jul/2017:10:46:36 -0400] "GET /SmartPixel.zip HTTP/1.1" 206 80315 "http://cdn.net-load.com/" "Mozilla/5.0 (Windows NT 10.0; WOW64) AppleWebKit/537.36 (KHTML, like Gecko) Chrome/55.18.2883.75 Safari/537.36"
49.35.10.54 - - [23/Jul/2017:10:46:37 -0400] "GET /SmartPixel.zip HTTP/1.1" 206 104315 "http://cdn.net-load.com/" "Mozilla/5.0 (Windows NT 10.0; WOW64) AppleWebKit/537.36 (KHTML, like Gecko) Chrome/55.18.2883.75 Safari/537.36"
49.35.10.54 - - [23/Jul/2017:10:46:40 -0400] "GET /SmartPixel.zip HTTP/1.1" 206 48314 "http://cdn.net-load.com/" "Mozilla/5.0 (Windows NT 10.0; WOW64) AppleWebKit/537.36 (KHTML, like Gecko) Chrome/55.18.2883.75 Safari/537.36"
49.35.10.54 - - [23/Jul/2017:10:46:41 -0400] "GET /SmartPixel.zip HTTP/1.1" 206 64314 "http://cdn.net-load.com/" "Mozilla/5.0 (Windows NT 10.0; WOW64) AppleWebKit/537.36 (KHTML, like Gecko) Chrome/55.18.2883.75 Safari/537.36"
49.35.10.54 - - [23/Jul/2017:10:46:42 -0400] "GET /SmartPixel.zip HTTP/1.1" 206 88314 "http://cdn.net-load.com/" "Mozilla/5.0 (Windows NT 10.0; WOW64) AppleWebKit/537.36 (KHTML, like Gecko) Chrome/55.18.2883.75 Safari/537.36"
113.189.25.221 - - [23/Jul/2017:10:41:42 -0400] "GET /sosintwr.zip HTTP/1.1" 200 127509 "http://www.vn-zoom.com/f746/free-license-vpn-1-nam-3148046.html" "Mozilla/5.0 (Windows NT 5.1) AppleWebKit/537.36 (KHTML, like Gecko) coc_coc_browser/54.2.133 Chrome/48.2.2564.133 Safari/537.36"
113.189.25.221 - - [23/Jul/2017:10:41:43 -0400] "GET /sosintwr.zip HTTP/1.1" 200 127509 "http://www.vn-zoom.com/f746/free-license-vpn-1-nam-3148046.html" "Mozilla/5.0 (Windows NT 5.1) AppleWebKit/537.36 (KHTML, like Gecko) coc_coc_browser/54.2.133 Chrome/48.2.2564.133 Safari/537.36"
49.35.10.54 - - [23/Jul/2017:10:46:45 -0400] "GET /SmartPixel.zip HTTP/1.1" 206 80315 "http://cdn.net-load.com/" "Mozilla/5.0 (Windows NT 10.0; WOW64) AppleWebKit/537.36 (KHTML, like Gecko) Chrome/55.18.2883.75 Safari/537.36"
49.35.10.54 - - [23/Jul/2017:10:46:46 -0400] "GET /SmartPixel.zip HTTP/1.1" 206 80314 "http://cdn.net-load.com/" "Mozilla/5.0 (Windows NT 10.0; WOW64) AppleWebKit/537.36 (KHTML, like Gecko) Chrome/55.18.2883.75 Safari/537.36"
49.35.10.54 - - [23/Jul/2017:10:46:46 -0400] "GET /SmartPixel.zip HTTP/1.1" 206 123395 "http://cdn.net-load.com/" "Mozilla/5.0 (Windows NT 10.0; WOW64) AppleWebKit/537.36 (KHTML, like Gecko) Chrome/55.18.2883.75 Safari/537.36"
49.35.10.54 - - [23/Jul/2017:10:46:52 -0400] "GET /SmartPixel.zip HTTP/1.1" 206 40315 "http://cdn.net-load.com/" "Mozilla/5.0 (Windows NT 10.0; WOW64) AppleWebKit/537.36 (KHTML, like Gecko) Chrome/55.18.2883.75 Safari/537.36"
113.189.25.221 - - [23/Jul/2017:10:41:54 -0400] "GET /sosintwr.zip HTTP/1.1" 200 127509 "http://www.vn-zoom.com/f746/free-license-vpn-1-nam-3148046.html" "Mozilla/5.0 (Windows NT 5.1) AppleWebKit/537.36 (KHTML, like Gecko) coc_coc_browser/54.2.133 Chrome/48.2.2564.133 Safari/537.36"
49.35.10.54 - - [23/Jul/2017:10:46:53 -0400] "GET /SmartPixel.zip HTTP/1.1" 206 123394 "http://cdn.net-load.com/" "Mozilla/5.0 (Windows NT 10.0; WOW64) AppleWebKit/537.36 (KHTML, like Gecko) Chrome/55.18.2883.75 Safari/537.36"
49.35.10.54 - - [23/Jul/2017:10:46:44 -0400] "GET /SmartPixel.zip HTTP/1.1" 206 123395 "http://cdn.net-load.com/" "Mozilla/5.0 (Windows NT 10.0; WOW64) AppleWebKit/537.36 (KHTML, like Gecko) Chrome/55.18.2883.75 Safari/537.36"
113.189.25.221 - - [23/Jul/2017:10:42:06 -0400] "GET /sosintwr.zip HTTP/1.1" 200 127509 "http://www.vn-zoom.com/f746/free-license-vpn-1-nam-3148046.html" "Mozilla/5.0 (Windows NT 5.1) AppleWebKit/537.36 (KHTML, like Gecko) coc_coc_browser/54.2.133 Chrome/48.2.2564.133 Safari/537.36"
49.35.10.54 - - [23/Jul/2017:10:47:08 -0400] "GET /SmartPixel.zip HTTP/1.1" 206 123395 "http://cdn.net-load.com/" "Mozilla/5.0 (Windows NT 10.0; WOW64) AppleWebKit/537.36 (KHTML, like Gecko) Chrome/55.18.2883.75 Safari/537.36"
49.35.10.54 - - [23/Jul/2017:10:47:06 -0400] "GET /SmartPixel.zip HTTP/1.1" 206 123395 "http://cdn.net-load.com/" "Mozilla/5.0 (Windows NT 10.0; WOW64) AppleWebKit/537.36 (KHTML, like Gecko) Chrome/55.18.2883.75 Safari/537.36"
49.35.10.54 - - [23/Jul/2017:10:46:56 -0400] "GET /SmartPixel.zip HTTP/1.1" 206 123394 "http://cdn.net-load.com/" "Mozilla/5.0 (Windows NT 10.0; WOW64) AppleWebKit/537.36 (KHTML, like Gecko) Chrome/55.18.2883.75 Safari/537.36"
49.35.10.54 - - [23/Jul/2017:10:47:14 -0400] "GET /SmartPixel.zip HTTP/1.1" 206 123394 "http://cdn.net-load.com/" "Mozilla/5.0 (Windows NT 10.0; WOW64) AppleWebKit/537.36 (KHTML, like Gecko) Chrome/55.18.2883.75 Safari/537.36"
49.35.10.54 - - [23/Jul/2017:10:47:19 -0400] "GET /SmartPixel.zip HTTP/1.1" 206 104315 "http://cdn.net-load.com/" "Mozilla/5.0 (Windows NT 10.0; WOW64) AppleWebKit/537.36 (KHTML, like Gecko) Chrome/55.18.2883.75 Safari/537.36"
49.35.10.54 - - [23/Jul/2017:10:47:19 -0400] "GET /SmartPixel.zip HTTP/1.1" 206 123394 "http://cdn.net-load.com/" "Mozilla/5.0 (Windows NT 10.0; WOW64) AppleWebKit/537.36 (KHTML, like Gecko) Chrome/55.18.2883.75 Safari/537.36"
49.35.10.54 - - [23/Jul/2017:10:47:19 -0400] "GET /SmartPixel.zip HTTP/1.1" 206 123394 "http://cdn.net-load.com/" "Mozilla/5.0 (Windows NT 10.0; WOW64) AppleWebKit/537.36 (KHTML, like Gecko) Chrome/55.18.2883.75 Safari/537.36"
49.35.10.54 - - [23/Jul/2017:10:47:42 -0400] "GET /SmartPixel.zip HTTP/1.1" 206 123394 "http://cdn.net-load.com/" "Mozilla/5.0 (Windows NT 10.0; WOW64) AppleWebKit/537.36 (KHTML, like Gecko) Chrome/55.18.2883.75 Safari/537.36"
49.35.10.54 - - [23/Jul/2017:10:42:45 -0400] "GET /SmartPixel.zip HTTP/1.1" 206 123394 "http://cdn.net-load.com/" "Mozilla/5.0 (Windows NT 10.0; WOW64) AppleWebKit/537.36 (KHTML, like Gecko) Chrome/55.18.2883.75 Safari/537.36"
49.35.10.54 - - [23/Jul/2017:10:47:46 -0400] "GET /SmartPixel.zip HTTP/1.1" 206 123394 "http://cdn.net-load.com/" "Mozilla/5.0 (Windows NT 10.0; WOW64) AppleWebKit/537.36 (KHTML, like Gecko) Chrome/55.18.2883.75 Safari/537.36"
49.35.10.54 - - [23/Jul/2017:10:47:50 -0400] "GET /SmartPixel.zip HTTP/1.1" 206 123395 "http://cdn.net-load.com/" "Mozilla/5.0 (Windows NT 10.0; WOW64) AppleWebKit/537.36 (KHTML, like Gecko) Chrome/55.18.2883.75 Safari/537.36"
162.253.130.28 - - [23/Jul/2017:10:42:59 -0400] "GET /hdr_download.hr.exe HTTP/1.1" 200 127233 "-" "Mozilla/5.0 (Windows NT 10.0; WOW64) AppleWebKit/537.36 (KHTML, like Gecko) Chrome/59.0.3071.115 Safari/537.36 OPR/46.0.2597.57"
49.35.10.54 - - [23/Jul/2017:10:47:06 -0400] "GET /SmartPixel.zip HTTP/1.1" 206 126135 "http://cdn.net-load.com/" "Mozilla/5.0 (Windows NT 10.0; WOW64) AppleWebKit/537.36 (KHTML, like Gecko) Chrome/55.18.2883.75 Safari/537.36"
49.35.10.54 - - [23/Jul/2017:10:47:21 -0400] "GET /SmartPixel.zip HTTP/1.1" 206 123395 "http://cdn.net-load.com/" "Mozilla/5.0 (Windows NT 10.0; WOW64) AppleWebKit/537.36 (KHTML, like Gecko) Chrome/55.18.2883.75 Safari/537.36"
49.35.10.54 - - [23/Jul/2017:10:48:02 -0400] "GET /SmartPixel.zip HTTP/1.1" 206 123394 "http://cdn.net-load.com/" "Mozilla/5.0 (Windows NT 10.0; WOW64) AppleWebKit/537.36 (KHTML, like Gecko) Chrome/55.18.2883.75 Safari/537.36"
49.35.10.54 - - [23/Jul/2017:10:48:58 -0400] "GET /SmartPixel.zip HTTP/1.1" 206 123395 "http://cdn.net-load.com/" "Mozilla/5.0 (Windows NT 10.0; WOW64) AppleWebKit/537.36 (KHTML, like Gecko) Chrome/55.18.2883.75 Safari/537.36"
49.35.10.54 - - [23/Jul/2017:10:49:03 -0400] "GET /SmartPixel.zip HTTP/1.1" 206 24315 "http://cdn.net-load.com/" "Mozilla/5.0 (Windows NT 10.0; WOW64) AppleWebKit/537.36 (KHTML, like Gecko) Chrome/55.18.2883.75 Safari/537.36"
49.35.10.54 - - [23/Jul/2017:10:49:04 -0400] "GET /SmartPixel.zip HTTP/1.1" 206 104314 "http://cdn.net-load.com/" "Mozilla/5.0 (Windows NT 10.0; WOW64) AppleWebKit/537.36 (KHTML, like Gecko) Chrome/55.18.2883.75 Safari/537.36"
49.35.10.54 - - [23/Jul/2017:10:49:06 -0400] "GET /SmartPixel.zip HTTP/1.1" 206 64315 "http://cdn.net-load.com/" "Mozilla/5.0 (Windows NT 10.0; WOW64) AppleWebKit/537.36 (KHTML, like Gecko) Chrome/55.18.2883.75 Safari/537.36"
49.35.10.54 - - [23/Jul/2017:10:49:07 -0400] "GET /SmartPixel.zip HTTP/1.1" 206 48315 "http://cdn.net-load.com/" "Mozilla/5.0 (Windows NT 10.0; WOW64) AppleWebKit/537.36 (KHTML, like Gecko) Chrome/55.18.2883.75 Safari/537.36"
49.35.10.54 - - [23/Jul/2017:10:48:04 -0400] "GET /SmartPixel.zip HTTP/1.1" 206 137094 "http://cdn.net-load.com/" "Mozilla/5.0 (Windows NT 10.0; WOW64) AppleWebKit/537.36 (KHTML, like Gecko) Chrome/55.18.2883.75 Safari/537.36"
49.35.10.54 - - [23/Jul/2017:10:49:20 -0400] "GET /SmartPixel.zip HTTP/1.1" 206 16315 "http://cdn.net-load.com/" "Mozilla/5.0 (Windows NT 10.0; WOW64) AppleWebKit/537.36 (KHTML, like Gecko) Chrome/55.18.2883.75 Safari/537.36"
49.35.10.54 - - [23/Jul/2017:10:49:20 -0400] "GET /SmartPixel.zip HTTP/1.1" 206 104314 "http://cdn.net-load.com/" "Mozilla/5.0 (Windows NT 10.0; WOW64) AppleWebKit/537.36 (KHTML, like Gecko) Chrome/55.18.2883.75 Safari/537.36"
49.35.10.54 - - [23/Jul/2017:10:49:22 -0400] "GET /SmartPixel.zip HTTP/1.1" 206 123394 "http://cdn.net-load.com/" "Mozilla/5.0 (Windows NT 10.0; WOW64) AppleWebKit/537.36 (KHTML, like Gecko) Chrome/55.18.2883.75 Safari/537.36"
49.35.10.54 - - [23/Jul/2017:10:49:46 -0400] "GET /SmartPixel.zip HTTP/1.1" 206 24315 "http://cdn.net-load.com/" "Mozilla/5.0 (Windows NT 10.0; WOW64) AppleWebKit/537.36 (KHTML, like Gecko) Chrome/55.18.2883.75 Safari/537.36"
49.35.10.54 - - [23/Jul/2017:10:49:47 -0400] "GET /SmartPixel.zip HTTP/1.1" 206 24315 "http://cdn.net-load.com/" "Mozilla/5.0 (Windows NT 10.0; WOW64) AppleWebKit/537.36 (KHTML, like Gecko) Chrome/55.18.2883.75 Safari/537.36"
49.35.10.54 - - [23/Jul/2017:10:48:00 -0400] "GET /SmartPixel.zip HTTP/1.1" 206 175454 "http://cdn.net-load.com/" "Mozilla/5.0 (Windows NT 10.0; WOW64) AppleWebKit/537.36 (KHTML, like Gecko) Chrome/55.18.2883.75 Safari/537.36"
49.35.10.54 - - [23/Jul/2017:10:49:59 -0400] "GET /SmartPixel.zip HTTP/1.1" 206 16314 "http://cdn.net-load.com/" "Mozilla/5.0 (Windows NT 10.0; WOW64) AppleWebKit/537.36 (KHTML, like Gecko) Chrome/55.18.2883.75 Safari/537.36"
49.35.10.54 - - [23/Jul/2017:10:50:00 -0400] "GET /SmartPixel.zip HTTP/1.1" 206 32315 "http://cdn.net-load.com/" "Mozilla/5.0 (Windows NT 10.0; WOW64) AppleWebKit/537.36 (KHTML, like Gecko) Chrome/55.18.2883.75 Safari/537.36"
49.35.10.54 - - [23/Jul/2017:10:50:00 -0400] "GET /SmartPixel.zip HTTP/1.1" 206 16314 "http://cdn.net-load.com/" "Mozilla/5.0 (Windows NT 10.0; WOW64) AppleWebKit/537.36 (KHTML, like Gecko) Chrome/55.18.2883.75 Safari/537.36"
49.35.10.54 - - [23/Jul/2017:10:50:01 -0400] "GET /SmartPixel.zip HTTP/1.1" 206 16314 "http://cdn.net-load.com/" "Mozilla/5.0 (Windows NT 10.0; WOW64) AppleWebKit/537.36 (KHTML, like Gecko) Chrome/55.18.2883.75 Safari/537.36"
49.35.10.54 - - [23/Jul/2017:10:50:01 -0400] "GET /SmartPixel.zip HTTP/1.1" 206 32315 "http://cdn.net-load.com/" "Mozilla/5.0 (Windows NT 10.0; WOW64) AppleWebKit/537.36 (KHTML, like Gecko) Chrome/55.18.2883.75 Safari/537.36"
41.223.201.247 - - [23/Jul/2017:10:50:02 -0400] "GET /AdvancedSystemCarePro104.zip HTTP/1.1" 304 157 "-" "Mozilla/5.0 Gecko/20100115 Firefox/3.6"
49.35.10.54 - - [23/Jul/2017:10:49:08 -0400] "GET /SmartPixel.zip HTTP/1.1" 206 126134 "http://cdn.net-load.com/" "Mozilla/5.0 (Windows NT 10.0; WOW64) AppleWebKit/537.36 (KHTML, like Gecko) Chrome/55.18.2883.75 Safari/537.36"
49.35.10.54 - - [23/Jul/2017:10:50:27 -0400] "GET /SmartPixel.zip HTTP/1.1" 206 24315 "http://cdn.net-load.com/" "Mozilla/5.0 (Windows NT 10.0; WOW64) AppleWebKit/537.36 (KHTML, like Gecko) Chrome/55.18.2883.75 Safari/537.36"
49.35.10.54 - - [23/Jul/2017:10:50:27 -0400] "GET /SmartPixel.zip HTTP/1.1" 206 16314 "http://cdn.net-load.com/" "Mozilla/5.0 (Windows NT 10.0; WOW64) AppleWebKit/537.36 (KHTML, like Gecko) Chrome/55.18.2883.75 Safari/537.36"
49.35.10.54 - - [23/Jul/2017:10:50:28 -0400] "GET /SmartPixel.zip HTTP/1.1" 206 16314 "http://cdn.net-load.com/" "Mozilla/5.0 (Windows NT 10.0; WOW64) AppleWebKit/537.36 (KHTML, like Gecko) Chrome/55.18.2883.75 Safari/537.36"
49.35.10.54 - - [23/Jul/2017:10:50:28 -0400] "GET /SmartPixel.zip HTTP/1.1" 206 16314 "http://cdn.net-load.com/" "Mozilla/5.0 (Windows NT 10.0; WOW64) AppleWebKit/537.36 (KHTML, like Gecko) Chrome/55.18.2883.75 Safari/537.36"
49.35.10.54 - - [23/Jul/2017:10:50:28 -0400] "GET /SmartPixel.zip HTTP/1.1" 403 482 "http://cdn.net-load.com/" "Mozilla/5.0 (Windows NT 10.0; WOW64) AppleWebKit/537.36 (KHTML, like Gecko) Chrome/55.18.2883.75 Safari/537.36"
49.35.10.54 - - [23/Jul/2017:10:50:28 -0400] "GET /SmartPixel.zip HTTP/1.1" 403 482 "http://cdn.net-load.com/" "Mozilla/5.0 (Windows NT 10.0; WOW64) AppleWebKit/537.36 (KHTML, like Gecko) Chrome/55.18.2883.75 Safari/537.36"
49.35.10.54 - - [23/Jul/2017:10:50:28 -0400] "GET /SmartPixel.zip HTTP/1.1" 403 482 "http://cdn.net-load.com/" "Mozilla/5.0 (Windows NT 10.0; WOW64) AppleWebKit/537.36 (KHTML, like Gecko) Chrome/55.18.2883.75 Safari/537.36"
162.253.130.28 - - [23/Jul/2017:10:46:47 -0400] "GET /hdr_download.hr.exe HTTP/1.1" 200 11018197 "-" "Mozilla/5.0 (Windows NT 10.0; WOW64) AppleWebKit/537.36 (KHTML, like Gecko) Chrome/59.0.3071.115 Safari/537.36 OPR/46.0.2597.57"
49.35.10.54 - - [23/Jul/2017:10:50:29 -0400] "GET /SmartPixel.zip HTTP/1.1" 403 482 "http://cdn.net-load.com/" "Mozilla/5.0 (Windows NT 10.0; WOW64) AppleWebKit/537.36 (KHTML, like Gecko) Chrome/55.18.2883.75 Safari/537.36"
49.35.10.54 - - [23/Jul/2017:10:50:29 -0400] "GET /SmartPixel.zip HTTP/1.1" 403 482 "http://cdn.net-load.com/" "Mozilla/5.0 (Windows NT 10.0; WOW64) AppleWebKit/537.36 (KHTML, like Gecko) Chrome/55.18.2883.75 Safari/537.36"
49.35.10.54 - - [23/Jul/2017:10:50:29 -0400] "GET /SmartPixel.zip HTTP/1.1" 403 482 "http://cdn.net-load.com/" "Mozilla/5.0 (Windows NT 10.0; WOW64) AppleWebKit/537.36 (KHTML, like Gecko) Chrome/55.18.2883.75 Safari/537.36"
49.35.10.54 - - [23/Jul/2017:10:50:29 -0400] "GET /SmartPixel.zip HTTP/1.1" 403 482 "http://cdn.net-load.com/" "Mozilla/5.0 (Windows NT 10.0; WOW64) AppleWebKit/537.36 (KHTML, like Gecko) Chrome/55.18.2883.75 Safari/537.36"
49.35.10.54 - - [23/Jul/2017:10:50:29 -0400] "GET /SmartPixel.zip HTTP/1.1" 403 482 "http://cdn.net-load.com/" "Mozilla/5.0 (Windows NT 10.0; WOW64) AppleWebKit/537.36 (KHTML, like Gecko) Chrome/55.18.2883.75 Safari/537.36"
49.35.10.54 - - [23/Jul/2017:10:50:29 -0400] "GET /SmartPixel.zip HTTP/1.1" 403 482 "http://cdn.net-load.com/" "Mozilla/5.0 (Windows NT 10.0; WOW64) AppleWebKit/537.36 (KHTML, like Gecko) Chrome/55.18.2883.75 Safari/537.36"
49.35.10.54 - - [23/Jul/2017:10:50:30 -0400] "GET /SmartPixel.zip HTTP/1.1" 403 482 "http://cdn.net-load.com/" "Mozilla/5.0 (Windows NT 10.0; WOW64) AppleWebKit/537.36 (KHTML, like Gecko) Chrome/55.18.2883.75 Safari/537.36"
49.35.10.54 - - [23/Jul/2017:10:50:30 -0400] "GET /SmartPixel.zip HTTP/1.1" 403 482 "http://cdn.net-load.com/" "Mozilla/5.0 (Windows NT 10.0; WOW64) AppleWebKit/537.36 (KHTML, like Gecko) Chrome/55.18.2883.75 Safari/537.36"
49.35.10.54 - - [23/Jul/2017:10:50:30 -0400] "GET /SmartPixel.zip HTTP/1.1" 403 482 "http://cdn.net-load.com/" "Mozilla/5.0 (Windows NT 10.0; WOW64) AppleWebKit/537.36 (KHTML, like Gecko) Chrome/55.18.2883.75 Safari/537.36"
49.35.10.54 - - [23/Jul/2017:10:50:30 -0400] "GET /SmartPixel.zip HTTP/1.1" 403 482 "http://cdn.net-load.com/" "Mozilla/5.0 (Windows NT 10.0; WOW64) AppleWebKit/537.36 (KHTML, like Gecko) Chrome/55.18.2883.75 Safari/537.36"
49.35.10.54 - - [23/Jul/2017:10:50:30 -0400] "GET /SmartPixel.zip HTTP/1.1" 403 482 "http://cdn.net-load.com/" "Mozilla/5.0 (Windows NT 10.0; WOW64) AppleWebKit/537.36 (KHTML, like Gecko) Chrome/55.18.2883.75 Safari/537.36"
49.35.10.54 - - [23/Jul/2017:10:50:31 -0400] "GET /SmartPixel.zip HTTP/1.1" 403 482 "http://cdn.net-load.com/" "Mozilla/5.0 (Windows NT 10.0; WOW64) AppleWebKit/537.36 (KHTML, like Gecko) Chrome/55.18.2883.75 Safari/537.36"
49.35.10.54 - - [23/Jul/2017:10:50:31 -0400] "GET /SmartPixel.zip HTTP/1.1" 403 482 "http://cdn.net-load.com/" "Mozilla/5.0 (Windows NT 10.0; WOW64) AppleWebKit/537.36 (KHTML, like Gecko) Chrome/55.18.2883.75 Safari/537.36"
49.35.10.54 - - [23/Jul/2017:10:50:34 -0400] "GET /SmartPixel.zip HTTP/1.1" 403 482 "http://cdn.net-load.com/" "Mozilla/5.0 (Windows NT 10.0; WOW64) AppleWebKit/537.36 (KHTML, like Gecko) Chrome/55.18.2883.75 Safari/537.36"
49.35.10.54 - - [23/Jul/2017:10:50:34 -0400] "GET /SmartPixel.zip HTTP/1.1" 403 482 "http://cdn.net-load.com/" "Mozilla/5.0 (Windows NT 10.0; WOW64) AppleWebKit/537.36 (KHTML, like Gecko) Chrome/55.18.2883.75 Safari/537.36"
49.35.10.54 - - [23/Jul/2017:10:50:34 -0400] "GET /SmartPixel.zip HTTP/1.1" 403 482 "http://cdn.net-load.com/" "Mozilla/5.0 (Windows NT 10.0; WOW64) AppleWebKit/537.36 (KHTML, like Gecko) Chrome/55.18.2883.75 Safari/537.36"
49.35.10.54 - - [23/Jul/2017:10:50:35 -0400] "GET /SmartPixel.zip HTTP/1.1" 403 482 "http://cdn.net-load.com/" "Mozilla/5.0 (Windows NT 10.0; WOW64) AppleWebKit/537.36 (KHTML, like Gecko) Chrome/55.18.2883.75 Safari/537.36"
49.35.10.54 - - [23/Jul/2017:10:50:35 -0400] "GET /SmartPixel.zip HTTP/1.1" 403 482 "http://cdn.net-load.com/" "Mozilla/5.0 (Windows NT 10.0; WOW64) AppleWebKit/537.36 (KHTML, like Gecko) Chrome/55.18.2883.75 Safari/537.36"
49.35.10.54 - - [23/Jul/2017:10:50:35 -0400] "GET /SmartPixel.zip HTTP/1.1" 403 482 "http://cdn.net-load.com/" "Mozilla/5.0 (Windows NT 10.0; WOW64) AppleWebKit/537.36 (KHTML, like Gecko) Chrome/55.18.2883.75 Safari/537.36"
49.35.10.54 - - [23/Jul/2017:10:50:36 -0400] "GET /SmartPixel.zip HTTP/1.1" 403 482 "http://cdn.net-load.com/" "Mozilla/5.0 (Windows NT 10.0; WOW64) AppleWebKit/537.36 (KHTML, like Gecko) Chrome/55.18.2883.75 Safari/537.36"
49.35.10.54 - - [23/Jul/2017:10:50:36 -0400] "GET /SmartPixel.zip HTTP/1.1" 403 482 "http://cdn.net-load.com/" "Mozilla/5.0 (Windows NT 10.0; WOW64) AppleWebKit/537.36 (KHTML, like Gecko) Chrome/55.18.2883.75 Safari/537.36"
49.35.10.54 - - [23/Jul/2017:10:50:36 -0400] "GET /SmartPixel.zip HTTP/1.1" 403 482 "http://cdn.net-load.com/" "Mozilla/5.0 (Windows NT 10.0; WOW64) AppleWebKit/537.36 (KHTML, like Gecko) Chrome/55.18.2883.75 Safari/537.36"
49.35.10.54 - - [23/Jul/2017:10:50:36 -0400] "GET /SmartPixel.zip HTTP/1.1" 403 482 "http://cdn.net-load.com/" "Mozilla/5.0 (Windows NT 10.0; WOW64) AppleWebKit/537.36 (KHTML, like Gecko) Chrome/55.18.2883.75 Safari/537.36"
49.35.10.54 - - [23/Jul/2017:10:49:47 -0400] "GET /SmartPixel.zip HTTP/1.1" 206 169975 "http://cdn.net-load.com/" "Mozilla/5.0 (Windows NT 10.0; WOW64) AppleWebKit/537.36 (KHTML, like Gecko) Chrome/55.18.2883.75 Safari/537.36"
49.35.10.54 - - [23/Jul/2017:10:50:36 -0400] "GET /SmartPixel.zip HTTP/1.1" 403 482 "http://cdn.net-load.com/" "Mozilla/5.0 (Windows NT 10.0; WOW64) AppleWebKit/537.36 (KHTML, like Gecko) Chrome/55.18.2883.75 Safari/537.36"
49.35.10.54 - - [23/Jul/2017:10:50:37 -0400] "GET /SmartPixel.zip HTTP/1.1" 403 482 "http://cdn.net-load.com/" "Mozilla/5.0 (Windows NT 10.0; WOW64) AppleWebKit/537.36 (KHTML, like Gecko) Chrome/55.18.2883.75 Safari/537.36"
49.35.10.54 - - [23/Jul/2017:10:50:38 -0400] "GET /SmartPixel.zip HTTP/1.1" 403 482 "http://cdn.net-load.com/" "Mozilla/5.0 (Windows NT 10.0; WOW64) AppleWebKit/537.36 (KHTML, like Gecko) Chrome/55.18.2883.75 Safari/537.36"
49.35.10.54 - - [23/Jul/2017:10:50:38 -0400] "GET /SmartPixel.zip HTTP/1.1" 403 482 "http://cdn.net-load.com/" "Mozilla/5.0 (Windows NT 10.0; WOW64) AppleWebKit/537.36 (KHTML, like Gecko) Chrome/55.18.2883.75 Safari/537.36"
49.35.10.54 - - [23/Jul/2017:10:50:38 -0400] "GET /SmartPixel.zip HTTP/1.1" 403 482 "http://cdn.net-load.com/" "Mozilla/5.0 (Windows NT 10.0; WOW64) AppleWebKit/537.36 (KHTML, like Gecko) Chrome/55.18.2883.75 Safari/537.36"
49.35.10.54 - - [23/Jul/2017:10:50:39 -0400] "GET /SmartPixel.zip HTTP/1.1" 403 482 "http://cdn.net-load.com/" "Mozilla/5.0 (Windows NT 10.0; WOW64) AppleWebKit/537.36 (KHTML, like Gecko) Chrome/55.18.2883.75 Safari/537.36"
49.35.10.54 - - [23/Jul/2017:10:45:37 -0400] "GET /SmartPixel.zip HTTP/1.1" 206 123395 "http://cdn.net-load.com/" "Mozilla/5.0 (Windows NT 10.0; WOW64) AppleWebKit/537.36 (KHTML, like Gecko) Chrome/55.18.2883.75 Safari/537.36"
49.35.10.54 - - [23/Jul/2017:10:50:41 -0400] "GET /SmartPixel.zip HTTP/1.1" 403 482 "http://cdn.net-load.com/" "Mozilla/5.0 (Windows NT 10.0; WOW64) AppleWebKit/537.36 (KHTML, like Gecko) Chrome/55.18.2883.75 Safari/537.36"
49.35.10.54 - - [23/Jul/2017:10:50:42 -0400] "GET /SmartPixel.zip HTTP/1.1" 403 482 "http://cdn.net-load.com/" "Mozilla/5.0 (Windows NT 10.0; WOW64) AppleWebKit/537.36 (KHTML, like Gecko) Chrome/55.18.2883.75 Safari/537.36"
49.35.10.54 - - [23/Jul/2017:10:50:42 -0400] "GET /SmartPixel.zip HTTP/1.1" 403 482 "http://cdn.net-load.com/" "Mozilla/5.0 (Windows NT 10.0; WOW64) AppleWebKit/537.36 (KHTML, like Gecko) Chrome/55.18.2883.75 Safari/537.36"
49.35.10.54 - - [23/Jul/2017:10:50:42 -0400] "GET /SmartPixel.zip HTTP/1.1" 403 482 "http://cdn.net-load.com/" "Mozilla/5.0 (Windows NT 10.0; WOW64) AppleWebKit/537.36 (KHTML, like Gecko) Chrome/55.18.2883.75 Safari/537.36"
49.35.10.54 - - [23/Jul/2017:10:50:45 -0400] "GET /SmartPixel.zip HTTP/1.1" 403 482 "http://cdn.net-load.com/" "Mozilla/5.0 (Windows NT 10.0; WOW64) AppleWebKit/537.36 (KHTML, like Gecko) Chrome/55.18.2883.75 Safari/537.36"
49.35.10.54 - - [23/Jul/2017:10:50:45 -0400] "GET /SmartPixel.zip HTTP/1.1" 403 482 "http://cdn.net-load.com/" "Mozilla/5.0 (Windows NT 10.0; WOW64) AppleWebKit/537.36 (KHTML, like Gecko) Chrome/55.18.2883.75 Safari/537.36"
49.35.10.54 - - [23/Jul/2017:10:50:45 -0400] "GET /SmartPixel.zip HTTP/1.1" 403 482 "http://cdn.net-load.com/" "Mozilla/5.0 (Windows NT 10.0; WOW64) AppleWebKit/537.36 (KHTML, like Gecko) Chrome/55.18.2883.75 Safari/537.36"
49.35.10.54 - - [23/Jul/2017:10:50:45 -0400] "GET /SmartPixel.zip HTTP/1.1" 403 482 "http://cdn.net-load.com/" "Mozilla/5.0 (Windows NT 10.0; WOW64) AppleWebKit/537.36 (KHTML, like Gecko) Chrome/55.18.2883.75 Safari/537.36"
49.35.10.54 - - [23/Jul/2017:10:50:46 -0400] "GET /SmartPixel.zip HTTP/1.1" 403 482 "http://cdn.net-load.com/" "Mozilla/5.0 (Windows NT 10.0; WOW64) AppleWebKit/537.36 (KHTML, like Gecko) Chrome/55.18.2883.75 Safari/537.36"
49.35.10.54 - - [23/Jul/2017:10:50:46 -0400] "GET /SmartPixel.zip HTTP/1.1" 403 482 "http://cdn.net-load.com/" "Mozilla/5.0 (Windows NT 10.0; WOW64) AppleWebKit/537.36 (KHTML, like Gecko) Chrome/55.18.2883.75 Safari/537.36"
49.35.10.54 - - [23/Jul/2017:10:50:46 -0400] "GET /SmartPixel.zip HTTP/1.1" 403 482 "http://cdn.net-load.com/" "Mozilla/5.0 (Windows NT 10.0; WOW64) AppleWebKit/537.36 (KHTML, like Gecko) Chrome/55.18.2883.75 Safari/537.36"
49.35.10.54 - - [23/Jul/2017:10:50:46 -0400] "GET /SmartPixel.zip HTTP/1.1" 403 482 "http://cdn.net-load.com/" "Mozilla/5.0 (Windows NT 10.0; WOW64) AppleWebKit/537.36 (KHTML, like Gecko) Chrome/55.18.2883.75 Safari/537.36"
49.35.10.54 - - [23/Jul/2017:10:50:46 -0400] "GET /SmartPixel.zip HTTP/1.1" 403 482 "http://cdn.net-load.com/" "Mozilla/5.0 (Windows NT 10.0; WOW64) AppleWebKit/537.36 (KHTML, like Gecko) Chrome/55.18.2883.75 Safari/537.36"
49.35.10.54 - - [23/Jul/2017:10:50:47 -0400] "GET /SmartPixel.zip HTTP/1.1" 403 482 "http://cdn.net-load.com/" "Mozilla/5.0 (Windows NT 10.0; WOW64) AppleWebKit/537.36 (KHTML, like Gecko) Chrome/55.18.2883.75 Safari/537.36"
49.35.10.54 - - [23/Jul/2017:10:50:47 -0400] "GET /SmartPixel.zip HTTP/1.1" 403 482 "http://cdn.net-load.com/" "Mozilla/5.0 (Windows NT 10.0; WOW64) AppleWebKit/537.36 (KHTML, like Gecko) Chrome/55.18.2883.75 Safari/537.36"
49.35.10.54 - - [23/Jul/2017:10:50:47 -0400] "GET /SmartPixel.zip HTTP/1.1" 403 482 "http://cdn.net-load.com/" "Mozilla/5.0 (Windows NT 10.0; WOW64) AppleWebKit/537.36 (KHTML, like Gecko) Chrome/55.18.2883.75 Safari/537.36"
49.35.10.54 - - [23/Jul/2017:10:50:47 -0400] "GET /SmartPixel.zip HTTP/1.1" 403 482 "http://cdn.net-load.com/" "Mozilla/5.0 (Windows NT 10.0; WOW64) AppleWebKit/537.36 (KHTML, like Gecko) Chrome/55.18.2883.75 Safari/537.36"
49.35.10.54 - - [23/Jul/2017:10:50:47 -0400] "GET /SmartPixel.zip HTTP/1.1" 403 482 "http://cdn.net-load.com/" "Mozilla/5.0 (Windows NT 10.0; WOW64) AppleWebKit/537.36 (KHTML, like Gecko) Chrome/55.18.2883.75 Safari/537.36"
49.35.10.54 - - [23/Jul/2017:10:50:47 -0400] "GET /SmartPixel.zip HTTP/1.1" 403 482 "http://cdn.net-load.com/" "Mozilla/5.0 (Windows NT 10.0; WOW64) AppleWebKit/537.36 (KHTML, like Gecko) Chrome/55.18.2883.75 Safari/537.36"
49.35.10.54 - - [23/Jul/2017:10:50:48 -0400] "GET /SmartPixel.zip HTTP/1.1" 403 482 "http://cdn.net-load.com/" "Mozilla/5.0 (Windows NT 10.0; WOW64) AppleWebKit/537.36 (KHTML, like Gecko) Chrome/55.18.2883.75 Safari/537.36"
49.35.10.54 - - [23/Jul/2017:10:50:48 -0400] "GET /SmartPixel.zip HTTP/1.1" 403 482 "http://cdn.net-load.com/" "Mozilla/5.0 (Windows NT 10.0; WOW64) AppleWebKit/537.36 (KHTML, like Gecko) Chrome/55.18.2883.75 Safari/537.36"
49.35.10.54 - - [23/Jul/2017:10:50:48 -0400] "GET /SmartPixel.zip HTTP/1.1" 403 482 "http://cdn.net-load.com/" "Mozilla/5.0 (Windows NT 10.0; WOW64) AppleWebKit/537.36 (KHTML, like Gecko) Chrome/55.18.2883.75 Safari/537.36"
49.35.10.54 - - [23/Jul/2017:10:50:48 -0400] "GET /SmartPixel.zip HTTP/1.1" 403 482 "http://cdn.net-load.com/" "Mozilla/5.0 (Windows NT 10.0; WOW64) AppleWebKit/537.36 (KHTML, like Gecko) Chrome/55.18.2883.75 Safari/537.36"
49.35.10.54 - - [23/Jul/2017:10:50:48 -0400] "GET /SmartPixel.zip HTTP/1.1" 403 482 "http://cdn.net-load.com/" "Mozilla/5.0 (Windows NT 10.0; WOW64) AppleWebKit/537.36 (KHTML, like Gecko) Chrome/55.18.2883.75 Safari/537.36"
49.35.10.54 - - [23/Jul/2017:10:50:49 -0400] "GET /SmartPixel.zip HTTP/1.1" 403 482 "http://cdn.net-load.com/" "Mozilla/5.0 (Windows NT 10.0; WOW64) AppleWebKit/537.36 (KHTML, like Gecko) Chrome/55.18.2883.75 Safari/537.36"
49.35.10.54 - - [23/Jul/2017:10:50:49 -0400] "GET /SmartPixel.zip HTTP/1.1" 403 482 "http://cdn.net-load.com/" "Mozilla/5.0 (Windows NT 10.0; WOW64) AppleWebKit/537.36 (KHTML, like Gecko) Chrome/55.18.2883.75 Safari/537.36"
49.35.10.54 - - [23/Jul/2017:10:50:49 -0400] "GET /SmartPixel.zip HTTP/1.1" 403 482 "http://cdn.net-load.com/" "Mozilla/5.0 (Windows NT 10.0; WOW64) AppleWebKit/537.36 (KHTML, like Gecko) Chrome/55.18.2883.75 Safari/537.36"
49.35.10.54 - - [23/Jul/2017:10:50:49 -0400] "GET /SmartPixel.zip HTTP/1.1" 403 482 "http://cdn.net-load.com/" "Mozilla/5.0 (Windows NT 10.0; WOW64) AppleWebKit/537.36 (KHTML, like Gecko) Chrome/55.18.2883.75 Safari/537.36"
49.35.10.54 - - [23/Jul/2017:10:50:50 -0400] "GET /SmartPixel.zip HTTP/1.1" 403 482 "http://cdn.net-load.com/" "Mozilla/5.0 (Windows NT 10.0; WOW64) AppleWebKit/537.36 (KHTML, like Gecko) Chrome/55.18.2883.75 Safari/537.36"
49.35.10.54 - - [23/Jul/2017:10:50:50 -0400] "GET /SmartPixel.zip HTTP/1.1" 403 482 "http://cdn.net-load.com/" "Mozilla/5.0 (Windows NT 10.0; WOW64) AppleWebKit/537.36 (KHTML, like Gecko) Chrome/55.18.2883.75 Safari/537.36"
49.35.10.54 - - [23/Jul/2017:10:50:50 -0400] "GET /SmartPixel.zip HTTP/1.1" 403 482 "http://cdn.net-load.com/" "Mozilla/5.0 (Windows NT 10.0; WOW64) AppleWebKit/537.36 (KHTML, like Gecko) Chrome/55.18.2883.75 Safari/537.36"
49.35.10.54 - - [23/Jul/2017:10:50:51 -0400] "GET /SmartPixel.zip HTTP/1.1" 403 482 "http://cdn.net-load.com/" "Mozilla/5.0 (Windows NT 10.0; WOW64) AppleWebKit/537.36 (KHTML, like Gecko) Chrome/55.18.2883.75 Safari/537.36"
49.35.10.54 - - [23/Jul/2017:10:50:51 -0400] "GET /SmartPixel.zip HTTP/1.1" 403 482 "http://cdn.net-load.com/" "Mozilla/5.0 (Windows NT 10.0; WOW64) AppleWebKit/537.36 (KHTML, like Gecko) Chrome/55.18.2883.75 Safari/537.36"
49.35.10.54 - - [23/Jul/2017:10:50:52 -0400] "GET /SmartPixel.zip HTTP/1.1" 403 482 "http://cdn.net-load.com/" "Mozilla/5.0 (Windows NT 10.0; WOW64) AppleWebKit/537.36 (KHTML, like Gecko) Chrome/55.18.2883.75 Safari/537.36"
49.35.10.54 - - [23/Jul/2017:10:50:52 -0400] "GET /SmartPixel.zip HTTP/1.1" 403 482 "http://cdn.net-load.com/" "Mozilla/5.0 (Windows NT 10.0; WOW64) AppleWebKit/537.36 (KHTML, like Gecko) Chrome/55.18.2883.75 Safari/537.36"
49.35.10.54 - - [23/Jul/2017:10:50:53 -0400] "GET /SmartPixel.zip HTTP/1.1" 403 482 "http://cdn.net-load.com/" "Mozilla/5.0 (Windows NT 10.0; WOW64) AppleWebKit/537.36 (KHTML, like Gecko) Chrome/55.18.2883.75 Safari/537.36"
49.35.10.54 - - [23/Jul/2017:10:50:53 -0400] "GET /SmartPixel.zip HTTP/1.1" 403 482 "http://cdn.net-load.com/" "Mozilla/5.0 (Windows NT 10.0; WOW64) AppleWebKit/537.36 (KHTML, like Gecko) Chrome/55.18.2883.75 Safari/537.36"
49.35.10.54 - - [23/Jul/2017:10:50:53 -0400] "GET /SmartPixel.zip HTTP/1.1" 403 482 "http://cdn.net-load.com/" "Mozilla/5.0 (Windows NT 10.0; WOW64) AppleWebKit/537.36 (KHTML, like Gecko) Chrome/55.18.2883.75 Safari/537.36"
49.35.10.54 - - [23/Jul/2017:10:50:53 -0400] "GET /SmartPixel.zip HTTP/1.1" 403 482 "http://cdn.net-load.com/" "Mozilla/5.0 (Windows NT 10.0; WOW64) AppleWebKit/537.36 (KHTML, like Gecko) Chrome/55.18.2883.75 Safari/537.36"
49.35.10.54 - - [23/Jul/2017:10:50:53 -0400] "GET /SmartPixel.zip HTTP/1.1" 403 482 "http://cdn.net-load.com/" "Mozilla/5.0 (Windows NT 10.0; WOW64) AppleWebKit/537.36 (KHTML, like Gecko) Chrome/55.18.2883.75 Safari/537.36"
49.35.10.54 - - [23/Jul/2017:10:50:54 -0400] "GET /SmartPixel.zip HTTP/1.1" 403 482 "http://cdn.net-load.com/" "Mozilla/5.0 (Windows NT 10.0; WOW64) AppleWebKit/537.36 (KHTML, like Gecko) Chrome/55.18.2883.75 Safari/537.36"
49.35.10.54 - - [23/Jul/2017:10:50:54 -0400] "GET /SmartPixel.zip HTTP/1.1" 403 482 "http://cdn.net-load.com/" "Mozilla/5.0 (Windows NT 10.0; WOW64) AppleWebKit/537.36 (KHTML, like Gecko) Chrome/55.18.2883.75 Safari/537.36"
49.35.10.54 - - [23/Jul/2017:10:50:54 -0400] "GET /SmartPixel.zip HTTP/1.1" 403 482 "http://cdn.net-load.com/" "Mozilla/5.0 (Windows NT 10.0; WOW64) AppleWebKit/537.36 (KHTML, like Gecko) Chrome/55.18.2883.75 Safari/537.36"
49.35.10.54 - - [23/Jul/2017:10:50:54 -0400] "GET /SmartPixel.zip HTTP/1.1" 403 482 "http://cdn.net-load.com/" "Mozilla/5.0 (Windows NT 10.0; WOW64) AppleWebKit/537.36 (KHTML, like Gecko) Chrome/55.18.2883.75 Safari/537.36"
49.35.10.54 - - [23/Jul/2017:10:50:55 -0400] "GET /SmartPixel.zip HTTP/1.1" 403 482 "http://cdn.net-load.com/" "Mozilla/5.0 (Windows NT 10.0; WOW64) AppleWebKit/537.36 (KHTML, like Gecko) Chrome/55.18.2883.75 Safari/537.36"
49.35.10.54 - - [23/Jul/2017:10:50:55 -0400] "GET /SmartPixel.zip HTTP/1.1" 403 482 "http://cdn.net-load.com/" "Mozilla/5.0 (Windows NT 10.0; WOW64) AppleWebKit/537.36 (KHTML, like Gecko) Chrome/55.18.2883.75 Safari/537.36"
49.35.10.54 - - [23/Jul/2017:10:50:55 -0400] "GET /SmartPixel.zip HTTP/1.1" 403 482 "http://cdn.net-load.com/" "Mozilla/5.0 (Windows NT 10.0; WOW64) AppleWebKit/537.36 (KHTML, like Gecko) Chrome/55.18.2883.75 Safari/537.36"
49.35.10.54 - - [23/Jul/2017:10:45:35 -0400] "GET /SmartPixel.zip HTTP/1.1" 206 248064 "http://cdn.net-load.com/" "Mozilla/5.0 (Windows NT 10.0; WOW64) AppleWebKit/537.36 (KHTML, like Gecko) Chrome/55.18.2883.75 Safari/537.36"
49.35.10.54 - - [23/Jul/2017:10:50:55 -0400] "GET /SmartPixel.zip HTTP/1.1" 403 482 "http://cdn.net-load.com/" "Mozilla/5.0 (Windows NT 10.0; WOW64) AppleWebKit/537.36 (KHTML, like Gecko) Chrome/55.18.2883.75 Safari/537.36"
49.35.10.54 - - [23/Jul/2017:10:50:55 -0400] "GET /SmartPixel.zip HTTP/1.1" 403 482 "http://cdn.net-load.com/" "Mozilla/5.0 (Windows NT 10.0; WOW64) AppleWebKit/537.36 (KHTML, like Gecko) Chrome/55.18.2883.75 Safari/537.36"
49.35.10.54 - - [23/Jul/2017:10:50:56 -0400] "GET /SmartPixel.zip HTTP/1.1" 403 482 "http://cdn.net-load.com/" "Mozilla/5.0 (Windows NT 10.0; WOW64) AppleWebKit/537.36 (KHTML, like Gecko) Chrome/55.18.2883.75 Safari/537.36"
49.35.10.54 - - [23/Jul/2017:10:50:56 -0400] "GET /SmartPixel.zip HTTP/1.1" 403 482 "http://cdn.net-load.com/" "Mozilla/5.0 (Windows NT 10.0; WOW64) AppleWebKit/537.36 (KHTML, like Gecko) Chrome/55.18.2883.75 Safari/537.36"
49.35.10.54 - - [23/Jul/2017:10:50:56 -0400] "GET /SmartPixel.zip HTTP/1.1" 403 482 "http://cdn.net-load.com/" "Mozilla/5.0 (Windows NT 10.0; WOW64) AppleWebKit/537.36 (KHTML, like Gecko) Chrome/55.18.2883.75 Safari/537.36"
49.35.10.54 - - [23/Jul/2017:10:50:56 -0400] "GET /SmartPixel.zip HTTP/1.1" 403 482 "http://cdn.net-load.com/" "Mozilla/5.0 (Windows NT 10.0; WOW64) AppleWebKit/537.36 (KHTML, like Gecko) Chrome/55.18.2883.75 Safari/537.36"
49.35.10.54 - - [23/Jul/2017:10:50:56 -0400] "GET /SmartPixel.zip HTTP/1.1" 403 482 "http://cdn.net-load.com/" "Mozilla/5.0 (Windows NT 10.0; WOW64) AppleWebKit/537.36 (KHTML, like Gecko) Chrome/55.18.2883.75 Safari/537.36"
49.35.10.54 - - [23/Jul/2017:10:50:57 -0400] "GET /SmartPixel.zip HTTP/1.1" 403 482 "http://cdn.net-load.com/" "Mozilla/5.0 (Windows NT 10.0; WOW64) AppleWebKit/537.36 (KHTML, like Gecko) Chrome/55.18.2883.75 Safari/537.36"
49.35.10.54 - - [23/Jul/2017:10:50:57 -0400] "GET /SmartPixel.zip HTTP/1.1" 403 482 "http://cdn.net-load.com/" "Mozilla/5.0 (Windows NT 10.0; WOW64) AppleWebKit/537.36 (KHTML, like Gecko) Chrome/55.18.2883.75 Safari/537.36"
49.35.10.54 - - [23/Jul/2017:10:50:57 -0400] "GET /SmartPixel.zip HTTP/1.1" 403 482 "http://cdn.net-load.com/" "Mozilla/5.0 (Windows NT 10.0; WOW64) AppleWebKit/537.36 (KHTML, like Gecko) Chrome/55.18.2883.75 Safari/537.36"
49.35.10.54 - - [23/Jul/2017:10:50:57 -0400] "GET /SmartPixel.zip HTTP/1.1" 403 482 "http://cdn.net-load.com/" "Mozilla/5.0 (Windows NT 10.0; WOW64) AppleWebKit/537.36 (KHTML, like Gecko) Chrome/55.18.2883.75 Safari/537.36"
49.35.10.54 - - [23/Jul/2017:10:50:57 -0400] "GET /SmartPixel.zip HTTP/1.1" 403 482 "http://cdn.net-load.com/" "Mozilla/5.0 (Windows NT 10.0; WOW64) AppleWebKit/537.36 (KHTML, like Gecko) Chrome/55.18.2883.75 Safari/537.36"
49.35.10.54 - - [23/Jul/2017:10:50:58 -0400] "GET /SmartPixel.zip HTTP/1.1" 403 482 "http://cdn.net-load.com/" "Mozilla/5.0 (Windows NT 10.0; WOW64) AppleWebKit/537.36 (KHTML, like Gecko) Chrome/55.18.2883.75 Safari/537.36"
49.35.10.54 - - [23/Jul/2017:10:50:58 -0400] "GET /SmartPixel.zip HTTP/1.1" 403 482 "http://cdn.net-load.com/" "Mozilla/5.0 (Windows NT 10.0; WOW64) AppleWebKit/537.36 (KHTML, like Gecko) Chrome/55.18.2883.75 Safari/537.36"
49.35.10.54 - - [23/Jul/2017:10:50:58 -0400] "GET /SmartPixel.zip HTTP/1.1" 403 482 "http://cdn.net-load.com/" "Mozilla/5.0 (Windows NT 10.0; WOW64) AppleWebKit/537.36 (KHTML, like Gecko) Chrome/55.18.2883.75 Safari/537.36"
49.35.10.54 - - [23/Jul/2017:10:50:58 -0400] "GET /SmartPixel.zip HTTP/1.1" 403 482 "http://cdn.net-load.com/" "Mozilla/5.0 (Windows NT 10.0; WOW64) AppleWebKit/537.36 (KHTML, like Gecko) Chrome/55.18.2883.75 Safari/537.36"
49.35.10.54 - - [23/Jul/2017:10:50:59 -0400] "GET /SmartPixel.zip HTTP/1.1" 403 482 "http://cdn.net-load.com/" "Mozilla/5.0 (Windows NT 10.0; WOW64) AppleWebKit/537.36 (KHTML, like Gecko) Chrome/55.18.2883.75 Safari/537.36"
49.35.10.54 - - [23/Jul/2017:10:50:59 -0400] "GET /SmartPixel.zip HTTP/1.1" 403 482 "http://cdn.net-load.com/" "Mozilla/5.0 (Windows NT 10.0; WOW64) AppleWebKit/537.36 (KHTML, like Gecko) Chrome/55.18.2883.75 Safari/537.36"
49.35.10.54 - - [23/Jul/2017:10:50:59 -0400] "GET /SmartPixel.zip HTTP/1.1" 403 482 "http://cdn.net-load.com/" "Mozilla/5.0 (Windows NT 10.0; WOW64) AppleWebKit/537.36 (KHTML, like Gecko) Chrome/55.18.2883.75 Safari/537.36"
49.35.10.54 - - [23/Jul/2017:10:50:59 -0400] "GET /SmartPixel.zip HTTP/1.1" 403 482 "http://cdn.net-load.com/" "Mozilla/5.0 (Windows NT 10.0; WOW64) AppleWebKit/537.36 (KHTML, like Gecko) Chrome/55.18.2883.75 Safari/537.36"
49.35.10.54 - - [23/Jul/2017:10:51:00 -0400] "GET /SmartPixel.zip HTTP/1.1" 403 482 "http://cdn.net-load.com/" "Mozilla/5.0 (Windows NT 10.0; WOW64) AppleWebKit/537.36 (KHTML, like Gecko) Chrome/55.18.2883.75 Safari/537.36"
49.35.10.54 - - [23/Jul/2017:10:45:37 -0400] "GET /SmartPixel.zip HTTP/1.1" 206 174084 "http://cdn.net-load.com/" "Mozilla/5.0 (Windows NT 10.0; WOW64) AppleWebKit/537.36 (KHTML, like Gecko) Chrome/55.18.2883.75 Safari/537.36"
49.35.10.54 - - [23/Jul/2017:10:51:00 -0400] "GET /SmartPixel.zip HTTP/1.1" 403 482 "http://cdn.net-load.com/" "Mozilla/5.0 (Windows NT 10.0; WOW64) AppleWebKit/537.36 (KHTML, like Gecko) Chrome/55.18.2883.75 Safari/537.36"
49.35.10.54 - - [23/Jul/2017:10:51:00 -0400] "GET /SmartPixel.zip HTTP/1.1" 403 482 "http://cdn.net-load.com/" "Mozilla/5.0 (Windows NT 10.0; WOW64) AppleWebKit/537.36 (KHTML, like Gecko) Chrome/55.18.2883.75 Safari/537.36"
49.35.10.54 - - [23/Jul/2017:10:51:00 -0400] "GET /SmartPixel.zip HTTP/1.1" 403 482 "http://cdn.net-load.com/" "Mozilla/5.0 (Windows NT 10.0; WOW64) AppleWebKit/537.36 (KHTML, like Gecko) Chrome/55.18.2883.75 Safari/537.36"
49.35.10.54 - - [23/Jul/2017:10:51:00 -0400] "GET /SmartPixel.zip HTTP/1.1" 403 482 "http://cdn.net-load.com/" "Mozilla/5.0 (Windows NT 10.0; WOW64) AppleWebKit/537.36 (KHTML, like Gecko) Chrome/55.18.2883.75 Safari/537.36"
49.35.10.54 - - [23/Jul/2017:10:51:01 -0400] "GET /SmartPixel.zip HTTP/1.1" 403 482 "http://cdn.net-load.com/" "Mozilla/5.0 (Windows NT 10.0; WOW64) AppleWebKit/537.36 (KHTML, like Gecko) Chrome/55.18.2883.75 Safari/537.36"
49.35.10.54 - - [23/Jul/2017:10:51:01 -0400] "GET /SmartPixel.zip HTTP/1.1" 403 482 "http://cdn.net-load.com/" "Mozilla/5.0 (Windows NT 10.0; WOW64) AppleWebKit/537.36 (KHTML, like Gecko) Chrome/55.18.2883.75 Safari/537.36"
49.35.10.54 - - [23/Jul/2017:10:51:01 -0400] "GET /SmartPixel.zip HTTP/1.1" 403 482 "http://cdn.net-load.com/" "Mozilla/5.0 (Windows NT 10.0; WOW64) AppleWebKit/537.36 (KHTML, like Gecko) Chrome/55.18.2883.75 Safari/537.36"
49.35.10.54 - - [23/Jul/2017:10:51:02 -0400] "GET /SmartPixel.zip HTTP/1.1" 403 482 "http://cdn.net-load.com/" "Mozilla/5.0 (Windows NT 10.0; WOW64) AppleWebKit/537.36 (KHTML, like Gecko) Chrome/55.18.2883.75 Safari/537.36"
49.35.10.54 - - [23/Jul/2017:10:51:03 -0400] "GET /SmartPixel.zip HTTP/1.1" 403 482 "http://cdn.net-load.com/" "Mozilla/5.0 (Windows NT 10.0; WOW64) AppleWebKit/537.36 (KHTML, like Gecko) Chrome/55.18.2883.75 Safari/537.36"
49.35.10.54 - - [23/Jul/2017:10:51:03 -0400] "GET /SmartPixel.zip HTTP/1.1" 403 482 "http://cdn.net-load.com/" "Mozilla/5.0 (Windows NT 10.0; WOW64) AppleWebKit/537.36 (KHTML, like Gecko) Chrome/55.18.2883.75 Safari/537.36"
49.35.10.54 - - [23/Jul/2017:10:51:03 -0400] "GET /SmartPixel.zip HTTP/1.1" 403 482 "http://cdn.net-load.com/" "Mozilla/5.0 (Windows NT 10.0; WOW64) AppleWebKit/537.36 (KHTML, like Gecko) Chrome/55.18.2883.75 Safari/537.36"
49.35.10.54 - - [23/Jul/2017:10:51:03 -0400] "GET /SmartPixel.zip HTTP/1.1" 403 482 "http://cdn.net-load.com/" "Mozilla/5.0 (Windows NT 10.0; WOW64) AppleWebKit/537.36 (KHTML, like Gecko) Chrome/55.18.2883.75 Safari/537.36"
49.35.10.54 - - [23/Jul/2017:10:51:04 -0400] "GET /SmartPixel.zip HTTP/1.1" 403 482 "http://cdn.net-load.com/" "Mozilla/5.0 (Windows NT 10.0; WOW64) AppleWebKit/537.36 (KHTML, like Gecko) Chrome/55.18.2883.75 Safari/537.36"
49.35.10.54 - - [23/Jul/2017:10:51:04 -0400] "GET /SmartPixel.zip HTTP/1.1" 403 482 "http://cdn.net-load.com/" "Mozilla/5.0 (Windows NT 10.0; WOW64) AppleWebKit/537.36 (KHTML, like Gecko) Chrome/55.18.2883.75 Safari/537.36"
49.35.10.54 - - [23/Jul/2017:10:51:04 -0400] "GET /SmartPixel.zip HTTP/1.1" 403 482 "http://cdn.net-load.com/" "Mozilla/5.0 (Windows NT 10.0; WOW64) AppleWebKit/537.36 (KHTML, like Gecko) Chrome/55.18.2883.75 Safari/537.36"
49.35.10.54 - - [23/Jul/2017:10:51:04 -0400] "GET /SmartPixel.zip HTTP/1.1" 403 482 "http://cdn.net-load.com/" "Mozilla/5.0 (Windows NT 10.0; WOW64) AppleWebKit/537.36 (KHTML, like Gecko) Chrome/55.18.2883.75 Safari/537.36"
49.35.10.54 - - [23/Jul/2017:10:51:05 -0400] "GET /SmartPixel.zip HTTP/1.1" 403 482 "http://cdn.net-load.com/" "Mozilla/5.0 (Windows NT 10.0; WOW64) AppleWebKit/537.36 (KHTML, like Gecko) Chrome/55.18.2883.75 Safari/537.36"
49.35.10.54 - - [23/Jul/2017:10:51:05 -0400] "GET /SmartPixel.zip HTTP/1.1" 403 482 "http://cdn.net-load.com/" "Mozilla/5.0 (Windows NT 10.0; WOW64) AppleWebKit/537.36 (KHTML, like Gecko) Chrome/55.18.2883.75 Safari/537.36"
49.35.10.54 - - [23/Jul/2017:10:51:05 -0400] "GET /SmartPixel.zip HTTP/1.1" 403 482 "http://cdn.net-load.com/" "Mozilla/5.0 (Windows NT 10.0; WOW64) AppleWebKit/537.36 (KHTML, like Gecko) Chrome/55.18.2883.75 Safari/537.36"
49.35.10.54 - - [23/Jul/2017:10:51:05 -0400] "GET /SmartPixel.zip HTTP/1.1" 403 482 "http://cdn.net-load.com/" "Mozilla/5.0 (Windows NT 10.0; WOW64) AppleWebKit/537.36 (KHTML, like Gecko) Chrome/55.18.2883.75 Safari/537.36"
49.35.10.54 - - [23/Jul/2017:10:51:05 -0400] "GET /SmartPixel.zip HTTP/1.1" 403 482 "http://cdn.net-load.com/" "Mozilla/5.0 (Windows NT 10.0; WOW64) AppleWebKit/537.36 (KHTML, like Gecko) Chrome/55.18.2883.75 Safari/537.36"
49.35.10.54 - - [23/Jul/2017:10:51:06 -0400] "GET /SmartPixel.zip HTTP/1.1" 403 482 "http://cdn.net-load.com/" "Mozilla/5.0 (Windows NT 10.0; WOW64) AppleWebKit/537.36 (KHTML, like Gecko) Chrome/55.18.2883.75 Safari/537.36"
49.35.10.54 - - [23/Jul/2017:10:51:07 -0400] "GET /SmartPixel.zip HTTP/1.1" 403 482 "http://cdn.net-load.com/" "Mozilla/5.0 (Windows NT 10.0; WOW64) AppleWebKit/537.36 (KHTML, like Gecko) Chrome/55.18.2883.75 Safari/537.36"
49.35.10.54 - - [23/Jul/2017:10:51:07 -0400] "GET /SmartPixel.zip HTTP/1.1" 403 482 "http://cdn.net-load.com/" "Mozilla/5.0 (Windows NT 10.0; WOW64) AppleWebKit/537.36 (KHTML, like Gecko) Chrome/55.18.2883.75 Safari/537.36"
49.35.10.54 - - [23/Jul/2017:10:51:07 -0400] "GET /SmartPixel.zip HTTP/1.1" 403 482 "http://cdn.net-load.com/" "Mozilla/5.0 (Windows NT 10.0; WOW64) AppleWebKit/537.36 (KHTML, like Gecko) Chrome/55.18.2883.75 Safari/537.36"
49.35.10.54 - - [23/Jul/2017:10:51:08 -0400] "GET /SmartPixel.zip HTTP/1.1" 403 482 "http://cdn.net-load.com/" "Mozilla/5.0 (Windows NT 10.0; WOW64) AppleWebKit/537.36 (KHTML, like Gecko) Chrome/55.18.2883.75 Safari/537.36"
49.35.10.54 - - [23/Jul/2017:10:51:08 -0400] "GET /SmartPixel.zip HTTP/1.1" 403 482 "http://cdn.net-load.com/" "Mozilla/5.0 (Windows NT 10.0; WOW64) AppleWebKit/537.36 (KHTML, like Gecko) Chrome/55.18.2883.75 Safari/537.36"
