14.169.253.136 - - [23/Jul/2017:05:53:54 -0400] "GET /sosintwr.zip HTTP/1.1" 206 0 "http://www.vn-zoom.com/f746/free-license-vpn-1-nam-3148046.html" "Mozilla/5.0 (Windows NT 10.0; WOW64) AppleWebKit/537.36 (KHTML, like Gecko) Chrome/59.0.3071.115 Safari/537.36"
87.10.43.24 - - [23/Jul/2017:05:53:54 -0400] "GET /InPixio_Photo_Clip_5_ITA.exe HTTP/1.1" 200 0 "http://dailydiscounts.eu/giveaway-inpixio-photo-clip-v5-01-27501-for-free/" "Mozilla/5.0 (Windows NT 10.0; Win64; x64) AppleWebKit/537.36 (KHTML, like Gecko) Chrome/51.0.2704.79 Safari/537.36 Edge/14.14393"
83.166.142.92 - - [23/Jul/2017:05:53:54 -0400] "HEAD /ltmcp_setup7440.exe HTTP/1.1" 200 0 "https://toutgratuitpartage.be" "Mozilla/5.0 (compatible; MSIE 9.0; Windows NT 6.1; WOW64; Trident/5.0)"
83.166.142.92 - - [23/Jul/2017:05:53:54 -0400] "GET /ltmcp_setup7440.exe HTTP/1.1" 206 0 "https://toutgratuitpartage.be" "Mozilla/5.0 (compatible; MSIE 9.0; Windows NT 6.1; WOW64; Trident/5.0)"
64.233.173.6 - - [23/Jul/2017:05:53:54 -0400] "GET /w_anet20.pdf HTTP/1.1" 200 0 "http://net-load.com/giveaway-ebook-ddos-attack-tools-for-free/" "Mozilla/5.0 (Linux; Android 6.0.1; SM-J700F Build/MMB29K) AppleWebKit/537.36 (KHTML, like Gecko) Chrome/59.0.3071.125 Mobile Safari/537.36"
223.204.152.104 - - [23/Jul/2017:05:53:54 -0400] "GET /w_anet20.pdf HTTP/1.1" 200 0 "http://net-load.com/giveaway-ebook-ddos-attack-tools-for-free/" "Mozilla/5.0 (Linux; Android 6.0.1; SM-J700F Build/MMB29K) AppleWebKit/537.36 (KHTML, like Gecko) Chrome/59.0.3071.125 Mobile Safari/537.36"
87.10.43.24 - - [23/Jul/2017:05:53:54 -0400] "GET /FotoFilterEffect.exe HTTP/1.1" 200 0 "http://dailydiscounts.eu/giveaway-inpixio-photo-filters-effects-v5-01-23998/" "Mozilla/5.0 (Windows NT 10.0; Win64; x64) AppleWebKit/537.36 (KHTML, like Gecko) Chrome/51.0.2704.79 Safari/537.36 Edge/14.14393"
5.170.111.62 - - [23/Jul/2017:05:53:54 -0400] "GET /InPixioPhotoEditor-1.7.0.exe HTTP/1.1" 200 0 "http://net-load.com/giveaway-inpixio-photo-editor-premium-v1-5-6024-for-free/" "Mozilla/5.0 (Windows NT 10.0; Win64; x64) AppleWebKit/537.36 (KHTML, like Gecko) Chrome/59.0.3071.115 Safari/537.36"
5.170.111.62 - - [23/Jul/2017:05:53:54 -0400] "GET /InPixioPhotoEditor-1.7.0.exe HTTP/1.1" 200 0 "http://net-load.com/giveaway-inpixio-photo-editor-premium-v1-5-6024-for-free/" "Mozilla/5.0 (Windows NT 10.0; Win64; x64) AppleWebKit/537.36 (KHTML, like Gecko) Chrome/59.0.3071.115 Safari/537.36"
5.170.111.62 - - [23/Jul/2017:05:53:54 -0400] "GET /InPixioPhotoEditor-1.7.0.exe HTTP/1.1" 200 0 "http://net-load.com/giveaway-inpixio-photo-editor-premium-v1-5-6024-for-free/" "Mozilla/5.0 (Windows NT 10.0; Win64; x64) AppleWebKit/537.36 (KHTML, like Gecko) Chrome/59.0.3071.115 Safari/537.36"
14.169.253.136 - - [23/Jul/2017:05:48:52 -0400] "GET /sosintwr.zip HTTP/1.1" 206 124402 "http://www.vn-zoom.com/f746/free-license-vpn-1-nam-3148046.html" "Mozilla/5.0 (Windows NT 10.0; WOW64) AppleWebKit/537.36 (KHTML, like Gecko) Chrome/59.0.3071.115 Safari/537.36"
5.170.111.62 - - [23/Jul/2017:05:53:55 -0400] "GET /InPixioPhotoEditor-1.7.0.exe HTTP/1.1" 200 0 "http://net-load.com/giveaway-inpixio-photo-editor-premium-v1-5-6024-for-free/" "Mozilla/5.0 (Windows NT 10.0; Win64; x64) AppleWebKit/537.36 (KHTML, like Gecko) Chrome/59.0.3071.115 Safari/537.36"
110.242.57.112 - - [23/Jul/2017:05:53:55 -0400] "GET /hdsentinel_setup_5.01.exe HTTP/1.1" 200 0 "-" "Mozilla/5.0 (compatible; MSIE 6.0; Windows NT 5.0)"
110.242.57.112 - - [23/Jul/2017:05:53:55 -0400] "GET /hdsentinel_setup_5.01.exe HTTP/1.1" 200 0 "-" "Mozilla/5.0 (compatible; MSIE 6.0; Windows NT 5.0)"
110.242.57.112 - - [23/Jul/2017:05:53:55 -0400] "GET /hdsentinel_setup_5.01.exe HTTP/1.1" 200 0 "-" "Mozilla/5.0 (compatible; MSIE 6.0; Windows NT 5.0)"
110.242.57.112 - - [23/Jul/2017:05:53:55 -0400] "GET /hdsentinel_setup_5.01.exe HTTP/1.1" 403 0 "-" "Mozilla/5.0 (compatible; MSIE 6.0; Windows NT 5.0)"
5.170.111.62 - - [23/Jul/2017:05:54:17 -0400] "GET /InPixioPhotoEditor-1.7.0.exe HTTP/1.1" 200 0 "http://net-load.com/giveaway-inpixio-photo-editor-premium-v1-5-6024-for-free/" "Mozilla/5.0 (Windows NT 10.0; Win64; x64) AppleWebKit/537.36 (KHTML, like Gecko) Chrome/59.0.3071.115 Safari/537.36"
5.170.111.62 - - [23/Jul/2017:05:54:17 -0400] "GET /InPixioPhotoEditor-1.7.0.exe HTTP/1.1" 200 0 "http://net-load.com/giveaway-inpixio-photo-editor-premium-v1-5-6024-for-free/" "Mozilla/5.0 (Windows NT 10.0; Win64; x64) AppleWebKit/537.36 (KHTML, like Gecko) Chrome/59.0.3071.115 Safari/537.36"
5.170.111.62 - - [23/Jul/2017:05:54:17 -0400] "GET /InPixioPhotoEditor-1.7.0.exe HTTP/1.1" 403 0 "http://net-load.com/giveaway-inpixio-photo-editor-premium-v1-5-6024-for-free/" "Mozilla/5.0 (Windows NT 10.0; Win64; x64) AppleWebKit/537.36 (KHTML, like Gecko) Chrome/59.0.3071.115 Safari/537.36"
5.170.111.62 - - [23/Jul/2017:05:54:17 -0400] "GET /InPixioPhotoEditor-1.7.0.exe HTTP/1.1" 403 0 "http://net-load.com/giveaway-inpixio-photo-editor-premium-v1-5-6024-for-free/" "Mozilla/5.0 (Windows NT 10.0; Win64; x64) AppleWebKit/537.36 (KHTML, like Gecko) Chrome/59.0.3071.115 Safari/537.36"
5.170.111.62 - - [23/Jul/2017:05:55:01 -0400] "GET /InPixioPhotoEditor-1.7.0.exe HTTP/1.1" 200 0 "http://net-load.com/giveaway-inpixio-photo-editor-premium-v1-5-6024-for-free/" "Mozilla/5.0 (Windows NT 10.0; Win64; x64) AppleWebKit/537.36 (KHTML, like Gecko) Chrome/59.0.3071.115 Safari/537.36"
5.170.111.62 - - [23/Jul/2017:05:55:21 -0400] "GET /InPixioPhotoEditor-1.7.0.exe HTTP/1.1" 200 0 "http://net-load.com/giveaway-inpixio-photo-editor-premium-v1-5-6024-for-free/" "Mozilla/5.0 (Windows NT 10.0; Win64; x64) AppleWebKit/537.36 (KHTML, like Gecko) Chrome/59.0.3071.115 Safari/537.36"
5.170.111.62 - - [23/Jul/2017:05:55:21 -0400] "GET /InPixioPhotoEditor-1.7.0.exe HTTP/1.1" 200 0 "http://net-load.com/giveaway-inpixio-photo-editor-premium-v1-5-6024-for-free/" "Mozilla/5.0 (Windows NT 10.0; Win64; x64) AppleWebKit/537.36 (KHTML, like Gecko) Chrome/59.0.3071.115 Safari/537.36"
5.170.111.62 - - [23/Jul/2017:05:55:21 -0400] "GET /InPixioPhotoEditor-1.7.0.exe HTTP/1.1" 403 0 "http://net-load.com/giveaway-inpixio-photo-editor-premium-v1-5-6024-for-free/" "Mozilla/5.0 (Windows NT 10.0; Win64; x64) AppleWebKit/537.36 (KHTML, like Gecko) Chrome/59.0.3071.115 Safari/537.36"
91.7.46.2 - - [23/Jul/2017:05:55:21 -0400] "GET /hdr_download.hr.exe HTTP/1.1" 200 0 "-" "Mozilla/5.0 (Windows NT 6.1; WOW64; Trident/7.0; EIE10;DEDEWOL; rv:11.0) like Gecko"
5.170.111.62 - - [23/Jul/2017:05:55:21 -0400] "GET /InPixioPhotoEditor-1.7.0.exe HTTP/1.1" 200 0 "http://net-load.com/giveaway-inpixio-photo-editor-premium-v1-5-6024-for-free/" "Mozilla/5.0 (Windows NT 10.0; Win64; x64) AppleWebKit/537.36 (KHTML, like Gecko) Chrome/59.0.3071.115 Safari/537.36"
91.7.46.2 - - [23/Jul/2017:05:55:21 -0400] "GET /hdr_download.hr.exe HTTP/1.1" 200 0 "-" "Mozilla/5.0 (Windows NT 6.1; WOW64; Trident/7.0; EIE10;DEDEWOL; rv:11.0) like Gecko"
157.50.9.113 - - [23/Jul/2017:05:50:31 -0400] "GET /drw_trial10.8.0.exe HTTP/1.1" 200 122585 "-" "Mozilla/5.0 (Linux; U; Android 5.1.1; en-US; LS-5007 Build/LMY47V) AppleWebKit/534.30 (KHTML, like Gecko) Version/4.0 UCBrowser/11.3.8.976 U3/0.8.0 Mobile Safari/534.30"
14.169.253.136 - - [23/Jul/2017:05:50:33 -0400] "GET /sosintwr.zip HTTP/1.1" 206 125762 "http://www.vn-zoom.com/f746/free-license-vpn-1-nam-3148046.html" "Mozilla/5.0 (Windows NT 10.0; WOW64) AppleWebKit/537.36 (KHTML, like Gecko) Chrome/59.0.3071.115 Safari/537.36"
66.249.69.154 - - [23/Jul/2017:05:55:43 -0400] "GET /w_sitb79.pdf HTTP/1.1" 200 8501 "-" "Mozilla/5.0 (compatible; Googlebot/2.1; +http://www.google.com/bot.html)"
42.117.76.244 - - [23/Jul/2017:05:55:44 -0400] "GET /ActivePresenter_v5.5.3_setup.exe HTTP/1.1" 200 16706 "http://net-load.com/giveaway-activepresenter-professional-edition-v5-5-3-for-free/" "Mozilla/5.0 (Windows NT 6.1; WOW64; rv:38.0) Gecko/20100101 Firefox/38.0"
42.117.76.244 - - [23/Jul/2017:05:55:44 -0400] "GET /ActivePresenter_v5.5.3_setup.exe HTTP/1.1" 200 16706 "-" "Mozilla/5.0 (Windows NT 6.1; WOW64; rv:38.0) Gecko/20100101 Firefox/38.0"
5.170.111.62 - - [23/Jul/2017:05:55:44 -0400] "GET /InPixioPhotoEditor-1.7.0.exe HTTP/1.1" 200 0 "http://net-load.com/giveaway-inpixio-photo-editor-premium-v1-5-6024-for-free/" "Mozilla/5.0 (Windows NT 10.0; Win64; x64) AppleWebKit/537.36 (KHTML, like Gecko) Chrome/59.0.3071.115 Safari/537.36"
89.171.211.60 - - [23/Jul/2017:05:55:56 -0400] "GET /sosintwr_1.6.2_rev12069.exe HTTP/1.1" 200 0 "-" "Mozilla/5.0 (Windows NT 10.0; WOW64; rv:54.0) Gecko/20100101 Firefox/54.0"
89.171.211.60 - - [23/Jul/2017:05:55:56 -0400] "GET /sosintwr_1.6.2_rev12069.exe HTTP/1.1" 200 0 "-" "Mozilla/5.0 (Windows NT 10.0; WOW64; rv:54.0) Gecko/20100101 Firefox/54.0"
66.249.69.153 - - [23/Jul/2017:05:55:56 -0400] "GET /w_sitb79.pdf HTTP/1.1" 200 8501 "-" "Mozilla/5.0 (compatible; Googlebot/2.1; +http://www.google.com/bot.html)"
89.171.211.60 - - [23/Jul/2017:05:55:56 -0400] "GET /sosintwr_1.6.2_rev12069.exe HTTP/1.1" 200 0 "-" "Mozilla/5.0 (Windows NT 10.0; WOW64; rv:54.0) Gecko/20100101 Firefox/54.0"
89.171.211.60 - - [23/Jul/2017:05:55:56 -0400] "GET /sosintwr_1.6.2_rev12069.exe HTTP/1.1" 403 522 "-" "Mozilla/5.0 (Windows NT 10.0; WOW64; rv:54.0) Gecko/20100101 Firefox/54.0"
89.171.211.60 - - [23/Jul/2017:05:55:56 -0400] "GET /sosintwr_1.6.2_rev12069.exe HTTP/1.1" 403 521 "-" "Mozilla/5.0 (Windows NT 10.0; WOW64; rv:54.0) Gecko/20100101 Firefox/54.0"
89.171.211.60 - - [23/Jul/2017:05:55:57 -0400] "GET /favicon.ico HTTP/1.1" 403 505 "-" "Mozilla/5.0 (Windows NT 10.0; WOW64; rv:54.0) Gecko/20100101 Firefox/54.0"
89.171.211.60 - - [23/Jul/2017:05:55:57 -0400] "GET /favicon.ico HTTP/1.1" 403 505 "-" "Mozilla/5.0 (Windows NT 10.0; WOW64; rv:54.0) Gecko/20100101 Firefox/54.0"
89.171.211.60 - - [23/Jul/2017:05:55:57 -0400] "GET / HTTP/1.1" 403 500 "-" "Mozilla/5.0 (Windows NT 10.0; WOW64; rv:54.0) Gecko/20100101 Firefox/54.0"
42.117.76.244 - - [23/Jul/2017:05:55:57 -0400] "GET /music_morpher_5.0.59.exe HTTP/1.1" 200 16704 "-" "Mozilla/5.0 (Windows NT 6.1; WOW64) AppleWebKit/537.36 (KHTML, like Gecko) coc_coc_browser/49.0.146 Chrome/43.0.2357.146 Safari/537.36"
14.169.253.136 - - [23/Jul/2017:05:50:55 -0400] "GET /sosintwr.zip HTTP/1.1" 206 125762 "http://www.vn-zoom.com/f746/free-license-vpn-1-nam-3148046.html" "Mozilla/5.0 (Windows NT 10.0; WOW64) AppleWebKit/537.36 (KHTML, like Gecko) Chrome/59.0.3071.115 Safari/537.36"
14.169.253.136 - - [23/Jul/2017:05:50:57 -0400] "GET /sosintwr.zip HTTP/1.1" 206 125762 "http://www.vn-zoom.com/f746/free-license-vpn-1-nam-3148046.html" "Mozilla/5.0 (Windows NT 10.0; WOW64) AppleWebKit/537.36 (KHTML, like Gecko) Chrome/59.0.3071.115 Safari/537.36"
14.169.253.136 - - [23/Jul/2017:05:51:00 -0400] "GET /sosintwr.zip HTTP/1.1" 206 124403 "http://www.vn-zoom.com/f746/free-license-vpn-1-nam-3148046.html" "Mozilla/5.0 (Windows NT 10.0; WOW64) AppleWebKit/537.36 (KHTML, like Gecko) Chrome/59.0.3071.115 Safari/537.36"
14.169.253.136 - - [23/Jul/2017:05:51:22 -0400] "GET /sosintwr.zip HTTP/1.1" 206 125762 "http://www.vn-zoom.com/f746/free-license-vpn-1-nam-3148046.html" "Mozilla/5.0 (Windows NT 10.0; WOW64) AppleWebKit/537.36 (KHTML, like Gecko) Chrome/59.0.3071.115 Safari/537.36"
14.169.253.136 - - [23/Jul/2017:05:51:54 -0400] "GET /sosintwr.zip HTTP/1.1" 206 124402 "http://www.vn-zoom.com/f746/free-license-vpn-1-nam-3148046.html" "Mozilla/5.0 (Windows NT 10.0; WOW64) AppleWebKit/537.36 (KHTML, like Gecko) Chrome/59.0.3071.115 Safari/537.36"
14.169.253.136 - - [23/Jul/2017:05:52:21 -0400] "GET /sosintwr.zip HTTP/1.1" 206 125762 "http://www.vn-zoom.com/f746/free-license-vpn-1-nam-3148046.html" "Mozilla/5.0 (Windows NT 10.0; WOW64) AppleWebKit/537.36 (KHTML, like Gecko) Chrome/59.0.3071.115 Safari/537.36"
66.249.69.155 - - [23/Jul/2017:05:56:38 -0400] "GET /w_sitb79.pdf HTTP/1.1" 200 8986933 "-" "Mozilla/5.0 (compatible; Googlebot/2.1; +http://www.google.com/bot.html)"
180.76.15.153 - - [23/Jul/2017:06:00:09 -0400] "GET / HTTP/1.1" 200 256 "-" "Mozilla/5.0 (compatible; Baiduspider/2.0; +http://www.baidu.com/search/spider.html)"
42.117.76.244 - - [23/Jul/2017:05:55:44 -0400] "GET /ActivePresenter_v5.5.3_setup.exe HTTP/1.1" 200 121752 "-" "Mozilla/5.0 (Windows NT 6.1; WOW64; rv:38.0) Gecko/20100101 Firefox/38.0"
66.249.69.153 - - [23/Jul/2017:06:03:44 -0400] "GET /w_sitb79.pdf HTTP/1.1" 200 8978741 "-" "Mozilla/5.0 (compatible; Googlebot/2.1; +http://www.google.com/bot.html)"
89.171.211.60 - - [23/Jul/2017:05:55:43 -0400] "GET /sosintwr.zip HTTP/1.1" 200 36959675 "http://net-load.com/giveaway-steganos-online-shield-vpn-1year-license-free/" "Mozilla/5.0 (Windows NT 10.0; WOW64; rv:54.0) Gecko/20100101 Firefox/54.0"
89.171.211.60 - - [23/Jul/2017:05:57:07 -0400] "GET /sosintwr_1.6.2_rev12069.exe HTTP/1.1" 200 39254842 "-" "Mozilla/5.0 (Windows NT 10.0; WOW64; rv:54.0) Gecko/20100101 Firefox/54.0"
188.108.32.57 - - [23/Jul/2017:05:58:16 -0400] "GET /buzzbundle2.24.3-jre.zip HTTP/1.1" 200 44499255 "-" "Mozilla/5.0 (Windows NT 10.0; WOW64; rv:54.0) Gecko/20100101 Firefox/54.0"
66.249.69.153 - - [23/Jul/2017:06:10:19 -0400] "GET /w_sitb79.pdf HTTP/1.1" 200 8986933 "-" "Mozilla/5.0 (compatible; Googlebot/2.1; +http://www.google.com/bot.html)"
66.249.69.154 - - [23/Jul/2017:06:16:35 -0400] "GET /w_sitb79.pdf HTTP/1.1" 200 8986933 "-" "Mozilla/5.0 (compatible; Googlebot/2.1; +http://www.google.com/bot.html)"
49.35.13.5 - - [23/Jul/2017:06:20:45 -0400] "GET /SmartPixel.zip HTTP/1.1" 206 134354 "http://net-load.com/giveaway-smartpixel-pro-4-0-1-year-license-free/" "Mozilla/5.0 (Windows NT 10.0; WOW64) AppleWebKit/537.36 (KHTML, like Gecko) Chrome/55.18.2883.75 Safari/537.36"
49.35.13.5 - - [23/Jul/2017:06:20:57 -0400] "GET /SmartPixel.zip HTTP/1.1" 206 123394 "http://net-load.com/giveaway-smartpixel-pro-4-0-1-year-license-free/" "Mozilla/5.0 (Windows NT 10.0; WOW64) AppleWebKit/537.36 (KHTML, like Gecko) Chrome/55.18.2883.75 Safari/537.36"
49.35.13.5 - - [23/Jul/2017:06:21:26 -0400] "GET /SmartPixel.zip HTTP/1.1" 206 126132 "http://net-load.com/giveaway-smartpixel-pro-4-0-1-year-license-free/" "Mozilla/5.0 (Windows NT 10.0; WOW64) AppleWebKit/537.36 (KHTML, like Gecko) Chrome/55.18.2883.75 Safari/537.36"
49.35.13.5 - - [23/Jul/2017:06:20:45 -0400] "GET /SmartPixel.zip HTTP/1.1" 206 124764 "http://net-load.com/giveaway-smartpixel-pro-4-0-1-year-license-free/" "Mozilla/5.0 (Windows NT 10.0; WOW64) AppleWebKit/537.36 (KHTML, like Gecko) Chrome/55.18.2883.75 Safari/537.36"
49.35.13.5 - - [23/Jul/2017:06:21:25 -0400] "GET /SmartPixel.zip HTTP/1.1" 206 124764 "http://net-load.com/giveaway-smartpixel-pro-4-0-1-year-license-free/" "Mozilla/5.0 (Windows NT 10.0; WOW64) AppleWebKit/537.36 (KHTML, like Gecko) Chrome/55.18.2883.75 Safari/537.36"
49.35.13.5 - - [23/Jul/2017:06:22:43 -0400] "GET /SmartPixel.zip HTTP/1.1" 206 16314 "http://net-load.com/giveaway-smartpixel-pro-4-0-1-year-license-free/" "Mozilla/5.0 (Windows NT 10.0; WOW64) AppleWebKit/537.36 (KHTML, like Gecko) Chrome/55.18.2883.75 Safari/537.36"
49.35.13.5 - - [23/Jul/2017:06:22:43 -0400] "GET /SmartPixel.zip HTTP/1.1" 206 16314 "http://net-load.com/giveaway-smartpixel-pro-4-0-1-year-license-free/" "Mozilla/5.0 (Windows NT 10.0; WOW64) AppleWebKit/537.36 (KHTML, like Gecko) Chrome/55.18.2883.75 Safari/537.36"
49.35.13.5 - - [23/Jul/2017:06:22:44 -0400] "GET /SmartPixel.zip HTTP/1.1" 206 24312 "http://net-load.com/giveaway-smartpixel-pro-4-0-1-year-license-free/" "Mozilla/5.0 (Windows NT 10.0; WOW64) AppleWebKit/537.36 (KHTML, like Gecko) Chrome/55.18.2883.75 Safari/537.36"
49.35.13.5 - - [23/Jul/2017:06:20:55 -0400] "GET /SmartPixel.zip HTTP/1.1" 206 123393 "http://net-load.com/giveaway-smartpixel-pro-4-0-1-year-license-free/" "Mozilla/5.0 (Windows NT 10.0; WOW64) AppleWebKit/537.36 (KHTML, like Gecko) Chrome/55.18.2883.75 Safari/537.36"
49.35.13.5 - - [23/Jul/2017:06:21:57 -0400] "GET /SmartPixel.zip HTTP/1.1" 206 142574 "http://net-load.com/giveaway-smartpixel-pro-4-0-1-year-license-free/" "Mozilla/5.0 (Windows NT 10.0; WOW64) AppleWebKit/537.36 (KHTML, like Gecko) Chrome/55.18.2883.75 Safari/537.36"
49.35.13.5 - - [23/Jul/2017:06:21:46 -0400] "GET /SmartPixel.zip HTTP/1.1" 206 134354 "http://net-load.com/giveaway-smartpixel-pro-4-0-1-year-license-free/" "Mozilla/5.0 (Windows NT 10.0; WOW64) AppleWebKit/537.36 (KHTML, like Gecko) Chrome/55.18.2883.75 Safari/537.36"
49.35.13.5 - - [23/Jul/2017:06:23:14 -0400] "GET /SmartPixel.zip HTTP/1.1" 206 32313 "http://net-load.com/giveaway-smartpixel-pro-4-0-1-year-license-free/" "Mozilla/5.0 (Windows NT 10.0; WOW64) AppleWebKit/537.36 (KHTML, like Gecko) Chrome/55.18.2883.75 Safari/537.36"
49.35.13.5 - - [23/Jul/2017:06:23:15 -0400] "GET /SmartPixel.zip HTTP/1.1" 206 16314 "http://net-load.com/giveaway-smartpixel-pro-4-0-1-year-license-free/" "Mozilla/5.0 (Windows NT 10.0; WOW64) AppleWebKit/537.36 (KHTML, like Gecko) Chrome/55.18.2883.75 Safari/537.36"
49.35.13.5 - - [23/Jul/2017:06:22:06 -0400] "GET /SmartPixel.zip HTTP/1.1" 206 148051 "http://net-load.com/giveaway-smartpixel-pro-4-0-1-year-license-free/" "Mozilla/5.0 (Windows NT 10.0; WOW64) AppleWebKit/537.36 (KHTML, like Gecko) Chrome/55.18.2883.75 Safari/537.36"
49.35.13.5 - - [23/Jul/2017:06:22:47 -0400] "GET /SmartPixel.zip HTTP/1.1" 206 135724 "http://net-load.com/giveaway-smartpixel-pro-4-0-1-year-license-free/" "Mozilla/5.0 (Windows NT 10.0; WOW64) AppleWebKit/537.36 (KHTML, like Gecko) Chrome/55.18.2883.75 Safari/537.36"
49.35.13.5 - - [23/Jul/2017:06:20:43 -0400] "GET /SmartPixel.zip HTTP/1.1" 206 127503 "http://net-load.com/giveaway-smartpixel-pro-4-0-1-year-license-free/" "Mozilla/5.0 (Windows NT 10.0; WOW64) AppleWebKit/537.36 (KHTML, like Gecko) Chrome/55.18.2883.75 Safari/537.36"
49.35.13.5 - - [23/Jul/2017:06:20:44 -0400] "GET /SmartPixel.zip HTTP/1.1" 206 124764 "http://net-load.com/giveaway-smartpixel-pro-4-0-1-year-license-free/" "Mozilla/5.0 (Windows NT 10.0; WOW64) AppleWebKit/537.36 (KHTML, like Gecko) Chrome/55.18.2883.75 Safari/537.36"
49.35.13.5 - - [23/Jul/2017:06:20:45 -0400] "GET /SmartPixel.zip HTTP/1.1" 206 123394 "http://net-load.com/giveaway-smartpixel-pro-4-0-1-year-license-free/" "Mozilla/5.0 (Windows NT 10.0; WOW64) AppleWebKit/537.36 (KHTML, like Gecko) Chrome/55.18.2883.75 Safari/537.36"
49.35.13.5 - - [23/Jul/2017:06:20:56 -0400] "GET /SmartPixel.zip HTTP/1.1" 206 124764 "http://net-load.com/giveaway-smartpixel-pro-4-0-1-year-license-free/" "Mozilla/5.0 (Windows NT 10.0; WOW64) AppleWebKit/537.36 (KHTML, like Gecko) Chrome/55.18.2883.75 Safari/537.36"
49.35.13.5 - - [23/Jul/2017:06:22:20 -0400] "GET /SmartPixel.zip HTTP/1.1" 206 130024 "http://net-load.com/giveaway-smartpixel-pro-4-0-1-year-license-free/" "Mozilla/5.0 (Windows NT 10.0; WOW64) AppleWebKit/537.36 (KHTML, like Gecko) Chrome/55.18.2883.75 Safari/537.36"
49.35.13.5 - - [23/Jul/2017:06:22:44 -0400] "GET /SmartPixel.zip HTTP/1.1" 206 142573 "http://net-load.com/giveaway-smartpixel-pro-4-0-1-year-license-free/" "Mozilla/5.0 (Windows NT 10.0; WOW64) AppleWebKit/537.36 (KHTML, like Gecko) Chrome/55.18.2883.75 Safari/537.36"
49.35.13.5 - - [23/Jul/2017:06:22:44 -0400] "GET /SmartPixel.zip HTTP/1.1" 206 198744 "http://net-load.com/giveaway-smartpixel-pro-4-0-1-year-license-free/" "Mozilla/5.0 (Windows NT 10.0; WOW64) AppleWebKit/537.36 (KHTML, like Gecko) Chrome/55.18.2883.75 Safari/537.36"
49.35.13.5 - - [23/Jul/2017:06:23:15 -0400] "GET /SmartPixel.zip HTTP/1.1" 206 124764 "http://net-load.com/giveaway-smartpixel-pro-4-0-1-year-license-free/" "Mozilla/5.0 (Windows NT 10.0; WOW64) AppleWebKit/537.36 (KHTML, like Gecko) Chrome/55.18.2883.75 Safari/537.36"
49.35.13.5 - - [23/Jul/2017:06:23:29 -0400] "GET /SmartPixel.zip HTTP/1.1" 206 127502 "http://net-load.com/giveaway-smartpixel-pro-4-0-1-year-license-free/" "Mozilla/5.0 (Windows NT 10.0; WOW64) AppleWebKit/537.36 (KHTML, like Gecko) Chrome/55.18.2883.75 Safari/537.36"
49.35.13.5 - - [23/Jul/2017:06:23:20 -0400] "GET /SmartPixel.zip HTTP/1.1" 206 180932 "http://net-load.com/giveaway-smartpixel-pro-4-0-1-year-license-free/" "Mozilla/5.0 (Windows NT 10.0; WOW64) AppleWebKit/537.36 (KHTML, like Gecko) Chrome/55.18.2883.75 Safari/537.36"
49.35.13.5 - - [23/Jul/2017:06:25:46 -0400] "GET /SmartPixel.zip HTTP/1.1" 206 123394 "http://net-load.com/giveaway-smartpixel-pro-4-0-1-year-license-free/" "Mozilla/5.0 (Windows NT 10.0; WOW64) AppleWebKit/537.36 (KHTML, like Gecko) Chrome/55.18.2883.75 Safari/537.36"
49.35.13.5 - - [23/Jul/2017:06:25:47 -0400] "GET /SmartPixel.zip HTTP/1.1" 206 123394 "http://net-load.com/giveaway-smartpixel-pro-4-0-1-year-license-free/" "Mozilla/5.0 (Windows NT 10.0; WOW64) AppleWebKit/537.36 (KHTML, like Gecko) Chrome/55.18.2883.75 Safari/537.36"
49.35.13.5 - - [23/Jul/2017:06:25:47 -0400] "GET /SmartPixel.zip HTTP/1.1" 206 123394 "http://net-load.com/giveaway-smartpixel-pro-4-0-1-year-license-free/" "Mozilla/5.0 (Windows NT 10.0; WOW64) AppleWebKit/537.36 (KHTML, like Gecko) Chrome/55.18.2883.75 Safari/537.36"
49.35.13.5 - - [23/Jul/2017:06:25:58 -0400] "GET /SmartPixel.zip HTTP/1.1" 206 123394 "http://net-load.com/giveaway-smartpixel-pro-4-0-1-year-license-free/" "Mozilla/5.0 (Windows NT 10.0; WOW64) AppleWebKit/537.36 (KHTML, like Gecko) Chrome/55.18.2883.75 Safari/537.36"
49.35.13.5 - - [23/Jul/2017:06:27:23 -0400] "GET /SmartPixel.zip HTTP/1.1" 206 123394 "http://net-load.com/giveaway-smartpixel-pro-4-0-1-year-license-free/" "Mozilla/5.0 (Windows NT 10.0; WOW64) AppleWebKit/537.36 (KHTML, like Gecko) Chrome/55.18.2883.75 Safari/537.36"
49.35.13.5 - - [23/Jul/2017:06:27:47 -0400] "GET /SmartPixel.zip HTTP/1.1" 206 123394 "http://net-load.com/giveaway-smartpixel-pro-4-0-1-year-license-free/" "Mozilla/5.0 (Windows NT 10.0; WOW64) AppleWebKit/537.36 (KHTML, like Gecko) Chrome/55.18.2883.75 Safari/537.36"
49.35.13.5 - - [23/Jul/2017:06:28:13 -0400] "GET /SmartPixel.zip HTTP/1.1" 206 123395 "http://net-load.com/giveaway-smartpixel-pro-4-0-1-year-license-free/" "Mozilla/5.0 (Windows NT 10.0; WOW64) AppleWebKit/537.36 (KHTML, like Gecko) Chrome/55.18.2883.75 Safari/537.36"
49.35.13.5 - - [23/Jul/2017:06:28:18 -0400] "GET /SmartPixel.zip HTTP/1.1" 206 123395 "http://net-load.com/giveaway-smartpixel-pro-4-0-1-year-license-free/" "Mozilla/5.0 (Windows NT 10.0; WOW64) AppleWebKit/537.36 (KHTML, like Gecko) Chrome/55.18.2883.75 Safari/537.36"
49.35.13.5 - - [23/Jul/2017:06:28:32 -0400] "GET /SmartPixel.zip HTTP/1.1" 206 123394 "http://net-load.com/giveaway-smartpixel-pro-4-0-1-year-license-free/" "Mozilla/5.0 (Windows NT 10.0; WOW64) AppleWebKit/537.36 (KHTML, like Gecko) Chrome/55.18.2883.75 Safari/537.36"
49.35.13.5 - - [23/Jul/2017:06:29:05 -0400] "GET /SmartPixel.zip HTTP/1.1" 206 123392 "http://net-load.com/giveaway-smartpixel-pro-4-0-1-year-license-free/" "Mozilla/5.0 (Windows NT 10.0; WOW64) AppleWebKit/537.36 (KHTML, like Gecko) Chrome/55.18.2883.75 Safari/537.36"
49.35.13.5 - - [23/Jul/2017:06:30:48 -0400] "GET /SmartPixel.zip HTTP/1.1" 206 123394 "http://net-load.com/giveaway-smartpixel-pro-4-0-1-year-license-free/" "Mozilla/5.0 (Windows NT 10.0; WOW64) AppleWebKit/537.36 (KHTML, like Gecko) Chrome/55.18.2883.75 Safari/537.36"
49.35.13.5 - - [23/Jul/2017:06:30:49 -0400] "GET /SmartPixel.zip HTTP/1.1" 206 123394 "http://net-load.com/giveaway-smartpixel-pro-4-0-1-year-license-free/" "Mozilla/5.0 (Windows NT 10.0; WOW64) AppleWebKit/537.36 (KHTML, like Gecko) Chrome/55.18.2883.75 Safari/537.36"
49.35.13.5 - - [23/Jul/2017:06:30:50 -0400] "GET /SmartPixel.zip HTTP/1.1" 206 123395 "http://net-load.com/giveaway-smartpixel-pro-4-0-1-year-license-free/" "Mozilla/5.0 (Windows NT 10.0; WOW64) AppleWebKit/537.36 (KHTML, like Gecko) Chrome/55.18.2883.75 Safari/537.36"
49.35.13.5 - - [23/Jul/2017:06:31:01 -0400] "GET /SmartPixel.zip HTTP/1.1" 206 123395 "http://net-load.com/giveaway-smartpixel-pro-4-0-1-year-license-free/" "Mozilla/5.0 (Windows NT 10.0; WOW64) AppleWebKit/537.36 (KHTML, like Gecko) Chrome/55.18.2883.75 Safari/537.36"
49.35.13.5 - - [23/Jul/2017:06:32:26 -0400] "GET /SmartPixel.zip HTTP/1.1" 206 123395 "http://net-load.com/giveaway-smartpixel-pro-4-0-1-year-license-free/" "Mozilla/5.0 (Windows NT 10.0; WOW64) AppleWebKit/537.36 (KHTML, like Gecko) Chrome/55.18.2883.75 Safari/537.36"
49.35.13.5 - - [23/Jul/2017:06:32:50 -0400] "GET /SmartPixel.zip HTTP/1.1" 206 123392 "http://net-load.com/giveaway-smartpixel-pro-4-0-1-year-license-free/" "Mozilla/5.0 (Windows NT 10.0; WOW64) AppleWebKit/537.36 (KHTML, like Gecko) Chrome/55.18.2883.75 Safari/537.36"
49.35.13.5 - - [23/Jul/2017:06:33:16 -0400] "GET /SmartPixel.zip HTTP/1.1" 206 123394 "http://net-load.com/giveaway-smartpixel-pro-4-0-1-year-license-free/" "Mozilla/5.0 (Windows NT 10.0; WOW64) AppleWebKit/537.36 (KHTML, like Gecko) Chrome/55.18.2883.75 Safari/537.36"
49.35.13.5 - - [23/Jul/2017:06:33:20 -0400] "GET /SmartPixel.zip HTTP/1.1" 206 123394 "http://net-load.com/giveaway-smartpixel-pro-4-0-1-year-license-free/" "Mozilla/5.0 (Windows NT 10.0; WOW64) AppleWebKit/537.36 (KHTML, like Gecko) Chrome/55.18.2883.75 Safari/537.36"
49.35.13.5 - - [23/Jul/2017:06:33:34 -0400] "GET /SmartPixel.zip HTTP/1.1" 206 123395 "http://net-load.com/giveaway-smartpixel-pro-4-0-1-year-license-free/" "Mozilla/5.0 (Windows NT 10.0; WOW64) AppleWebKit/537.36 (KHTML, like Gecko) Chrome/55.18.2883.75 Safari/537.36"
49.35.13.5 - - [23/Jul/2017:06:34:08 -0400] "GET /SmartPixel.zip HTTP/1.1" 206 123394 "http://net-load.com/giveaway-smartpixel-pro-4-0-1-year-license-free/" "Mozilla/5.0 (Windows NT 10.0; WOW64) AppleWebKit/537.36 (KHTML, like Gecko) Chrome/55.18.2883.75 Safari/537.36"
49.35.13.5 - - [23/Jul/2017:06:35:51 -0400] "GET /SmartPixel.zip HTTP/1.1" 206 123395 "http://net-load.com/giveaway-smartpixel-pro-4-0-1-year-license-free/" "Mozilla/5.0 (Windows NT 10.0; WOW64) AppleWebKit/537.36 (KHTML, like Gecko) Chrome/55.18.2883.75 Safari/537.36"
49.35.13.5 - - [23/Jul/2017:06:35:52 -0400] "GET /SmartPixel.zip HTTP/1.1" 206 123395 "http://net-load.com/giveaway-smartpixel-pro-4-0-1-year-license-free/" "Mozilla/5.0 (Windows NT 10.0; WOW64) AppleWebKit/537.36 (KHTML, like Gecko) Chrome/55.18.2883.75 Safari/537.36"
49.35.13.5 - - [23/Jul/2017:06:35:52 -0400] "GET /SmartPixel.zip HTTP/1.1" 206 123392 "http://net-load.com/giveaway-smartpixel-pro-4-0-1-year-license-free/" "Mozilla/5.0 (Windows NT 10.0; WOW64) AppleWebKit/537.36 (KHTML, like Gecko) Chrome/55.18.2883.75 Safari/537.36"
49.35.13.5 - - [23/Jul/2017:06:36:03 -0400] "GET /SmartPixel.zip HTTP/1.1" 206 123394 "http://net-load.com/giveaway-smartpixel-pro-4-0-1-year-license-free/" "Mozilla/5.0 (Windows NT 10.0; WOW64) AppleWebKit/537.36 (KHTML, like Gecko) Chrome/55.18.2883.75 Safari/537.36"
49.35.13.5 - - [23/Jul/2017:06:37:28 -0400] "GET /SmartPixel.zip HTTP/1.1" 206 123394 "http://net-load.com/giveaway-smartpixel-pro-4-0-1-year-license-free/" "Mozilla/5.0 (Windows NT 10.0; WOW64) AppleWebKit/537.36 (KHTML, like Gecko) Chrome/55.18.2883.75 Safari/537.36"
49.35.13.5 - - [23/Jul/2017:06:37:52 -0400] "GET /SmartPixel.zip HTTP/1.1" 206 123394 "http://net-load.com/giveaway-smartpixel-pro-4-0-1-year-license-free/" "Mozilla/5.0 (Windows NT 10.0; WOW64) AppleWebKit/537.36 (KHTML, like Gecko) Chrome/55.18.2883.75 Safari/537.36"
49.35.13.5 - - [23/Jul/2017:06:38:18 -0400] "GET /SmartPixel.zip HTTP/1.1" 206 123395 "http://net-load.com/giveaway-smartpixel-pro-4-0-1-year-license-free/" "Mozilla/5.0 (Windows NT 10.0; WOW64) AppleWebKit/537.36 (KHTML, like Gecko) Chrome/55.18.2883.75 Safari/537.36"
49.35.13.5 - - [23/Jul/2017:06:38:23 -0400] "GET /SmartPixel.zip HTTP/1.1" 206 123394 "http://net-load.com/giveaway-smartpixel-pro-4-0-1-year-license-free/" "Mozilla/5.0 (Windows NT 10.0; WOW64) AppleWebKit/537.36 (KHTML, like Gecko) Chrome/55.18.2883.75 Safari/537.36"
49.35.13.5 - - [23/Jul/2017:06:38:37 -0400] "GET /SmartPixel.zip HTTP/1.1" 206 123395 "http://net-load.com/giveaway-smartpixel-pro-4-0-1-year-license-free/" "Mozilla/5.0 (Windows NT 10.0; WOW64) AppleWebKit/537.36 (KHTML, like Gecko) Chrome/55.18.2883.75 Safari/537.36"
49.35.13.5 - - [23/Jul/2017:06:39:10 -0400] "GET /SmartPixel.zip HTTP/1.1" 206 123395 "http://net-load.com/giveaway-smartpixel-pro-4-0-1-year-license-free/" "Mozilla/5.0 (Windows NT 10.0; WOW64) AppleWebKit/537.36 (KHTML, like Gecko) Chrome/55.18.2883.75 Safari/537.36"
49.35.13.5 - - [23/Jul/2017:06:40:53 -0400] "GET /SmartPixel.zip HTTP/1.1" 206 123394 "http://net-load.com/giveaway-smartpixel-pro-4-0-1-year-license-free/" "Mozilla/5.0 (Windows NT 10.0; WOW64) AppleWebKit/537.36 (KHTML, like Gecko) Chrome/55.18.2883.75 Safari/537.36"
49.35.13.5 - - [23/Jul/2017:06:40:54 -0400] "GET /SmartPixel.zip HTTP/1.1" 206 123394 "http://net-load.com/giveaway-smartpixel-pro-4-0-1-year-license-free/" "Mozilla/5.0 (Windows NT 10.0; WOW64) AppleWebKit/537.36 (KHTML, like Gecko) Chrome/55.18.2883.75 Safari/537.36"
49.35.13.5 - - [23/Jul/2017:06:40:55 -0400] "GET /SmartPixel.zip HTTP/1.1" 206 123394 "http://net-load.com/giveaway-smartpixel-pro-4-0-1-year-license-free/" "Mozilla/5.0 (Windows NT 10.0; WOW64) AppleWebKit/537.36 (KHTML, like Gecko) Chrome/55.18.2883.75 Safari/537.36"
49.35.13.5 - - [23/Jul/2017:06:41:06 -0400] "GET /SmartPixel.zip HTTP/1.1" 206 123394 "http://net-load.com/giveaway-smartpixel-pro-4-0-1-year-license-free/" "Mozilla/5.0 (Windows NT 10.0; WOW64) AppleWebKit/537.36 (KHTML, like Gecko) Chrome/55.18.2883.75 Safari/537.36"
49.35.13.5 - - [23/Jul/2017:06:42:31 -0400] "GET /SmartPixel.zip HTTP/1.1" 206 123394 "http://net-load.com/giveaway-smartpixel-pro-4-0-1-year-license-free/" "Mozilla/5.0 (Windows NT 10.0; WOW64) AppleWebKit/537.36 (KHTML, like Gecko) Chrome/55.18.2883.75 Safari/537.36"
49.35.13.5 - - [23/Jul/2017:06:42:55 -0400] "GET /SmartPixel.zip HTTP/1.1" 206 123395 "http://net-load.com/giveaway-smartpixel-pro-4-0-1-year-license-free/" "Mozilla/5.0 (Windows NT 10.0; WOW64) AppleWebKit/537.36 (KHTML, like Gecko) Chrome/55.18.2883.75 Safari/537.36"
49.35.13.5 - - [23/Jul/2017:06:43:21 -0400] "GET /SmartPixel.zip HTTP/1.1" 206 123395 "http://net-load.com/giveaway-smartpixel-pro-4-0-1-year-license-free/" "Mozilla/5.0 (Windows NT 10.0; WOW64) AppleWebKit/537.36 (KHTML, like Gecko) Chrome/55.18.2883.75 Safari/537.36"
49.35.13.5 - - [23/Jul/2017:06:43:25 -0400] "GET /SmartPixel.zip HTTP/1.1" 206 123395 "http://net-load.com/giveaway-smartpixel-pro-4-0-1-year-license-free/" "Mozilla/5.0 (Windows NT 10.0; WOW64) AppleWebKit/537.36 (KHTML, like Gecko) Chrome/55.18.2883.75 Safari/537.36"
49.35.13.5 - - [23/Jul/2017:06:43:39 -0400] "GET /SmartPixel.zip HTTP/1.1" 206 123394 "http://net-load.com/giveaway-smartpixel-pro-4-0-1-year-license-free/" "Mozilla/5.0 (Windows NT 10.0; WOW64) AppleWebKit/537.36 (KHTML, like Gecko) Chrome/55.18.2883.75 Safari/537.36"
49.35.13.5 - - [23/Jul/2017:06:44:13 -0400] "GET /SmartPixel.zip HTTP/1.1" 206 123394 "http://net-load.com/giveaway-smartpixel-pro-4-0-1-year-license-free/" "Mozilla/5.0 (Windows NT 10.0; WOW64) AppleWebKit/537.36 (KHTML, like Gecko) Chrome/55.18.2883.75 Safari/537.36"
49.35.13.5 - - [23/Jul/2017:06:45:56 -0400] "GET /SmartPixel.zip HTTP/1.1" 206 123394 "http://net-load.com/giveaway-smartpixel-pro-4-0-1-year-license-free/" "Mozilla/5.0 (Windows NT 10.0; WOW64) AppleWebKit/537.36 (KHTML, like Gecko) Chrome/55.18.2883.75 Safari/537.36"
49.35.13.5 - - [23/Jul/2017:06:45:57 -0400] "GET /SmartPixel.zip HTTP/1.1" 206 123394 "http://net-load.com/giveaway-smartpixel-pro-4-0-1-year-license-free/" "Mozilla/5.0 (Windows NT 10.0; WOW64) AppleWebKit/537.36 (KHTML, like Gecko) Chrome/55.18.2883.75 Safari/537.36"
49.35.13.5 - - [23/Jul/2017:06:45:57 -0400] "GET /SmartPixel.zip HTTP/1.1" 206 123395 "http://net-load.com/giveaway-smartpixel-pro-4-0-1-year-license-free/" "Mozilla/5.0 (Windows NT 10.0; WOW64) AppleWebKit/537.36 (KHTML, like Gecko) Chrome/55.18.2883.75 Safari/537.36"
49.35.13.5 - - [23/Jul/2017:06:46:08 -0400] "GET /SmartPixel.zip HTTP/1.1" 206 123394 "http://net-load.com/giveaway-smartpixel-pro-4-0-1-year-license-free/" "Mozilla/5.0 (Windows NT 10.0; WOW64) AppleWebKit/537.36 (KHTML, like Gecko) Chrome/55.18.2883.75 Safari/537.36"
49.35.13.5 - - [23/Jul/2017:06:47:33 -0400] "GET /SmartPixel.zip HTTP/1.1" 206 123395 "http://net-load.com/giveaway-smartpixel-pro-4-0-1-year-license-free/" "Mozilla/5.0 (Windows NT 10.0; WOW64) AppleWebKit/537.36 (KHTML, like Gecko) Chrome/55.18.2883.75 Safari/537.36"
49.35.13.5 - - [23/Jul/2017:06:47:57 -0400] "GET /SmartPixel.zip HTTP/1.1" 206 123395 "http://net-load.com/giveaway-smartpixel-pro-4-0-1-year-license-free/" "Mozilla/5.0 (Windows NT 10.0; WOW64) AppleWebKit/537.36 (KHTML, like Gecko) Chrome/55.18.2883.75 Safari/537.36"
49.35.13.5 - - [23/Jul/2017:06:48:23 -0400] "GET /SmartPixel.zip HTTP/1.1" 206 123394 "http://net-load.com/giveaway-smartpixel-pro-4-0-1-year-license-free/" "Mozilla/5.0 (Windows NT 10.0; WOW64) AppleWebKit/537.36 (KHTML, like Gecko) Chrome/55.18.2883.75 Safari/537.36"
49.35.13.5 - - [23/Jul/2017:06:48:28 -0400] "GET /SmartPixel.zip HTTP/1.1" 206 123394 "http://net-load.com/giveaway-smartpixel-pro-4-0-1-year-license-free/" "Mozilla/5.0 (Windows NT 10.0; WOW64) AppleWebKit/537.36 (KHTML, like Gecko) Chrome/55.18.2883.75 Safari/537.36"
49.35.13.5 - - [23/Jul/2017:06:48:42 -0400] "GET /SmartPixel.zip HTTP/1.1" 206 123394 "http://net-load.com/giveaway-smartpixel-pro-4-0-1-year-license-free/" "Mozilla/5.0 (Windows NT 10.0; WOW64) AppleWebKit/537.36 (KHTML, like Gecko) Chrome/55.18.2883.75 Safari/537.36"
49.35.13.5 - - [23/Jul/2017:06:49:15 -0400] "GET /SmartPixel.zip HTTP/1.1" 206 123394 "http://net-load.com/giveaway-smartpixel-pro-4-0-1-year-license-free/" "Mozilla/5.0 (Windows NT 10.0; WOW64) AppleWebKit/537.36 (KHTML, like Gecko) Chrome/55.18.2883.75 Safari/537.36"
49.35.13.5 - - [23/Jul/2017:06:50:58 -0400] "GET /SmartPixel.zip HTTP/1.1" 206 123394 "http://net-load.com/giveaway-smartpixel-pro-4-0-1-year-license-free/" "Mozilla/5.0 (Windows NT 10.0; WOW64) AppleWebKit/537.36 (KHTML, like Gecko) Chrome/55.18.2883.75 Safari/537.36"
146.199.28.41 - - [23/Jul/2017:06:56:01 -0400] "GET /TracktionInstall_OSX_4_5_6.dmg HTTP/1.1" 200 8516 "http://net-load.com/giveaway-tracktion-4-music-production-software-free/" "Mozilla/5.0 (Windows NT 6.1; Win64; x64) AppleWebKit/537.36 (KHTML, like Gecko) Chrome/59.0.3071.115 Safari/537.36"
49.35.13.5 - - [23/Jul/2017:06:51:00 -0400] "GET /SmartPixel.zip HTTP/1.1" 206 123395 "http://net-load.com/giveaway-smartpixel-pro-4-0-1-year-license-free/" "Mozilla/5.0 (Windows NT 10.0; WOW64) AppleWebKit/537.36 (KHTML, like Gecko) Chrome/55.18.2883.75 Safari/537.36"
49.35.13.5 - - [23/Jul/2017:06:51:00 -0400] "GET /SmartPixel.zip HTTP/1.1" 206 123395 "http://net-load.com/giveaway-smartpixel-pro-4-0-1-year-license-free/" "Mozilla/5.0 (Windows NT 10.0; WOW64) AppleWebKit/537.36 (KHTML, like Gecko) Chrome/55.18.2883.75 Safari/537.36"
49.35.13.5 - - [23/Jul/2017:06:51:11 -0400] "GET /SmartPixel.zip HTTP/1.1" 206 123395 "http://net-load.com/giveaway-smartpixel-pro-4-0-1-year-license-free/" "Mozilla/5.0 (Windows NT 10.0; WOW64) AppleWebKit/537.36 (KHTML, like Gecko) Chrome/55.18.2883.75 Safari/537.36"
66.102.9.137 - - [23/Jul/2017:06:56:35 -0400] "GET /hdr_download.hr.exe HTTP/1.1" 200 8535 "http://net-load.com/giveaway-hasleo-data-recovery-pro-v3-5-for-free/" "Mozilla/5.0 (Windows NT 6.2) AppleWebKit/537.36 (KHTML, like Gecko) Chrome/58.0.3029.81 Safari/537.36"
5.172.255.102 - - [23/Jul/2017:06:56:35 -0400] "GET /hdr_download.hr.exe HTTP/1.1" 200 8535 "http://net-load.com/giveaway-hasleo-data-recovery-pro-v3-5-for-free/" "Mozilla/5.0 (Windows NT 6.2) AppleWebKit/537.36 (KHTML, like Gecko) Chrome/58.0.3029.81 Safari/537.36"
66.102.9.139 - - [23/Jul/2017:06:56:36 -0400] "GET /hdr_download.hr.exe HTTP/1.1" 200 8535 "-" "Mozilla/5.0 (Windows NT 6.2) AppleWebKit/537.36 (KHTML, like Gecko) Chrome/58.0.3029.81 Safari/537.36"
5.172.255.102 - - [23/Jul/2017:06:56:36 -0400] "GET /hdr_download.hr.exe HTTP/1.1" 200 8535 "-" "Mozilla/5.0 (Windows NT 6.2) AppleWebKit/537.36 (KHTML, like Gecko) Chrome/58.0.3029.81 Safari/537.36"
66.102.9.139 - - [23/Jul/2017:06:56:36 -0400] "GET /hdr_download.hr.exe HTTP/1.1" 200 8535 "http://dailydiscounts.eu/giveaway-hasleo-data-recovery-pro-v3-5-for-free/" "Mozilla/5.0 (Windows NT 6.2) AppleWebKit/537.36 (KHTML, like Gecko) Chrome/58.0.3029.81 Safari/537.36"
5.172.255.102 - - [23/Jul/2017:06:56:36 -0400] "GET /hdr_download.hr.exe HTTP/1.1" 200 8535 "http://dailydiscounts.eu/giveaway-hasleo-data-recovery-pro-v3-5-for-free/" "Mozilla/5.0 (Windows NT 6.2) AppleWebKit/537.36 (KHTML, like Gecko) Chrome/58.0.3029.81 Safari/537.36"
5.172.255.102 - - [23/Jul/2017:06:56:36 -0400] "GET /hdr_download.hr.exe HTTP/1.1" 403 0 "-" "FDM/5.1.23.5672"
5.172.255.102 - - [23/Jul/2017:06:56:36 -0400] "GET /hdr_download.hr.exe HTTP/1.1" 403 513 "http://net-load.com/giveaway-hasleo-data-recovery-pro-v3-5-for-free/" "Mozilla/5.0 (Windows NT 6.2) AppleWebKit/537.36 (KHTML, like Gecko) Chrome/58.0.3029.81 Safari/537.36"
207.154.225.123 - - [23/Jul/2017:06:56:36 -0400] "HEAD /IM-Magic_Partition_Resizer_Pro-3.2.0.exe HTTP/1.1" 200 320 "-" "-"
207.154.225.123 - - [23/Jul/2017:06:56:36 -0400] "HEAD /DM_Pro_6.1.zip HTTP/1.1" 200 310 "-" "-"
207.154.225.123 - - [23/Jul/2017:06:56:36 -0400] "HEAD /MiniToolPartitionWizardPro1021.zip HTTP/1.1" 200 310 "-" "-"
202.46.54.104 - - [23/Jul/2017:06:56:36 -0400] "GET / HTTP/1.1" 200 256 "-" "Mozilla/5.0 (Windows NT 10.0; WOW64) AppleWebKit/537.36 (KHTML, like Gecko) Chrome/45.0.2454.93 Safari/537.36"
207.154.225.123 - - [23/Jul/2017:06:56:36 -0400] "HEAD /Macrorit_Disk_Partition_Expert_Pro-4.0.0.zip HTTP/1.1" 200 310 "-" "-"
207.154.225.123 - - [23/Jul/2017:06:56:36 -0400] "HEAD /DM_Pro-6.3.zip HTTP/1.1" 200 310 "-" "-"
207.154.225.123 - - [23/Jul/2017:06:56:36 -0400] "HEAD /IM_Magic_Partition_Resizer_Pro_3.2.1.zip HTTP/1.1" 200 309 "-" "-"
5.172.255.102 - - [23/Jul/2017:06:56:36 -0400] "GET /hdr_download.hr.exe HTTP/1.1" 403 513 "http://net-load.com/giveaway-hasleo-data-recovery-pro-v3-5-for-free/" "Mozilla/5.0 (Windows NT 6.2) AppleWebKit/537.36 (KHTML, like Gecko) Chrome/58.0.3029.81 Safari/537.36"
207.154.225.123 - - [23/Jul/2017:06:56:36 -0400] "HEAD /Eassos_PartitionGuru_Pro_4.9.2.exe HTTP/1.1" 200 322 "-" "-"
207.154.225.123 - - [23/Jul/2017:06:56:36 -0400] "HEAD /Eassos_PartitionGuru_Pro_4.9.2.exe HTTP/1.1" 200 322 "-" "-"
207.154.225.123 - - [23/Jul/2017:06:56:47 -0400] "GET /IM-Magic_Partition_Resizer_Pro-3.2.0.exe HTTP/1.1" 200 8512 "-" "Mozilla/5.0 (Linux; Android 6.0.1; SM-G900F Build/MMB29M) AppleWebKit/537.36 (KHTML, like Gecko) Chrome/57.0.2987.132 Mobile Safari/537.36"
207.154.225.123 - - [23/Jul/2017:06:56:47 -0400] "GET /IM-Magic_Partition_Resizer_Pro-3.2.0.exe HTTP/1.1" 200 8512 "-" "Mozilla/5.0 (Linux; Android 6.0.1; SM-G900F Build/MMB29M) AppleWebKit/537.36 (KHTML, like Gecko) Chrome/57.0.2987.132 Mobile Safari/537.36"
207.154.225.123 - - [23/Jul/2017:06:56:47 -0400] "HEAD /IM-Magic_Partition_Resizer_Pro-3.2.0.exe HTTP/1.1" 200 320 "-" "-"
129.205.156.35 - - [23/Jul/2017:06:56:47 -0400] "GET /iobituninstaller-6.4.0.2119.exe HTTP/1.1" 200 16705 "http://net-load.com/giveaway-iobit-uninstaller-v6-4-0-for-free/" "Mozilla/5.0 (Windows NT 10.0; Win64; x64) AppleWebKit/537.36 (KHTML, like Gecko) Chrome/59.0.3071.115 Safari/537.36"
129.205.156.35 - - [23/Jul/2017:06:56:47 -0400] "GET /iobituninstaller-6.4.0.2119.exe HTTP/1.1" 200 16705 "http://net-load.com/giveaway-iobit-uninstaller-v6-4-0-for-free/" "Mozilla/5.0 (Windows NT 10.0; Win64; x64) AppleWebKit/537.36 (KHTML, like Gecko) Chrome/59.0.3071.115 Safari/537.36"
93.235.8.48 - - [23/Jul/2017:06:56:48 -0400] "GET /sosintwr.zip HTTP/1.1" 200 8502 "http://cj.dotomi.com/cs65gv32L/v16/KKLNQJNR/QRJMSQN/J/J/J?p=jA71%3Dx995%25JQ%25IV%25IVst3.3u9-14qt.s42%25IV848y39C7.Fy5%3c%3cx995%3A%2F%2FCCC.9061xsu.s42%3AOG%2Fs1ys0-NOGJPNK-HHIKNGKO-HJLKNONGNNGGG%3c%3cW%3cx995%3A%2F%2F3u9-14qt.s42%2FwyBuqCqE-89uwq348-431y3u-8xyu1t-B53-HEuq7-1ysu38u-v7uu%2F%3c%3c" "Mozilla/5.0 (Windows; U; Windows NT 6.1; Win64; x64; en-US) AppleWebKit/537.36 (KHTML, like Gecko) Chrome/59.0.3071.115 Anonymisiert durch AlMiSoft Browser-Maulkorb 15707655"
2.247.254.94 - - [23/Jul/2017:06:56:48 -0400] "GET /MiniToolPartitionWizardPro1021.zip HTTP/1.1" 200 8502 "http://net-load.com/giveaway-minitool-partition-wizard-pro-v10-2-1-for-free/" "Opera/9.80 (Windows NT 5.1) Presto/2.12.388 Version/12.15"
49.35.13.5 - - [23/Jul/2017:06:52:36 -0400] "GET /SmartPixel.zip HTTP/1.1" 206 123394 "http://net-load.com/giveaway-smartpixel-pro-4-0-1-year-license-free/" "Mozilla/5.0 (Windows NT 10.0; WOW64) AppleWebKit/537.36 (KHTML, like Gecko) Chrome/55.18.2883.75 Safari/537.36"
2.247.254.94 - - [23/Jul/2017:06:57:38 -0400] "GET /DM_Pro-6.3.zip HTTP/1.1" 200 49462 "http://net-load.com/giveaway-aomei-partition-assistant-pro-v6-3-for-free/" "Opera/9.80 (Windows NT 5.1) Presto/2.12.388 Version/12.15"
49.35.13.5 - - [23/Jul/2017:06:53:00 -0400] "GET /SmartPixel.zip HTTP/1.1" 206 123394 "http://net-load.com/giveaway-smartpixel-pro-4-0-1-year-license-free/" "Mozilla/5.0 (Windows NT 10.0; WOW64) AppleWebKit/537.36 (KHTML, like Gecko) Chrome/55.18.2883.75 Safari/537.36"
49.35.13.5 - - [23/Jul/2017:06:53:26 -0400] "GET /SmartPixel.zip HTTP/1.1" 206 123394 "http://net-load.com/giveaway-smartpixel-pro-4-0-1-year-license-free/" "Mozilla/5.0 (Windows NT 10.0; WOW64) AppleWebKit/537.36 (KHTML, like Gecko) Chrome/55.18.2883.75 Safari/537.36"
49.35.13.5 - - [23/Jul/2017:06:53:30 -0400] "GET /SmartPixel.zip HTTP/1.1" 206 123394 "http://net-load.com/giveaway-smartpixel-pro-4-0-1-year-license-free/" "Mozilla/5.0 (Windows NT 10.0; WOW64) AppleWebKit/537.36 (KHTML, like Gecko) Chrome/55.18.2883.75 Safari/537.36"
49.35.13.5 - - [23/Jul/2017:06:53:44 -0400] "GET /SmartPixel.zip HTTP/1.1" 206 123394 "http://net-load.com/giveaway-smartpixel-pro-4-0-1-year-license-free/" "Mozilla/5.0 (Windows NT 10.0; WOW64) AppleWebKit/537.36 (KHTML, like Gecko) Chrome/55.18.2883.75 Safari/537.36"
49.35.13.5 - - [23/Jul/2017:06:54:18 -0400] "GET /SmartPixel.zip HTTP/1.1" 206 123395 "http://net-load.com/giveaway-smartpixel-pro-4-0-1-year-license-free/" "Mozilla/5.0 (Windows NT 10.0; WOW64) AppleWebKit/537.36 (KHTML, like Gecko) Chrome/55.18.2883.75 Safari/537.36"
93.235.8.48 - - [23/Jul/2017:06:59:34 -0400] "GET /sosintwr.zip HTTP/1.1" 206 23673 "http://cdn.net-load.com/" "Mozilla/5.0 (Windows NT 6.1; Trident/7.0; rv:11.0) like Gecko"
93.235.8.48 - - [23/Jul/2017:06:59:34 -0400] "GET /sosintwr.zip HTTP/1.1" 200 524541 "http://cdn.net-load.com/" "Mozilla/5.0 (Windows NT 6.1; Trident/7.0; rv:11.0) like Gecko"
49.35.13.5 - - [23/Jul/2017:06:56:01 -0400] "GET /SmartPixel.zip HTTP/1.1" 206 123395 "http://net-load.com/giveaway-smartpixel-pro-4-0-1-year-license-free/" "Mozilla/5.0 (Windows NT 10.0; WOW64) AppleWebKit/537.36 (KHTML, like Gecko) Chrome/55.18.2883.75 Safari/537.36"
93.235.8.48 - - [23/Jul/2017:07:01:03 -0400] "GET /sosintwr.zip HTTP/1.1" 206 8314 "http://cdn.net-load.com/" "Mozilla/5.0 (Windows NT 6.1; Trident/7.0; rv:11.0) like Gecko"
93.235.8.48 - - [23/Jul/2017:07:01:04 -0400] "GET /sosintwr.zip HTTP/1.1" 206 8314 "http://cdn.net-load.com/" "Mozilla/5.0 (Windows NT 6.1; Trident/7.0; rv:11.0) like Gecko"
93.235.8.48 - - [23/Jul/2017:07:01:04 -0400] "GET /sosintwr.zip HTTP/1.1" 206 8314 "http://cdn.net-load.com/" "Mozilla/5.0 (Windows NT 6.1; Trident/7.0; rv:11.0) like Gecko"
93.235.8.48 - - [23/Jul/2017:07:01:04 -0400] "GET /sosintwr.zip HTTP/1.1" 403 480 "http://cdn.net-load.com/" "Mozilla/5.0 (Windows NT 6.1; Trident/7.0; rv:11.0) like Gecko"
93.235.8.48 - - [23/Jul/2017:07:01:04 -0400] "GET /sosintwr.zip HTTP/1.1" 403 480 "http://cdn.net-load.com/" "Mozilla/5.0 (Windows NT 6.1; Trident/7.0; rv:11.0) like Gecko"
93.235.8.48 - - [23/Jul/2017:07:01:04 -0400] "GET /sosintwr.zip HTTP/1.1" 403 480 "http://cdn.net-load.com/" "Mozilla/5.0 (Windows NT 6.1; Trident/7.0; rv:11.0) like Gecko"
93.235.8.48 - - [23/Jul/2017:07:01:04 -0400] "GET /sosintwr.zip HTTP/1.1" 403 480 "http://cdn.net-load.com/" "Mozilla/5.0 (Windows NT 6.1; Trident/7.0; rv:11.0) like Gecko"
93.235.8.48 - - [23/Jul/2017:07:01:04 -0400] "GET /sosintwr.zip HTTP/1.1" 403 480 "http://cdn.net-load.com/" "Mozilla/5.0 (Windows NT 6.1; Trident/7.0; rv:11.0) like Gecko"
93.235.8.48 - - [23/Jul/2017:07:01:04 -0400] "GET /sosintwr.zip HTTP/1.1" 403 480 "http://cdn.net-load.com/" "Mozilla/5.0 (Windows NT 6.1; Trident/7.0; rv:11.0) like Gecko"
93.235.8.48 - - [23/Jul/2017:07:01:04 -0400] "GET /sosintwr.zip HTTP/1.1" 403 480 "http://cdn.net-load.com/" "Mozilla/5.0 (Windows NT 6.1; Trident/7.0; rv:11.0) like Gecko"
93.235.8.48 - - [23/Jul/2017:07:01:04 -0400] "GET /sosintwr.zip HTTP/1.1" 403 480 "http://cdn.net-load.com/" "Mozilla/5.0 (Windows NT 6.1; Trident/7.0; rv:11.0) like Gecko"
93.235.8.48 - - [23/Jul/2017:07:01:04 -0400] "GET /sosintwr.zip HTTP/1.1" 403 480 "http://cdn.net-load.com/" "Mozilla/5.0 (Windows NT 6.1; Trident/7.0; rv:11.0) like Gecko"
93.235.8.48 - - [23/Jul/2017:07:01:04 -0400] "GET /sosintwr.zip HTTP/1.1" 403 480 "http://cdn.net-load.com/" "Mozilla/5.0 (Windows NT 6.1; Trident/7.0; rv:11.0) like Gecko"
93.235.8.48 - - [23/Jul/2017:07:01:04 -0400] "GET /sosintwr.zip HTTP/1.1" 403 480 "http://cdn.net-load.com/" "Mozilla/5.0 (Windows NT 6.1; Trident/7.0; rv:11.0) like Gecko"
93.235.8.48 - - [23/Jul/2017:07:01:04 -0400] "GET /sosintwr.zip HTTP/1.1" 403 480 "http://cdn.net-load.com/" "Mozilla/5.0 (Windows NT 6.1; Trident/7.0; rv:11.0) like Gecko"
93.235.8.48 - - [23/Jul/2017:07:01:04 -0400] "GET /sosintwr.zip HTTP/1.1" 403 480 "http://cdn.net-load.com/" "Mozilla/5.0 (Windows NT 6.1; Trident/7.0; rv:11.0) like Gecko"
49.35.13.5 - - [23/Jul/2017:06:56:02 -0400] "GET /SmartPixel.zip HTTP/1.1" 206 123395 "http://net-load.com/giveaway-smartpixel-pro-4-0-1-year-license-free/" "Mozilla/5.0 (Windows NT 10.0; WOW64) AppleWebKit/537.36 (KHTML, like Gecko) Chrome/55.18.2883.75 Safari/537.36"
93.235.8.48 - - [23/Jul/2017:07:01:05 -0400] "GET /sosintwr.zip HTTP/1.1" 403 480 "http://cdn.net-load.com/" "Mozilla/5.0 (Windows NT 6.1; Trident/7.0; rv:11.0) like Gecko"
93.235.8.48 - - [23/Jul/2017:07:01:08 -0400] "GET /sosintwr.zip HTTP/1.1" 403 480 "http://cdn.net-load.com/" "Mozilla/5.0 (Windows NT 6.1; Trident/7.0; rv:11.0) like Gecko"
93.235.8.48 - - [23/Jul/2017:07:01:08 -0400] "GET /sosintwr.zip HTTP/1.1" 403 480 "http://cdn.net-load.com/" "Mozilla/5.0 (Windows NT 6.1; Trident/7.0; rv:11.0) like Gecko"
93.235.8.48 - - [23/Jul/2017:07:01:08 -0400] "GET /sosintwr.zip HTTP/1.1" 403 480 "http://cdn.net-load.com/" "Mozilla/5.0 (Windows NT 6.1; Trident/7.0; rv:11.0) like Gecko"
93.235.8.48 - - [23/Jul/2017:07:01:08 -0400] "GET /sosintwr.zip HTTP/1.1" 403 480 "http://cdn.net-load.com/" "Mozilla/5.0 (Windows NT 6.1; Trident/7.0; rv:11.0) like Gecko"
93.235.8.48 - - [23/Jul/2017:06:59:35 -0400] "GET /sosintwr.zip HTTP/1.1" 206 4560313 "http://cdn.net-load.com/" "Mozilla/5.0 (Windows NT 6.1; Trident/7.0; rv:11.0) like Gecko"
93.235.8.48 - - [23/Jul/2017:07:01:13 -0400] "GET /sosintwr.zip HTTP/1.1" 403 480 "http://cdn.net-load.com/" "Mozilla/5.0 (Windows NT 6.1; Trident/7.0; rv:11.0) like Gecko"
93.235.8.48 - - [23/Jul/2017:07:01:13 -0400] "GET /sosintwr.zip HTTP/1.1" 403 480 "http://cdn.net-load.com/" "Mozilla/5.0 (Windows NT 6.1; Trident/7.0; rv:11.0) like Gecko"
93.235.8.48 - - [23/Jul/2017:06:59:34 -0400] "GET /sosintwr.zip HTTP/1.1" 206 4808315 "http://cdn.net-load.com/" "Mozilla/5.0 (Windows NT 6.1; Trident/7.0; rv:11.0) like Gecko"
93.235.8.48 - - [23/Jul/2017:06:59:47 -0400] "GET /sosintwr.zip HTTP/1.1" 206 4559819 "http://cdn.net-load.com/" "Mozilla/5.0 (Windows NT 6.1; Trident/7.0; rv:11.0) like Gecko"
93.235.8.48 - - [23/Jul/2017:07:01:18 -0400] "GET /sosintwr.zip HTTP/1.1" 403 480 "http://cdn.net-load.com/" "Mozilla/5.0 (Windows NT 6.1; Trident/7.0; rv:11.0) like Gecko"
93.235.8.48 - - [23/Jul/2017:07:01:22 -0400] "GET /sosintwr.zip HTTP/1.1" 403 480 "http://cdn.net-load.com/" "Mozilla/5.0 (Windows NT 6.1; Trident/7.0; rv:11.0) like Gecko"
93.235.8.48 - - [23/Jul/2017:07:01:22 -0400] "GET /sosintwr.zip HTTP/1.1" 403 480 "http://cdn.net-load.com/" "Mozilla/5.0 (Windows NT 6.1; Trident/7.0; rv:11.0) like Gecko"
93.235.8.48 - - [23/Jul/2017:07:01:13 -0400] "GET /sosintwr.zip HTTP/1.1" 206 1144314 "http://cdn.net-load.com/" "Mozilla/5.0 (Windows NT 6.1; Trident/7.0; rv:11.0) like Gecko"
14.161.207.228 - - [23/Jul/2017:06:56:36 -0400] "GET /sosintwr.zip HTTP/1.1" 200 122007 "http://www.vn-zoom.com/f746/free-license-vpn-1-nam-3148046.html" "Mozilla/5.0 (Windows NT 10.0; Win64; x64) AppleWebKit/537.36 (KHTML, like Gecko) Chrome/59.0.3071.115 Safari/537.36"
93.235.8.48 - - [23/Jul/2017:07:01:18 -0400] "GET /sosintwr.zip HTTP/1.1" 206 1162397 "http://cdn.net-load.com/" "Mozilla/5.0 (Windows NT 6.1; Trident/7.0; rv:11.0) like Gecko"
93.235.8.48 - - [23/Jul/2017:07:01:36 -0400] "GET /sosintwr.zip HTTP/1.1" 206 576314 "http://cdn.net-load.com/" "Mozilla/5.0 (Windows NT 6.1; Trident/7.0; rv:11.0) like Gecko"
93.235.8.48 - - [23/Jul/2017:07:01:05 -0400] "GET /sosintwr.zip HTTP/1.1" 206 2256315 "http://cdn.net-load.com/" "Mozilla/5.0 (Windows NT 6.1; Trident/7.0; rv:11.0) like Gecko"
93.235.8.48 - - [23/Jul/2017:07:01:08 -0400] "GET /sosintwr.zip HTTP/1.1" 206 2072315 "http://cdn.net-load.com/" "Mozilla/5.0 (Windows NT 6.1; Trident/7.0; rv:11.0) like Gecko"
93.235.8.48 - - [23/Jul/2017:06:59:34 -0400] "GET /sosintwr.zip HTTP/1.1" 206 6691065 "http://cdn.net-load.com/" "Mozilla/5.0 (Windows NT 6.1; Trident/7.0; rv:11.0) like Gecko"
93.235.8.48 - - [23/Jul/2017:07:01:48 -0400] "GET /sosintwr.zip HTTP/1.1" 206 168314 "http://cdn.net-load.com/" "Mozilla/5.0 (Windows NT 6.1; Trident/7.0; rv:11.0) like Gecko"
93.235.8.48 - - [23/Jul/2017:07:01:40 -0400] "GET /sosintwr.zip HTTP/1.1" 206 576314 "http://cdn.net-load.com/" "Mozilla/5.0 (Windows NT 6.1; Trident/7.0; rv:11.0) like Gecko"
93.235.8.48 - - [23/Jul/2017:07:01:42 -0400] "GET /sosintwr.zip HTTP/1.1" 206 536314 "http://cdn.net-load.com/" "Mozilla/5.0 (Windows NT 6.1; Trident/7.0; rv:11.0) like Gecko"
