error.log
151.80.27.116 - - [23/Jul/2017:04:32:43 -0400] "GET /ActivePresenter_v5.5.3_setup.exe HTTP/1.1" 200 1073417 "-" "Mozilla/5.0 (compatible; AhrefsBot/5.2; +http://ahrefs.com/robot/)"
14.230.129.158 - - [23/Jul/2017:04:33:43 -0400] "GET /favicon.ico HTTP/1.1" 404 506 "-" "Mozilla/5.0 (Windows NT 10.0) AppleWebKit/537.36 (KHTML, like Gecko) Chrome/52.0.2743.116 Safari/537.36 Edge/15.15063"
14.230.129.158 - - [23/Jul/2017:04:34:40 -0400] "GET /favicon.ico HTTP/1.1" 404 506 "-" "Mozilla/5.0 (Windows NT 10.0) AppleWebKit/537.36 (KHTML, like Gecko) Chrome/52.0.2743.116 Safari/537.36 Edge/15.15063"
14.230.129.158 - - [23/Jul/2017:04:34:40 -0400] "GET /sosintwr.zip HTTP/1.1" 200 532790 "http://www.vn-zoom.com/f746/free-license-vpn-1-nam-3148046.html" "Mozilla/5.0 (Windows NT 10.0) AppleWebKit/537.36 (KHTML, like Gecko) Chrome/52.0.2743.116 Safari/537.36 Edge/15.15063"
120.221.0.33 - - [23/Jul/2017:04:38:38 -0400] "GET /hdsentinel_setup_5.01.exe HTTP/1.1" 304 157 "-" "Mozilla/5.0 Gecko/20100115 Firefox/3.6"
14.230.129.158 - - [23/Jul/2017:04:39:03 -0400] "GET /sosintwr.zip HTTP/1.1" 200 581942 "http://www.vn-zoom.com/f746/free-license-vpn-1-nam-3148046.html" "Mozilla/5.0 (Windows NT 10.0) AppleWebKit/537.36 (KHTML, like Gecko) Chrome/52.0.2743.116 Safari/537.36 Edge/15.15063"
221.181.104.40 - - [23/Jul/2017:04:41:16 -0400] "GET /w_sitb45.pdf HTTP/1.1" 304 156 "-" "Mozilla/5.0 Gecko/20100115 Firefox/3.6"
89.73.130.128 - - [23/Jul/2017:04:40:08 -0400] "GET /hdr_download.hr.exe HTTP/1.1" 200 11018235 "http://dailydiscounts.eu/giveaway-hasleo-data-recovery-pro-v3-5-for-free/" "Mozilla/5.0 (Windows NT 6.1; WOW64; rv:54.0) Gecko/20100101 Firefox/54.0"
103.57.70.230 - - [23/Jul/2017:04:45:40 -0400] "GET /favicon.ico HTTP/1.1" 404 506 "http://cdn.net-load.com/w_wile229.pdf" "Mozilla/5.0 (Windows NT 6.1) AppleWebKit/537.36 (KHTML, like Gecko) Chrome/50.0.2661.102 UBrowser/6.1.2015.1007 Safari/537.36"
14.230.129.158 - - [23/Jul/2017:04:33:42 -0400] "GET /sosintwr.zip HTTP/1.1" 200 36959675 "http://www.vn-zoom.com/f746/free-license-vpn-1-nam-3148046.html" "Mozilla/5.0 (Windows NT 10.0) AppleWebKit/537.36 (KHTML, like Gecko) Chrome/52.0.2743.116 Safari/537.36 Edge/15.15063"
14.230.129.158 - - [23/Jul/2017:04:45:55 -0400] "GET /sosintwr.zip HTTP/1.1" 200 1827126 "http://www.vn-zoom.com/f746/free-license-vpn-1-nam-3148046.html" "Mozilla/5.0 (Windows NT 10.0) AppleWebKit/537.36 (KHTML, like Gecko) Chrome/52.0.2743.116 Safari/537.36 Edge/15.15063"
103.57.70.230 - - [23/Jul/2017:04:45:44 -0400] "GET /w_wile229.pdf HTTP/1.1" 206 8152709 "http://cdn.net-load.com/w_wile229.pdf" "Mozilla/5.0 (Windows NT 6.1) AppleWebKit/537.36 (KHTML, like Gecko) Chrome/50.0.2661.102 UBrowser/6.1.2015.1007 Safari/537.36"
41.223.201.247 - - [23/Jul/2017:04:49:29 -0400] "GET /AdvancedSystemCarePro104.zip HTTP/1.1" 304 157 "-" "Mozilla/5.0 Gecko/20100115 Firefox/3.6"
103.57.70.230 - - [23/Jul/2017:04:45:37 -0400] "GET /w_wile229.pdf HTTP/1.1" 200 424836 "http://net-load.com/ebook-hacking-for-dummies-5th-edition-for-free/" "Mozilla/5.0 (Windows NT 6.1) AppleWebKit/537.36 (KHTML, like Gecko) Chrome/50.0.2661.102 UBrowser/6.1.2015.1007 Safari/537.36"
120.221.0.58 - - [23/Jul/2017:04:51:10 -0400] "GET /icareall-pdf-converter-1.0.exe HTTP/1.1" 304 157 "-" "Mozilla/5.0 Gecko/20100115 Firefox/3.6"
14.169.253.136 - - [23/Jul/2017:04:55:13 -0400] "GET /sosintwr.zip HTTP/1.1" 206 23673 "http://www.vn-zoom.com/f746/free-license-vpn-1-nam-3148046.html" "Mozilla/5.0 (Windows NT 10.0; WOW64) AppleWebKit/537.36 (KHTML, like Gecko) Chrome/59.0.3071.115 Safari/537.36"
14.169.253.136 - - [23/Jul/2017:04:55:21 -0400] "GET /sosintwr.zip HTTP/1.1" 206 125783 "http://www.vn-zoom.com/f746/free-license-vpn-1-nam-3148046.html" "Mozilla/5.0 (Windows NT 10.0; WOW64) AppleWebKit/537.36 (KHTML, like Gecko) Chrome/59.0.3071.115 Safari/537.36"
14.169.253.136 - - [23/Jul/2017:04:55:14 -0400] "GET /sosintwr.zip HTTP/1.1" 206 124401 "http://www.vn-zoom.com/f746/free-license-vpn-1-nam-3148046.html" "Mozilla/5.0 (Windows NT 10.0; WOW64) AppleWebKit/537.36 (KHTML, like Gecko) Chrome/59.0.3071.115 Safari/537.36"
14.169.253.136 - - [23/Jul/2017:04:54:58 -0400] "GET /sosintwr.zip HTTP/1.1" 200 125915 "http://www.vn-zoom.com/f746/free-license-vpn-1-nam-3148046.html" "Mozilla/5.0 (Windows NT 10.0; WOW64) AppleWebKit/537.36 (KHTML, like Gecko) Chrome/59.0.3071.115 Safari/537.36"
14.169.253.136 - - [23/Jul/2017:04:55:22 -0400] "GET /sosintwr.zip HTTP/1.1" 206 127167 "http://www.vn-zoom.com/f746/free-license-vpn-1-nam-3148046.html" "Mozilla/5.0 (Windows NT 10.0; WOW64) AppleWebKit/537.36 (KHTML, like Gecko) Chrome/59.0.3071.115 Safari/537.36"
14.169.253.136 - - [23/Jul/2017:04:55:48 -0400] "GET /sosintwr.zip HTTP/1.1" 206 129908 "http://www.vn-zoom.com/f746/free-license-vpn-1-nam-3148046.html" "Mozilla/5.0 (Windows NT 10.0; WOW64) AppleWebKit/537.36 (KHTML, like Gecko) Chrome/59.0.3071.115 Safari/537.36"
14.169.253.136 - - [23/Jul/2017:04:55:21 -0400] "GET /sosintwr.zip HTTP/1.1" 206 174154 "http://www.vn-zoom.com/f746/free-license-vpn-1-nam-3148046.html" "Mozilla/5.0 (Windows NT 10.0; WOW64) AppleWebKit/537.36 (KHTML, like Gecko) Chrome/59.0.3071.115 Safari/537.36"
14.169.253.136 - - [23/Jul/2017:04:55:54 -0400] "GET /sosintwr.zip HTTP/1.1" 206 131312 "http://www.vn-zoom.com/f746/free-license-vpn-1-nam-3148046.html" "Mozilla/5.0 (Windows NT 10.0; WOW64) AppleWebKit/537.36 (KHTML, like Gecko) Chrome/59.0.3071.115 Safari/537.36"
14.169.253.136 - - [23/Jul/2017:04:55:22 -0400] "GET /sosintwr.zip HTTP/1.1" 206 189356 "http://www.vn-zoom.com/f746/free-license-vpn-1-nam-3148046.html" "Mozilla/5.0 (Windows NT 10.0; WOW64) AppleWebKit/537.36 (KHTML, like Gecko) Chrome/59.0.3071.115 Safari/537.36"
14.169.253.136 - - [23/Jul/2017:04:56:10 -0400] "GET /sosintwr.zip HTTP/1.1" 206 131312 "http://www.vn-zoom.com/f746/free-license-vpn-1-nam-3148046.html" "Mozilla/5.0 (Windows NT 10.0; WOW64) AppleWebKit/537.36 (KHTML, like Gecko) Chrome/59.0.3071.115 Safari/537.36"
14.169.253.136 - - [23/Jul/2017:04:55:14 -0400] "GET /sosintwr.zip HTTP/1.1" 206 128549 "http://www.vn-zoom.com/f746/free-license-vpn-1-nam-3148046.html" "Mozilla/5.0 (Windows NT 10.0; WOW64) AppleWebKit/537.36 (KHTML, like Gecko) Chrome/59.0.3071.115 Safari/537.36"
103.57.70.230 - - [23/Jul/2017:04:57:21 -0400] "GET /w_wile229.pdf HTTP/1.1" 206 303425 "http://cdn.net-load.com/w_wile229.pdf" "Mozilla/5.0 (Windows NT 6.1) AppleWebKit/537.36 (KHTML, like Gecko) Chrome/50.0.2661.102 UBrowser/6.1.2015.1007 Safari/537.36"
14.169.253.136 - - [23/Jul/2017:04:55:49 -0400] "GET /sosintwr.zip HTTP/1.1" 206 127159 "http://www.vn-zoom.com/f746/free-license-vpn-1-nam-3148046.html" "Mozilla/5.0 (Windows NT 10.0; WOW64) AppleWebKit/537.36 (KHTML, like Gecko) Chrome/59.0.3071.115 Safari/537.36"
14.169.253.136 - - [23/Jul/2017:04:57:27 -0400] "GET /sosintwr.zip HTTP/1.1" 206 180200 "http://www.vn-zoom.com/f746/free-license-vpn-1-nam-3148046.html" "Mozilla/5.0 (Windows NT 10.0; WOW64) AppleWebKit/537.36 (KHTML, like Gecko) Chrome/59.0.3071.115 Safari/537.36"
14.169.253.136 - - [23/Jul/2017:04:56:31 -0400] "GET /sosintwr.zip HTTP/1.1" 206 937017 "http://www.vn-zoom.com/f746/free-license-vpn-1-nam-3148046.html" "Mozilla/5.0 (Windows NT 10.0; WOW64) AppleWebKit/537.36 (KHTML, like Gecko) Chrome/59.0.3071.115 Safari/537.36"
14.169.253.136 - - [23/Jul/2017:04:56:21 -0400] "GET /sosintwr.zip HTTP/1.1" 206 2396054 "http://www.vn-zoom.com/f746/free-license-vpn-1-nam-3148046.html" "Mozilla/5.0 (Windows NT 10.0; WOW64) AppleWebKit/537.36 (KHTML, like Gecko) Chrome/59.0.3071.115 Safari/537.36"
14.169.253.136 - - [23/Jul/2017:04:55:51 -0400] "GET /sosintwr.zip HTTP/1.1" 206 3002343 "http://www.vn-zoom.com/f746/free-license-vpn-1-nam-3148046.html" "Mozilla/5.0 (Windows NT 10.0; WOW64) AppleWebKit/537.36 (KHTML, like Gecko) Chrome/59.0.3071.115 Safari/537.36"
14.169.253.136 - - [23/Jul/2017:04:56:38 -0400] "GET /sosintwr.zip HTTP/1.1" 206 1850106 "http://www.vn-zoom.com/f746/free-license-vpn-1-nam-3148046.html" "Mozilla/5.0 (Windows NT 10.0; WOW64) AppleWebKit/537.36 (KHTML, like Gecko) Chrome/59.0.3071.115 Safari/537.36"
103.57.70.230 - - [23/Jul/2017:05:00:27 -0400] "GET /w_wile229.pdf HTTP/1.1" 200 254260 "http://cdn.net-load.com/w_wile229.pdf" "Mozilla/5.0 (Windows NT 6.1) AppleWebKit/537.36 (KHTML, like Gecko) Chrome/50.0.2661.102 UBrowser/6.1.2015.1007 Safari/537.36"
14.169.253.136 - - [23/Jul/2017:04:57:00 -0400] "GET /sosintwr.zip HTTP/1.1" 206 872064 "http://www.vn-zoom.com/f746/free-license-vpn-1-nam-3148046.html" "Mozilla/5.0 (Windows NT 10.0; WOW64) AppleWebKit/537.36 (KHTML, like Gecko) Chrome/59.0.3071.115 Safari/537.36"
14.169.253.136 - - [23/Jul/2017:04:57:27 -0400] "GET /sosintwr.zip HTTP/1.1" 206 653708 "http://www.vn-zoom.com/f746/free-license-vpn-1-nam-3148046.html" "Mozilla/5.0 (Windows NT 10.0; WOW64) AppleWebKit/537.36 (KHTML, like Gecko) Chrome/59.0.3071.115 Safari/537.36"
112.68.32.240 - - [23/Jul/2017:04:43:06 -0400] "GET /winx-hd-converter-deluxe-5.9.8.exe HTTP/1.1" 200 54185210 "-" "Mozilla/5.0 (Windows NT 10.0; WOW64; Trident/7.0; Touch; rv:11.0) like Gecko"
14.169.253.136 - - [23/Jul/2017:04:57:15 -0400] "GET /sosintwr.zip HTTP/1.1" 206 4526984 "http://www.vn-zoom.com/f746/free-license-vpn-1-nam-3148046.html" "Mozilla/5.0 (Windows NT 10.0; WOW64) AppleWebKit/537.36 (KHTML, like Gecko) Chrome/59.0.3071.115 Safari/537.36"
103.57.70.230 - - [23/Jul/2017:04:57:40 -0400] "GET /w_wile229.pdf HTTP/1.1" 200 2324124 "http://cdn.net-load.com/w_wile229.pdf" "Mozilla/5.0 (Windows NT 6.1) AppleWebKit/537.36 (KHTML, like Gecko) Chrome/50.0.2661.102 UBrowser/6.1.2015.1007 Safari/537.36"
87.10.43.24 - - [23/Jul/2017:05:03:29 -0400] "GET /InPixio_Photo_Clip_5_ITA.exe HTTP/1.1" 200 0 "http://dailydiscounts.eu/giveaway-inpixio-photo-clip-v5-01-27501-for-free-2/" "Mozilla/5.0 (Windows NT 10.0; Win64; x64) AppleWebKit/537.36 (KHTML, like Gecko) Chrome/51.0.2704.79 Safari/537.36 Edge/14.14393"
103.57.70.230 - - [23/Jul/2017:04:58:03 -0400] "GET /w_wile229.pdf HTTP/1.1" 200 1220584 "http://cdn.net-load.com/w_wile229.pdf" "Mozilla/5.0 (Windows NT 6.1) AppleWebKit/537.36 (KHTML, like Gecko) Chrome/50.0.2661.102 UBrowser/6.1.2015.1007 Safari/537.36"
103.57.70.230 - - [23/Jul/2017:05:00:04 -0400] "GET /w_wile229.pdf HTTP/1.1" 200 236420 "http://cdn.net-load.com/w_wile229.pdf" "Mozilla/5.0 (Windows NT 6.1) AppleWebKit/537.36 (KHTML, like Gecko) Chrome/50.0.2661.102 UBrowser/6.1.2015.1007 Safari/537.36"
103.57.70.230 - - [23/Jul/2017:05:00:06 -0400] "GET /w_wile229.pdf HTTP/1.1" 200 220036 "http://cdn.net-load.com/w_wile229.pdf" "Mozilla/5.0 (Windows NT 6.1) AppleWebKit/537.36 (KHTML, like Gecko) Chrome/50.0.2661.102 UBrowser/6.1.2015.1007 Safari/537.36"
14.169.253.136 - - [23/Jul/2017:05:00:30 -0400] "GET /sosintwr.zip HTTP/1.1" 206 124401 "http://www.vn-zoom.com/f746/free-license-vpn-1-nam-3148046.html" "Mozilla/5.0 (Windows NT 10.0; WOW64) AppleWebKit/537.36 (KHTML, like Gecko) Chrome/59.0.3071.115 Safari/537.36"
14.169.253.136 - - [23/Jul/2017:05:00:32 -0400] "GET /sosintwr.zip HTTP/1.1" 206 124400 "http://www.vn-zoom.com/f746/free-license-vpn-1-nam-3148046.html" "Mozilla/5.0 (Windows NT 10.0; WOW64) AppleWebKit/537.36 (KHTML, like Gecko) Chrome/59.0.3071.115 Safari/537.36"
14.169.253.136 - - [23/Jul/2017:05:00:35 -0400] "GET /sosintwr.zip HTTP/1.1" 206 124400 "http://www.vn-zoom.com/f746/free-license-vpn-1-nam-3148046.html" "Mozilla/5.0 (Windows NT 10.0; WOW64) AppleWebKit/537.36 (KHTML, like Gecko) Chrome/59.0.3071.115 Safari/537.36"
14.169.253.136 - - [23/Jul/2017:05:00:57 -0400] "GET /sosintwr.zip HTTP/1.1" 206 125762 "http://www.vn-zoom.com/f746/free-license-vpn-1-nam-3148046.html" "Mozilla/5.0 (Windows NT 10.0; WOW64) AppleWebKit/537.36 (KHTML, like Gecko) Chrome/59.0.3071.115 Safari/537.36"
14.169.253.136 - - [23/Jul/2017:05:01:29 -0400] "GET /sosintwr.zip HTTP/1.1" 206 124402 "http://www.vn-zoom.com/f746/free-license-vpn-1-nam-3148046.html" "Mozilla/5.0 (Windows NT 10.0; WOW64) AppleWebKit/537.36 (KHTML, like Gecko) Chrome/59.0.3071.115 Safari/537.36"
14.169.253.136 - - [23/Jul/2017:05:01:55 -0400] "GET /sosintwr.zip HTTP/1.1" 206 124400 "http://www.vn-zoom.com/f746/free-license-vpn-1-nam-3148046.html" "Mozilla/5.0 (Windows NT 10.0; WOW64) AppleWebKit/537.36 (KHTML, like Gecko) Chrome/59.0.3071.115 Safari/537.36"
14.169.253.136 - - [23/Jul/2017:05:03:29 -0400] "GET /sosintwr.zip HTTP/1.1" 206 124402 "http://www.vn-zoom.com/f746/free-license-vpn-1-nam-3148046.html" "Mozilla/5.0 (Windows NT 10.0; WOW64) AppleWebKit/537.36 (KHTML, like Gecko) Chrome/59.0.3071.115 Safari/537.36"
14.169.253.136 - - [23/Jul/2017:05:03:30 -0400] "GET /sosintwr.zip HTTP/1.1" 206 124402 "http://www.vn-zoom.com/f746/free-license-vpn-1-nam-3148046.html" "Mozilla/5.0 (Windows NT 10.0; WOW64) AppleWebKit/537.36 (KHTML, like Gecko) Chrome/59.0.3071.115 Safari/537.36"
14.169.253.136 - - [23/Jul/2017:05:05:09 -0400] "GET /sosintwr.zip HTTP/1.1" 206 124402 "http://www.vn-zoom.com/f746/free-license-vpn-1-nam-3148046.html" "Mozilla/5.0 (Windows NT 10.0; WOW64) AppleWebKit/537.36 (KHTML, like Gecko) Chrome/59.0.3071.115 Safari/537.36"
14.169.253.136 - - [23/Jul/2017:05:05:11 -0400] "GET /sosintwr.zip HTTP/1.1" 206 124402 "http://www.vn-zoom.com/f746/free-license-vpn-1-nam-3148046.html" "Mozilla/5.0 (Windows NT 10.0; WOW64) AppleWebKit/537.36 (KHTML, like Gecko) Chrome/59.0.3071.115 Safari/537.36"
14.169.253.136 - - [23/Jul/2017:05:05:33 -0400] "GET /sosintwr.zip HTTP/1.1" 206 124402 "http://www.vn-zoom.com/f746/free-license-vpn-1-nam-3148046.html" "Mozilla/5.0 (Windows NT 10.0; WOW64) AppleWebKit/537.36 (KHTML, like Gecko) Chrome/59.0.3071.115 Safari/537.36"
14.169.253.136 - - [23/Jul/2017:05:05:35 -0400] "GET /sosintwr.zip HTTP/1.1" 206 124400 "http://www.vn-zoom.com/f746/free-license-vpn-1-nam-3148046.html" "Mozilla/5.0 (Windows NT 10.0; WOW64) AppleWebKit/537.36 (KHTML, like Gecko) Chrome/59.0.3071.115 Safari/537.36"
14.169.253.136 - - [23/Jul/2017:05:05:37 -0400] "GET /sosintwr.zip HTTP/1.1" 206 124402 "http://www.vn-zoom.com/f746/free-license-vpn-1-nam-3148046.html" "Mozilla/5.0 (Windows NT 10.0; WOW64) AppleWebKit/537.36 (KHTML, like Gecko) Chrome/59.0.3071.115 Safari/537.36"
14.169.253.136 - - [23/Jul/2017:05:06:00 -0400] "GET /sosintwr.zip HTTP/1.1" 206 124402 "http://www.vn-zoom.com/f746/free-license-vpn-1-nam-3148046.html" "Mozilla/5.0 (Windows NT 10.0; WOW64) AppleWebKit/537.36 (KHTML, like Gecko) Chrome/59.0.3071.115 Safari/537.36"
14.169.253.136 - - [23/Jul/2017:05:06:32 -0400] "GET /sosintwr.zip HTTP/1.1" 206 124402 "http://www.vn-zoom.com/f746/free-license-vpn-1-nam-3148046.html" "Mozilla/5.0 (Windows NT 10.0; WOW64) AppleWebKit/537.36 (KHTML, like Gecko) Chrome/59.0.3071.115 Safari/537.36"
14.169.253.136 - - [23/Jul/2017:05:06:57 -0400] "GET /sosintwr.zip HTTP/1.1" 206 124403 "http://www.vn-zoom.com/f746/free-license-vpn-1-nam-3148046.html" "Mozilla/5.0 (Windows NT 10.0; WOW64) AppleWebKit/537.36 (KHTML, like Gecko) Chrome/59.0.3071.115 Safari/537.36"
14.169.253.136 - - [23/Jul/2017:05:08:32 -0400] "GET /sosintwr.zip HTTP/1.1" 206 124402 "http://www.vn-zoom.com/f746/free-license-vpn-1-nam-3148046.html" "Mozilla/5.0 (Windows NT 10.0; WOW64) AppleWebKit/537.36 (KHTML, like Gecko) Chrome/59.0.3071.115 Safari/537.36"
14.169.253.136 - - [23/Jul/2017:05:08:32 -0400] "GET /sosintwr.zip HTTP/1.1" 206 124402 "http://www.vn-zoom.com/f746/free-license-vpn-1-nam-3148046.html" "Mozilla/5.0 (Windows NT 10.0; WOW64) AppleWebKit/537.36 (KHTML, like Gecko) Chrome/59.0.3071.115 Safari/537.36"
14.169.253.136 - - [23/Jul/2017:05:10:11 -0400] "GET /sosintwr.zip HTTP/1.1" 206 124400 "http://www.vn-zoom.com/f746/free-license-vpn-1-nam-3148046.html" "Mozilla/5.0 (Windows NT 10.0; WOW64) AppleWebKit/537.36 (KHTML, like Gecko) Chrome/59.0.3071.115 Safari/537.36"
14.169.253.136 - - [23/Jul/2017:05:10:13 -0400] "GET /sosintwr.zip HTTP/1.1" 206 124403 "http://www.vn-zoom.com/f746/free-license-vpn-1-nam-3148046.html" "Mozilla/5.0 (Windows NT 10.0; WOW64) AppleWebKit/537.36 (KHTML, like Gecko) Chrome/59.0.3071.115 Safari/537.36"
14.169.253.136 - - [23/Jul/2017:05:10:35 -0400] "GET /sosintwr.zip HTTP/1.1" 206 124402 "http://www.vn-zoom.com/f746/free-license-vpn-1-nam-3148046.html" "Mozilla/5.0 (Windows NT 10.0; WOW64) AppleWebKit/537.36 (KHTML, like Gecko) Chrome/59.0.3071.115 Safari/537.36"
87.10.43.24 - - [23/Jul/2017:05:15:38 -0400] "GET /InPixio_Photo_Clip_5_ITA.exe HTTP/1.1" 200 0 "http://dailydiscounts.eu/giveaway-inpixio-photo-clip-v5-01-27501-for-free/" "Mozilla/5.0 (Windows NT 10.0; Win64; x64) AppleWebKit/537.36 (KHTML, like Gecko) Chrome/51.0.2704.79 Safari/537.36 Edge/14.14393"
14.169.253.136 - - [23/Jul/2017:05:10:37 -0400] "GET /sosintwr.zip HTTP/1.1" 206 124402 "http://www.vn-zoom.com/f746/free-license-vpn-1-nam-3148046.html" "Mozilla/5.0 (Windows NT 10.0; WOW64) AppleWebKit/537.36 (KHTML, like Gecko) Chrome/59.0.3071.115 Safari/537.36"
14.169.253.136 - - [23/Jul/2017:05:10:40 -0400] "GET /sosintwr.zip HTTP/1.1" 206 124403 "http://www.vn-zoom.com/f746/free-license-vpn-1-nam-3148046.html" "Mozilla/5.0 (Windows NT 10.0; WOW64) AppleWebKit/537.36 (KHTML, like Gecko) Chrome/59.0.3071.115 Safari/537.36"
14.169.253.136 - - [23/Jul/2017:05:11:02 -0400] "GET /sosintwr.zip HTTP/1.1" 206 124403 "http://www.vn-zoom.com/f746/free-license-vpn-1-nam-3148046.html" "Mozilla/5.0 (Windows NT 10.0; WOW64) AppleWebKit/537.36 (KHTML, like Gecko) Chrome/59.0.3071.115 Safari/537.36"
14.169.253.136 - - [23/Jul/2017:05:11:34 -0400] "GET /sosintwr.zip HTTP/1.1" 206 124402 "http://www.vn-zoom.com/f746/free-license-vpn-1-nam-3148046.html" "Mozilla/5.0 (Windows NT 10.0; WOW64) AppleWebKit/537.36 (KHTML, like Gecko) Chrome/59.0.3071.115 Safari/537.36"
14.169.253.136 - - [23/Jul/2017:05:12:00 -0400] "GET /sosintwr.zip HTTP/1.1" 206 124400 "http://www.vn-zoom.com/f746/free-license-vpn-1-nam-3148046.html" "Mozilla/5.0 (Windows NT 10.0; WOW64) AppleWebKit/537.36 (KHTML, like Gecko) Chrome/59.0.3071.115 Safari/537.36"
14.169.253.136 - - [23/Jul/2017:05:13:34 -0400] "GET /sosintwr.zip HTTP/1.1" 206 124403 "http://www.vn-zoom.com/f746/free-license-vpn-1-nam-3148046.html" "Mozilla/5.0 (Windows NT 10.0; WOW64) AppleWebKit/537.36 (KHTML, like Gecko) Chrome/59.0.3071.115 Safari/537.36"
14.169.253.136 - - [23/Jul/2017:05:13:35 -0400] "GET /sosintwr.zip HTTP/1.1" 206 124402 "http://www.vn-zoom.com/f746/free-license-vpn-1-nam-3148046.html" "Mozilla/5.0 (Windows NT 10.0; WOW64) AppleWebKit/537.36 (KHTML, like Gecko) Chrome/59.0.3071.115 Safari/537.36"
14.169.253.136 - - [23/Jul/2017:05:15:14 -0400] "GET /sosintwr.zip HTTP/1.1" 206 124402 "http://www.vn-zoom.com/f746/free-license-vpn-1-nam-3148046.html" "Mozilla/5.0 (Windows NT 10.0; WOW64) AppleWebKit/537.36 (KHTML, like Gecko) Chrome/59.0.3071.115 Safari/537.36"
14.169.253.136 - - [23/Jul/2017:05:15:16 -0400] "GET /sosintwr.zip HTTP/1.1" 206 124403 "http://www.vn-zoom.com/f746/free-license-vpn-1-nam-3148046.html" "Mozilla/5.0 (Windows NT 10.0; WOW64) AppleWebKit/537.36 (KHTML, like Gecko) Chrome/59.0.3071.115 Safari/537.36"
14.169.253.136 - - [23/Jul/2017:05:15:38 -0400] "GET /sosintwr.zip HTTP/1.1" 206 124403 "http://www.vn-zoom.com/f746/free-license-vpn-1-nam-3148046.html" "Mozilla/5.0 (Windows NT 10.0; WOW64) AppleWebKit/537.36 (KHTML, like Gecko) Chrome/59.0.3071.115 Safari/537.36"
14.169.253.136 - - [23/Jul/2017:05:15:40 -0400] "GET /sosintwr.zip HTTP/1.1" 206 124402 "http://www.vn-zoom.com/f746/free-license-vpn-1-nam-3148046.html" "Mozilla/5.0 (Windows NT 10.0; WOW64) AppleWebKit/537.36 (KHTML, like Gecko) Chrome/59.0.3071.115 Safari/537.36"
14.169.253.136 - - [23/Jul/2017:05:15:42 -0400] "GET /sosintwr.zip HTTP/1.1" 206 124400 "http://www.vn-zoom.com/f746/free-license-vpn-1-nam-3148046.html" "Mozilla/5.0 (Windows NT 10.0; WOW64) AppleWebKit/537.36 (KHTML, like Gecko) Chrome/59.0.3071.115 Safari/537.36"
14.169.253.136 - - [23/Jul/2017:05:16:05 -0400] "GET /sosintwr.zip HTTP/1.1" 206 124403 "http://www.vn-zoom.com/f746/free-license-vpn-1-nam-3148046.html" "Mozilla/5.0 (Windows NT 10.0; WOW64) AppleWebKit/537.36 (KHTML, like Gecko) Chrome/59.0.3071.115 Safari/537.36"
14.169.253.136 - - [23/Jul/2017:05:16:37 -0400] "GET /sosintwr.zip HTTP/1.1" 206 124402 "http://www.vn-zoom.com/f746/free-license-vpn-1-nam-3148046.html" "Mozilla/5.0 (Windows NT 10.0; WOW64) AppleWebKit/537.36 (KHTML, like Gecko) Chrome/59.0.3071.115 Safari/537.36"
14.169.253.136 - - [23/Jul/2017:05:17:02 -0400] "GET /sosintwr.zip HTTP/1.1" 206 124403 "http://www.vn-zoom.com/f746/free-license-vpn-1-nam-3148046.html" "Mozilla/5.0 (Windows NT 10.0; WOW64) AppleWebKit/537.36 (KHTML, like Gecko) Chrome/59.0.3071.115 Safari/537.36"
14.169.253.136 - - [23/Jul/2017:05:18:37 -0400] "GET /sosintwr.zip HTTP/1.1" 206 124402 "http://www.vn-zoom.com/f746/free-license-vpn-1-nam-3148046.html" "Mozilla/5.0 (Windows NT 10.0; WOW64) AppleWebKit/537.36 (KHTML, like Gecko) Chrome/59.0.3071.115 Safari/537.36"
14.169.253.136 - - [23/Jul/2017:05:18:37 -0400] "GET /sosintwr.zip HTTP/1.1" 206 124403 "http://www.vn-zoom.com/f746/free-license-vpn-1-nam-3148046.html" "Mozilla/5.0 (Windows NT 10.0; WOW64) AppleWebKit/537.36 (KHTML, like Gecko) Chrome/59.0.3071.115 Safari/537.36"
14.169.253.136 - - [23/Jul/2017:05:20:16 -0400] "GET /sosintwr.zip HTTP/1.1" 206 124403 "http://www.vn-zoom.com/f746/free-license-vpn-1-nam-3148046.html" "Mozilla/5.0 (Windows NT 10.0; WOW64) AppleWebKit/537.36 (KHTML, like Gecko) Chrome/59.0.3071.115 Safari/537.36"
14.169.253.136 - - [23/Jul/2017:05:20:18 -0400] "GET /sosintwr.zip HTTP/1.1" 206 124403 "http://www.vn-zoom.com/f746/free-license-vpn-1-nam-3148046.html" "Mozilla/5.0 (Windows NT 10.0; WOW64) AppleWebKit/537.36 (KHTML, like Gecko) Chrome/59.0.3071.115 Safari/537.36"
14.169.253.136 - - [23/Jul/2017:05:20:40 -0400] "GET /sosintwr.zip HTTP/1.1" 206 124400 "http://www.vn-zoom.com/f746/free-license-vpn-1-nam-3148046.html" "Mozilla/5.0 (Windows NT 10.0; WOW64) AppleWebKit/537.36 (KHTML, like Gecko) Chrome/59.0.3071.115 Safari/537.36"
14.169.253.136 - - [23/Jul/2017:05:20:42 -0400] "GET /sosintwr.zip HTTP/1.1" 206 124403 "http://www.vn-zoom.com/f746/free-license-vpn-1-nam-3148046.html" "Mozilla/5.0 (Windows NT 10.0; WOW64) AppleWebKit/537.36 (KHTML, like Gecko) Chrome/59.0.3071.115 Safari/537.36"
14.169.253.136 - - [23/Jul/2017:05:20:45 -0400] "GET /sosintwr.zip HTTP/1.1" 206 124403 "http://www.vn-zoom.com/f746/free-license-vpn-1-nam-3148046.html" "Mozilla/5.0 (Windows NT 10.0; WOW64) AppleWebKit/537.36 (KHTML, like Gecko) Chrome/59.0.3071.115 Safari/537.36"
14.169.253.136 - - [23/Jul/2017:05:21:07 -0400] "GET /sosintwr.zip HTTP/1.1" 206 124402 "http://www.vn-zoom.com/f746/free-license-vpn-1-nam-3148046.html" "Mozilla/5.0 (Windows NT 10.0; WOW64) AppleWebKit/537.36 (KHTML, like Gecko) Chrome/59.0.3071.115 Safari/537.36"
14.169.253.136 - - [23/Jul/2017:05:21:39 -0400] "GET /sosintwr.zip HTTP/1.1" 206 124403 "http://www.vn-zoom.com/f746/free-license-vpn-1-nam-3148046.html" "Mozilla/5.0 (Windows NT 10.0; WOW64) AppleWebKit/537.36 (KHTML, like Gecko) Chrome/59.0.3071.115 Safari/537.36"
14.169.253.136 - - [23/Jul/2017:05:22:05 -0400] "GET /sosintwr.zip HTTP/1.1" 206 124403 "http://www.vn-zoom.com/f746/free-license-vpn-1-nam-3148046.html" "Mozilla/5.0 (Windows NT 10.0; WOW64) AppleWebKit/537.36 (KHTML, like Gecko) Chrome/59.0.3071.115 Safari/537.36"
14.169.253.136 - - [23/Jul/2017:05:23:39 -0400] "GET /sosintwr.zip HTTP/1.1" 206 125762 "http://www.vn-zoom.com/f746/free-license-vpn-1-nam-3148046.html" "Mozilla/5.0 (Windows NT 10.0; WOW64) AppleWebKit/537.36 (KHTML, like Gecko) Chrome/59.0.3071.115 Safari/537.36"
14.169.253.136 - - [23/Jul/2017:05:23:40 -0400] "GET /sosintwr.zip HTTP/1.1" 206 124403 "http://www.vn-zoom.com/f746/free-license-vpn-1-nam-3148046.html" "Mozilla/5.0 (Windows NT 10.0; WOW64) AppleWebKit/537.36 (KHTML, like Gecko) Chrome/59.0.3071.115 Safari/537.36"
14.169.253.136 - - [23/Jul/2017:05:25:19 -0400] "GET /sosintwr.zip HTTP/1.1" 206 124400 "http://www.vn-zoom.com/f746/free-license-vpn-1-nam-3148046.html" "Mozilla/5.0 (Windows NT 10.0; WOW64) AppleWebKit/537.36 (KHTML, like Gecko) Chrome/59.0.3071.115 Safari/537.36"
14.169.253.136 - - [23/Jul/2017:05:25:21 -0400] "GET /sosintwr.zip HTTP/1.1" 206 124403 "http://www.vn-zoom.com/f746/free-license-vpn-1-nam-3148046.html" "Mozilla/5.0 (Windows NT 10.0; WOW64) AppleWebKit/537.36 (KHTML, like Gecko) Chrome/59.0.3071.115 Safari/537.36"
14.169.253.136 - - [23/Jul/2017:05:25:43 -0400] "GET /sosintwr.zip HTTP/1.1" 206 124403 "http://www.vn-zoom.com/f746/free-license-vpn-1-nam-3148046.html" "Mozilla/5.0 (Windows NT 10.0; WOW64) AppleWebKit/537.36 (KHTML, like Gecko) Chrome/59.0.3071.115 Safari/537.36"
14.169.253.136 - - [23/Jul/2017:05:25:45 -0400] "GET /sosintwr.zip HTTP/1.1" 206 124402 "http://www.vn-zoom.com/f746/free-license-vpn-1-nam-3148046.html" "Mozilla/5.0 (Windows NT 10.0; WOW64) AppleWebKit/537.36 (KHTML, like Gecko) Chrome/59.0.3071.115 Safari/537.36"
14.169.253.136 - - [23/Jul/2017:05:25:47 -0400] "GET /sosintwr.zip HTTP/1.1" 206 124402 "http://www.vn-zoom.com/f746/free-license-vpn-1-nam-3148046.html" "Mozilla/5.0 (Windows NT 10.0; WOW64) AppleWebKit/537.36 (KHTML, like Gecko) Chrome/59.0.3071.115 Safari/537.36"
14.169.253.136 - - [23/Jul/2017:05:26:10 -0400] "GET /sosintwr.zip HTTP/1.1" 206 124403 "http://www.vn-zoom.com/f746/free-license-vpn-1-nam-3148046.html" "Mozilla/5.0 (Windows NT 10.0; WOW64) AppleWebKit/537.36 (KHTML, like Gecko) Chrome/59.0.3071.115 Safari/537.36"
14.169.253.136 - - [23/Jul/2017:05:26:42 -0400] "GET /sosintwr.zip HTTP/1.1" 206 124403 "http://www.vn-zoom.com/f746/free-license-vpn-1-nam-3148046.html" "Mozilla/5.0 (Windows NT 10.0; WOW64) AppleWebKit/537.36 (KHTML, like Gecko) Chrome/59.0.3071.115 Safari/537.36"
14.169.253.136 - - [23/Jul/2017:05:27:07 -0400] "GET /sosintwr.zip HTTP/1.1" 206 124403 "http://www.vn-zoom.com/f746/free-license-vpn-1-nam-3148046.html" "Mozilla/5.0 (Windows NT 10.0; WOW64) AppleWebKit/537.36 (KHTML, like Gecko) Chrome/59.0.3071.115 Safari/537.36"
14.169.253.136 - - [23/Jul/2017:05:28:42 -0400] "GET /sosintwr.zip HTTP/1.1" 206 124400 "http://www.vn-zoom.com/f746/free-license-vpn-1-nam-3148046.html" "Mozilla/5.0 (Windows NT 10.0; WOW64) AppleWebKit/537.36 (KHTML, like Gecko) Chrome/59.0.3071.115 Safari/537.36"
14.169.253.136 - - [23/Jul/2017:05:28:42 -0400] "GET /sosintwr.zip HTTP/1.1" 206 124403 "http://www.vn-zoom.com/f746/free-license-vpn-1-nam-3148046.html" "Mozilla/5.0 (Windows NT 10.0; WOW64) AppleWebKit/537.36 (KHTML, like Gecko) Chrome/59.0.3071.115 Safari/537.36"
14.169.253.136 - - [23/Jul/2017:05:30:21 -0400] "GET /sosintwr.zip HTTP/1.1" 206 124403 "http://www.vn-zoom.com/f746/free-license-vpn-1-nam-3148046.html" "Mozilla/5.0 (Windows NT 10.0; WOW64) AppleWebKit/537.36 (KHTML, like Gecko) Chrome/59.0.3071.115 Safari/537.36"
14.169.253.136 - - [23/Jul/2017:05:30:23 -0400] "GET /sosintwr.zip HTTP/1.1" 206 124402 "http://www.vn-zoom.com/f746/free-license-vpn-1-nam-3148046.html" "Mozilla/5.0 (Windows NT 10.0; WOW64) AppleWebKit/537.36 (KHTML, like Gecko) Chrome/59.0.3071.115 Safari/537.36"
14.169.253.136 - - [23/Jul/2017:05:30:45 -0400] "GET /sosintwr.zip HTTP/1.1" 206 124402 "http://www.vn-zoom.com/f746/free-license-vpn-1-nam-3148046.html" "Mozilla/5.0 (Windows NT 10.0; WOW64) AppleWebKit/537.36 (KHTML, like Gecko) Chrome/59.0.3071.115 Safari/537.36"
14.169.253.136 - - [23/Jul/2017:05:30:47 -0400] "GET /sosintwr.zip HTTP/1.1" 206 124403 "http://www.vn-zoom.com/f746/free-license-vpn-1-nam-3148046.html" "Mozilla/5.0 (Windows NT 10.0; WOW64) AppleWebKit/537.36 (KHTML, like Gecko) Chrome/59.0.3071.115 Safari/537.36"
14.169.253.136 - - [23/Jul/2017:05:30:50 -0400] "GET /sosintwr.zip HTTP/1.1" 206 124403 "http://www.vn-zoom.com/f746/free-license-vpn-1-nam-3148046.html" "Mozilla/5.0 (Windows NT 10.0; WOW64) AppleWebKit/537.36 (KHTML, like Gecko) Chrome/59.0.3071.115 Safari/537.36"
14.169.253.136 - - [23/Jul/2017:05:31:12 -0400] "GET /sosintwr.zip HTTP/1.1" 206 124403 "http://www.vn-zoom.com/f746/free-license-vpn-1-nam-3148046.html" "Mozilla/5.0 (Windows NT 10.0; WOW64) AppleWebKit/537.36 (KHTML, like Gecko) Chrome/59.0.3071.115 Safari/537.36"
14.169.253.136 - - [23/Jul/2017:05:31:44 -0400] "GET /sosintwr.zip HTTP/1.1" 206 124400 "http://www.vn-zoom.com/f746/free-license-vpn-1-nam-3148046.html" "Mozilla/5.0 (Windows NT 10.0; WOW64) AppleWebKit/537.36 (KHTML, like Gecko) Chrome/59.0.3071.115 Safari/537.36"
14.169.253.136 - - [23/Jul/2017:05:32:10 -0400] "GET /sosintwr.zip HTTP/1.1" 206 124403 "http://www.vn-zoom.com/f746/free-license-vpn-1-nam-3148046.html" "Mozilla/5.0 (Windows NT 10.0; WOW64) AppleWebKit/537.36 (KHTML, like Gecko) Chrome/59.0.3071.115 Safari/537.36"
14.169.253.136 - - [23/Jul/2017:05:33:44 -0400] "GET /sosintwr.zip HTTP/1.1" 206 124403 "http://www.vn-zoom.com/f746/free-license-vpn-1-nam-3148046.html" "Mozilla/5.0 (Windows NT 10.0; WOW64) AppleWebKit/537.36 (KHTML, like Gecko) Chrome/59.0.3071.115 Safari/537.36"
14.169.253.136 - - [23/Jul/2017:05:33:45 -0400] "GET /sosintwr.zip HTTP/1.1" 206 125762 "http://www.vn-zoom.com/f746/free-license-vpn-1-nam-3148046.html" "Mozilla/5.0 (Windows NT 10.0; WOW64) AppleWebKit/537.36 (KHTML, like Gecko) Chrome/59.0.3071.115 Safari/537.36"
14.169.253.136 - - [23/Jul/2017:05:35:24 -0400] "GET /sosintwr.zip HTTP/1.1" 206 124402 "http://www.vn-zoom.com/f746/free-license-vpn-1-nam-3148046.html" "Mozilla/5.0 (Windows NT 10.0; WOW64) AppleWebKit/537.36 (KHTML, like Gecko) Chrome/59.0.3071.115 Safari/537.36"
14.169.253.136 - - [23/Jul/2017:05:35:26 -0400] "GET /sosintwr.zip HTTP/1.1" 206 124403 "http://www.vn-zoom.com/f746/free-license-vpn-1-nam-3148046.html" "Mozilla/5.0 (Windows NT 10.0; WOW64) AppleWebKit/537.36 (KHTML, like Gecko) Chrome/59.0.3071.115 Safari/537.36"
14.169.253.136 - - [23/Jul/2017:05:35:48 -0400] "GET /sosintwr.zip HTTP/1.1" 206 124403 "http://www.vn-zoom.com/f746/free-license-vpn-1-nam-3148046.html" "Mozilla/5.0 (Windows NT 10.0; WOW64) AppleWebKit/537.36 (KHTML, like Gecko) Chrome/59.0.3071.115 Safari/537.36"
14.169.253.136 - - [23/Jul/2017:05:35:50 -0400] "GET /sosintwr.zip HTTP/1.1" 206 124403 "http://www.vn-zoom.com/f746/free-license-vpn-1-nam-3148046.html" "Mozilla/5.0 (Windows NT 10.0; WOW64) AppleWebKit/537.36 (KHTML, like Gecko) Chrome/59.0.3071.115 Safari/537.36"
14.169.253.136 - - [23/Jul/2017:05:35:53 -0400] "GET /sosintwr.zip HTTP/1.1" 206 124400 "http://www.vn-zoom.com/f746/free-license-vpn-1-nam-3148046.html" "Mozilla/5.0 (Windows NT 10.0; WOW64) AppleWebKit/537.36 (KHTML, like Gecko) Chrome/59.0.3071.115 Safari/537.36"
139.59.34.77 - - [23/Jul/2017:05:40:55 -0400] "GET /drw_trial10.8.0.exe HTTP/1.1" 200 0 "-" "Mozilla/5.0 (Linux; U; Android 5.1.1; en-US; LS-5007 Build/LMY47V) AppleWebKit/534.30 (KHTML, like Gecko) Version/4.0 UCBrowser/11.3.8.976 U3/0.8.0 Mobile Safari/534.30"
14.169.253.136 - - [23/Jul/2017:05:36:15 -0400] "GET /sosintwr.zip HTTP/1.1" 206 124403 "http://www.vn-zoom.com/f746/free-license-vpn-1-nam-3148046.html" "Mozilla/5.0 (Windows NT 10.0; WOW64) AppleWebKit/537.36 (KHTML, like Gecko) Chrome/59.0.3071.115 Safari/537.36"
14.169.253.136 - - [23/Jul/2017:05:36:47 -0400] "GET /sosintwr.zip HTTP/1.1" 206 124403 "http://www.vn-zoom.com/f746/free-license-vpn-1-nam-3148046.html" "Mozilla/5.0 (Windows NT 10.0; WOW64) AppleWebKit/537.36 (KHTML, like Gecko) Chrome/59.0.3071.115 Safari/537.36"
14.169.253.136 - - [23/Jul/2017:05:37:13 -0400] "GET /sosintwr.zip HTTP/1.1" 206 124402 "http://www.vn-zoom.com/f746/free-license-vpn-1-nam-3148046.html" "Mozilla/5.0 (Windows NT 10.0; WOW64) AppleWebKit/537.36 (KHTML, like Gecko) Chrome/59.0.3071.115 Safari/537.36"
14.169.253.136 - - [23/Jul/2017:05:38:47 -0400] "GET /sosintwr.zip HTTP/1.1" 206 124402 "http://www.vn-zoom.com/f746/free-license-vpn-1-nam-3148046.html" "Mozilla/5.0 (Windows NT 10.0; WOW64) AppleWebKit/537.36 (KHTML, like Gecko) Chrome/59.0.3071.115 Safari/537.36"
14.169.253.136 - - [23/Jul/2017:05:38:47 -0400] "GET /sosintwr.zip HTTP/1.1" 206 124403 "http://www.vn-zoom.com/f746/free-license-vpn-1-nam-3148046.html" "Mozilla/5.0 (Windows NT 10.0; WOW64) AppleWebKit/537.36 (KHTML, like Gecko) Chrome/59.0.3071.115 Safari/537.36"
14.169.253.136 - - [23/Jul/2017:05:40:26 -0400] "GET /sosintwr.zip HTTP/1.1" 206 124403 "http://www.vn-zoom.com/f746/free-license-vpn-1-nam-3148046.html" "Mozilla/5.0 (Windows NT 10.0; WOW64) AppleWebKit/537.36 (KHTML, like Gecko) Chrome/59.0.3071.115 Safari/537.36"
14.169.253.136 - - [23/Jul/2017:05:40:28 -0400] "GET /sosintwr.zip HTTP/1.1" 206 124403 "http://www.vn-zoom.com/f746/free-license-vpn-1-nam-3148046.html" "Mozilla/5.0 (Windows NT 10.0; WOW64) AppleWebKit/537.36 (KHTML, like Gecko) Chrome/59.0.3071.115 Safari/537.36"
14.169.253.136 - - [23/Jul/2017:05:40:50 -0400] "GET /sosintwr.zip HTTP/1.1" 206 124403 "http://www.vn-zoom.com/f746/free-license-vpn-1-nam-3148046.html" "Mozilla/5.0 (Windows NT 10.0; WOW64) AppleWebKit/537.36 (KHTML, like Gecko) Chrome/59.0.3071.115 Safari/537.36"
14.169.253.136 - - [23/Jul/2017:05:40:52 -0400] "GET /sosintwr.zip HTTP/1.1" 206 124400 "http://www.vn-zoom.com/f746/free-license-vpn-1-nam-3148046.html" "Mozilla/5.0 (Windows NT 10.0; WOW64) AppleWebKit/537.36 (KHTML, like Gecko) Chrome/59.0.3071.115 Safari/537.36"
14.169.253.136 - - [23/Jul/2017:05:40:55 -0400] "GET /sosintwr.zip HTTP/1.1" 206 124403 "http://www.vn-zoom.com/f746/free-license-vpn-1-nam-3148046.html" "Mozilla/5.0 (Windows NT 10.0; WOW64) AppleWebKit/537.36 (KHTML, like Gecko) Chrome/59.0.3071.115 Safari/537.36"
14.169.253.136 - - [23/Jul/2017:05:41:17 -0400] "GET /sosintwr.zip HTTP/1.1" 206 125762 "http://www.vn-zoom.com/f746/free-license-vpn-1-nam-3148046.html" "Mozilla/5.0 (Windows NT 10.0; WOW64) AppleWebKit/537.36 (KHTML, like Gecko) Chrome/59.0.3071.115 Safari/537.36"
14.169.253.136 - - [23/Jul/2017:05:41:49 -0400] "GET /sosintwr.zip HTTP/1.1" 206 124402 "http://www.vn-zoom.com/f746/free-license-vpn-1-nam-3148046.html" "Mozilla/5.0 (Windows NT 10.0; WOW64) AppleWebKit/537.36 (KHTML, like Gecko) Chrome/59.0.3071.115 Safari/537.36"
14.169.253.136 - - [23/Jul/2017:05:42:15 -0400] "GET /sosintwr.zip HTTP/1.1" 206 124403 "http://www.vn-zoom.com/f746/free-license-vpn-1-nam-3148046.html" "Mozilla/5.0 (Windows NT 10.0; WOW64) AppleWebKit/537.36 (KHTML, like Gecko) Chrome/59.0.3071.115 Safari/537.36"
14.169.253.136 - - [23/Jul/2017:05:43:49 -0400] "GET /sosintwr.zip HTTP/1.1" 206 124403 "http://www.vn-zoom.com/f746/free-license-vpn-1-nam-3148046.html" "Mozilla/5.0 (Windows NT 10.0; WOW64) AppleWebKit/537.36 (KHTML, like Gecko) Chrome/59.0.3071.115 Safari/537.36"
14.169.253.136 - - [23/Jul/2017:05:48:52 -0400] "GET /sosintwr.zip HTTP/1.1" 206 0 "http://www.vn-zoom.com/f746/free-license-vpn-1-nam-3148046.html" "Mozilla/5.0 (Windows NT 10.0; WOW64) AppleWebKit/537.36 (KHTML, like Gecko) Chrome/59.0.3071.115 Safari/537.36"
14.169.253.136 - - [23/Jul/2017:05:48:52 -0400] "GET /sosintwr.zip HTTP/1.1" 206 0 "http://www.vn-zoom.com/f746/free-license-vpn-1-nam-3148046.html" "Mozilla/5.0 (Windows NT 10.0; WOW64) AppleWebKit/537.36 (KHTML, like Gecko) Chrome/59.0.3071.115 Safari/537.36"
139.59.34.77 - - [23/Jul/2017:05:48:52 -0400] "GET /drw_trial10.8.0.exe HTTP/1.1" 200 0 "-" "Mozilla/5.0 (Linux; U; Android 5.1.1; en-US; LS-5007 Build/LMY47V) AppleWebKit/534.30 (KHTML, like Gecko) Version/4.0 UCBrowser/11.3.8.976 U3/0.8.0 Mobile Safari/534.30"
14.169.253.136 - - [23/Jul/2017:05:48:52 -0400] "GET /sosintwr.zip HTTP/1.1" 403 0 "http://www.vn-zoom.com/f746/free-license-vpn-1-nam-3148046.html" "Mozilla/5.0 (Windows NT 10.0; WOW64) AppleWebKit/537.36 (KHTML, like Gecko) Chrome/59.0.3071.115 Safari/537.36"
14.169.253.136 - - [23/Jul/2017:05:48:52 -0400] "GET /sosintwr.zip HTTP/1.1" 403 0 "http://www.vn-zoom.com/f746/free-license-vpn-1-nam-3148046.html" "Mozilla/5.0 (Windows NT 10.0; WOW64) AppleWebKit/537.36 (KHTML, like Gecko) Chrome/59.0.3071.115 Safari/537.36"
14.169.253.136 - - [23/Jul/2017:05:48:52 -0400] "GET /sosintwr.zip HTTP/1.1" 403 0 "http://www.vn-zoom.com/f746/free-license-vpn-1-nam-3148046.html" "Mozilla/5.0 (Windows NT 10.0; WOW64) AppleWebKit/537.36 (KHTML, like Gecko) Chrome/59.0.3071.115 Safari/537.36"
14.169.253.136 - - [23/Jul/2017:05:48:52 -0400] "GET /sosintwr.zip HTTP/1.1" 403 0 "http://www.vn-zoom.com/f746/free-license-vpn-1-nam-3148046.html" "Mozilla/5.0 (Windows NT 10.0; WOW64) AppleWebKit/537.36 (KHTML, like Gecko) Chrome/59.0.3071.115 Safari/537.36"
14.169.253.136 - - [23/Jul/2017:05:48:52 -0400] "GET /sosintwr.zip HTTP/1.1" 403 0 "http://www.vn-zoom.com/f746/free-license-vpn-1-nam-3148046.html" "Mozilla/5.0 (Windows NT 10.0; WOW64) AppleWebKit/537.36 (KHTML, like Gecko) Chrome/59.0.3071.115 Safari/537.36"
14.169.253.136 - - [23/Jul/2017:05:48:52 -0400] "GET /sosintwr.zip HTTP/1.1" 403 0 "http://www.vn-zoom.com/f746/free-license-vpn-1-nam-3148046.html" "Mozilla/5.0 (Windows NT 10.0; WOW64) AppleWebKit/537.36 (KHTML, like Gecko) Chrome/59.0.3071.115 Safari/537.36"
14.169.253.136 - - [23/Jul/2017:05:48:52 -0400] "GET /sosintwr.zip HTTP/1.1" 403 0 "http://www.vn-zoom.com/f746/free-license-vpn-1-nam-3148046.html" "Mozilla/5.0 (Windows NT 10.0; WOW64) AppleWebKit/537.36 (KHTML, like Gecko) Chrome/59.0.3071.115 Safari/537.36"
14.169.253.136 - - [23/Jul/2017:05:48:52 -0400] "GET /sosintwr.zip HTTP/1.1" 403 0 "http://www.vn-zoom.com/f746/free-license-vpn-1-nam-3148046.html" "Mozilla/5.0 (Windows NT 10.0; WOW64) AppleWebKit/537.36 (KHTML, like Gecko) Chrome/59.0.3071.115 Safari/537.36"
14.169.253.136 - - [23/Jul/2017:05:48:52 -0400] "GET /sosintwr.zip HTTP/1.1" 403 0 "http://www.vn-zoom.com/f746/free-license-vpn-1-nam-3148046.html" "Mozilla/5.0 (Windows NT 10.0; WOW64) AppleWebKit/537.36 (KHTML, like Gecko) Chrome/59.0.3071.115 Safari/537.36"
14.169.253.136 - - [23/Jul/2017:05:48:52 -0400] "GET /sosintwr.zip HTTP/1.1" 403 0 "http://www.vn-zoom.com/f746/free-license-vpn-1-nam-3148046.html" "Mozilla/5.0 (Windows NT 10.0; WOW64) AppleWebKit/537.36 (KHTML, like Gecko) Chrome/59.0.3071.115 Safari/537.36"
14.169.253.136 - - [23/Jul/2017:05:48:52 -0400] "GET /sosintwr.zip HTTP/1.1" 403 480 "http://www.vn-zoom.com/f746/free-license-vpn-1-nam-3148046.html" "Mozilla/5.0 (Windows NT 10.0; WOW64) AppleWebKit/537.36 (KHTML, like Gecko) Chrome/59.0.3071.115 Safari/537.36"
14.169.253.136 - - [23/Jul/2017:05:48:52 -0400] "GET /sosintwr.zip HTTP/1.1" 403 0 "http://www.vn-zoom.com/f746/free-license-vpn-1-nam-3148046.html" "Mozilla/5.0 (Windows NT 10.0; WOW64) AppleWebKit/537.36 (KHTML, like Gecko) Chrome/59.0.3071.115 Safari/537.36"
14.169.253.136 - - [23/Jul/2017:05:48:52 -0400] "GET /sosintwr.zip HTTP/1.1" 403 480 "http://www.vn-zoom.com/f746/free-license-vpn-1-nam-3148046.html" "Mozilla/5.0 (Windows NT 10.0; WOW64) AppleWebKit/537.36 (KHTML, like Gecko) Chrome/59.0.3071.115 Safari/537.36"
14.169.253.136 - - [23/Jul/2017:05:48:52 -0400] "GET /sosintwr.zip HTTP/1.1" 403 480 "http://www.vn-zoom.com/f746/free-license-vpn-1-nam-3148046.html" "Mozilla/5.0 (Windows NT 10.0; WOW64) AppleWebKit/537.36 (KHTML, like Gecko) Chrome/59.0.3071.115 Safari/537.36"
14.169.253.136 - - [23/Jul/2017:05:48:52 -0400] "GET /sosintwr.zip HTTP/1.1" 403 480 "http://www.vn-zoom.com/f746/free-license-vpn-1-nam-3148046.html" "Mozilla/5.0 (Windows NT 10.0; WOW64) AppleWebKit/537.36 (KHTML, like Gecko) Chrome/59.0.3071.115 Safari/537.36"
14.169.253.136 - - [23/Jul/2017:05:48:52 -0400] "GET /sosintwr.zip HTTP/1.1" 403 480 "http://www.vn-zoom.com/f746/free-license-vpn-1-nam-3148046.html" "Mozilla/5.0 (Windows NT 10.0; WOW64) AppleWebKit/537.36 (KHTML, like Gecko) Chrome/59.0.3071.115 Safari/537.36"
14.169.253.136 - - [23/Jul/2017:05:48:52 -0400] "GET /sosintwr.zip HTTP/1.1" 403 480 "http://www.vn-zoom.com/f746/free-license-vpn-1-nam-3148046.html" "Mozilla/5.0 (Windows NT 10.0; WOW64) AppleWebKit/537.36 (KHTML, like Gecko) Chrome/59.0.3071.115 Safari/537.36"
14.169.253.136 - - [23/Jul/2017:05:48:52 -0400] "GET /sosintwr.zip HTTP/1.1" 403 480 "http://www.vn-zoom.com/f746/free-license-vpn-1-nam-3148046.html" "Mozilla/5.0 (Windows NT 10.0; WOW64) AppleWebKit/537.36 (KHTML, like Gecko) Chrome/59.0.3071.115 Safari/537.36"
14.169.253.136 - - [23/Jul/2017:05:48:52 -0400] "GET /sosintwr.zip HTTP/1.1" 403 480 "http://www.vn-zoom.com/f746/free-license-vpn-1-nam-3148046.html" "Mozilla/5.0 (Windows NT 10.0; WOW64) AppleWebKit/537.36 (KHTML, like Gecko) Chrome/59.0.3071.115 Safari/537.36"
14.169.253.136 - - [23/Jul/2017:05:48:52 -0400] "GET /sosintwr.zip HTTP/1.1" 403 480 "http://www.vn-zoom.com/f746/free-license-vpn-1-nam-3148046.html" "Mozilla/5.0 (Windows NT 10.0; WOW64) AppleWebKit/537.36 (KHTML, like Gecko) Chrome/59.0.3071.115 Safari/537.36"
14.169.253.136 - - [23/Jul/2017:05:48:52 -0400] "GET /sosintwr.zip HTTP/1.1" 403 480 "http://www.vn-zoom.com/f746/free-license-vpn-1-nam-3148046.html" "Mozilla/5.0 (Windows NT 10.0; WOW64) AppleWebKit/537.36 (KHTML, like Gecko) Chrome/59.0.3071.115 Safari/537.36"
14.169.253.136 - - [23/Jul/2017:05:48:52 -0400] "GET /sosintwr.zip HTTP/1.1" 403 480 "http://www.vn-zoom.com/f746/free-license-vpn-1-nam-3148046.html" "Mozilla/5.0 (Windows NT 10.0; WOW64) AppleWebKit/537.36 (KHTML, like Gecko) Chrome/59.0.3071.115 Safari/537.36"
14.169.253.136 - - [23/Jul/2017:05:48:52 -0400] "GET /sosintwr.zip HTTP/1.1" 403 480 "http://www.vn-zoom.com/f746/free-license-vpn-1-nam-3148046.html" "Mozilla/5.0 (Windows NT 10.0; WOW64) AppleWebKit/537.36 (KHTML, like Gecko) Chrome/59.0.3071.115 Safari/537.36"
14.169.253.136 - - [23/Jul/2017:05:48:52 -0400] "GET /sosintwr.zip HTTP/1.1" 403 480 "http://www.vn-zoom.com/f746/free-license-vpn-1-nam-3148046.html" "Mozilla/5.0 (Windows NT 10.0; WOW64) AppleWebKit/537.36 (KHTML, like Gecko) Chrome/59.0.3071.115 Safari/537.36"
14.169.253.136 - - [23/Jul/2017:05:48:52 -0400] "GET /sosintwr.zip HTTP/1.1" 403 480 "http://www.vn-zoom.com/f746/free-license-vpn-1-nam-3148046.html" "Mozilla/5.0 (Windows NT 10.0; WOW64) AppleWebKit/537.36 (KHTML, like Gecko) Chrome/59.0.3071.115 Safari/537.36"
14.169.253.136 - - [23/Jul/2017:05:48:52 -0400] "GET /sosintwr.zip HTTP/1.1" 403 480 "http://www.vn-zoom.com/f746/free-license-vpn-1-nam-3148046.html" "Mozilla/5.0 (Windows NT 10.0; WOW64) AppleWebKit/537.36 (KHTML, like Gecko) Chrome/59.0.3071.115 Safari/537.36"
14.169.253.136 - - [23/Jul/2017:05:48:52 -0400] "GET /sosintwr.zip HTTP/1.1" 403 480 "http://www.vn-zoom.com/f746/free-license-vpn-1-nam-3148046.html" "Mozilla/5.0 (Windows NT 10.0; WOW64) AppleWebKit/537.36 (KHTML, like Gecko) Chrome/59.0.3071.115 Safari/537.36"
14.169.253.136 - - [23/Jul/2017:05:48:52 -0400] "GET /sosintwr.zip HTTP/1.1" 403 480 "http://www.vn-zoom.com/f746/free-license-vpn-1-nam-3148046.html" "Mozilla/5.0 (Windows NT 10.0; WOW64) AppleWebKit/537.36 (KHTML, like Gecko) Chrome/59.0.3071.115 Safari/537.36"
14.169.253.136 - - [23/Jul/2017:05:48:52 -0400] "GET /sosintwr.zip HTTP/1.1" 403 480 "http://www.vn-zoom.com/f746/free-license-vpn-1-nam-3148046.html" "Mozilla/5.0 (Windows NT 10.0; WOW64) AppleWebKit/537.36 (KHTML, like Gecko) Chrome/59.0.3071.115 Safari/537.36"
14.169.253.136 - - [23/Jul/2017:05:48:52 -0400] "GET /sosintwr.zip HTTP/1.1" 403 480 "http://www.vn-zoom.com/f746/free-license-vpn-1-nam-3148046.html" "Mozilla/5.0 (Windows NT 10.0; WOW64) AppleWebKit/537.36 (KHTML, like Gecko) Chrome/59.0.3071.115 Safari/537.36"
14.169.253.136 - - [23/Jul/2017:05:48:52 -0400] "GET /sosintwr.zip HTTP/1.1" 403 480 "http://www.vn-zoom.com/f746/free-license-vpn-1-nam-3148046.html" "Mozilla/5.0 (Windows NT 10.0; WOW64) AppleWebKit/537.36 (KHTML, like Gecko) Chrome/59.0.3071.115 Safari/537.36"
14.169.253.136 - - [23/Jul/2017:05:48:52 -0400] "GET /sosintwr.zip HTTP/1.1" 403 480 "http://www.vn-zoom.com/f746/free-license-vpn-1-nam-3148046.html" "Mozilla/5.0 (Windows NT 10.0; WOW64) AppleWebKit/537.36 (KHTML, like Gecko) Chrome/59.0.3071.115 Safari/537.36"
14.169.253.136 - - [23/Jul/2017:05:48:52 -0400] "GET /sosintwr.zip HTTP/1.1" 403 480 "http://www.vn-zoom.com/f746/free-license-vpn-1-nam-3148046.html" "Mozilla/5.0 (Windows NT 10.0; WOW64) AppleWebKit/537.36 (KHTML, like Gecko) Chrome/59.0.3071.115 Safari/537.36"
14.169.253.136 - - [23/Jul/2017:05:48:52 -0400] "GET /sosintwr.zip HTTP/1.1" 403 480 "http://www.vn-zoom.com/f746/free-license-vpn-1-nam-3148046.html" "Mozilla/5.0 (Windows NT 10.0; WOW64) AppleWebKit/537.36 (KHTML, like Gecko) Chrome/59.0.3071.115 Safari/537.36"
14.169.253.136 - - [23/Jul/2017:05:43:50 -0400] "GET /sosintwr.zip HTTP/1.1" 206 124403 "http://www.vn-zoom.com/f746/free-license-vpn-1-nam-3148046.html" "Mozilla/5.0 (Windows NT 10.0; WOW64) AppleWebKit/537.36 (KHTML, like Gecko) Chrome/59.0.3071.115 Safari/537.36"
14.169.253.136 - - [23/Jul/2017:05:45:29 -0400] "GET /sosintwr.zip HTTP/1.1" 206 124400 "http://www.vn-zoom.com/f746/free-license-vpn-1-nam-3148046.html" "Mozilla/5.0 (Windows NT 10.0; WOW64) AppleWebKit/537.36 (KHTML, like Gecko) Chrome/59.0.3071.115 Safari/537.36"
14.169.253.136 - - [23/Jul/2017:05:50:31 -0400] "GET /sosintwr.zip HTTP/1.1" 206 0 "http://www.vn-zoom.com/f746/free-license-vpn-1-nam-3148046.html" "Mozilla/5.0 (Windows NT 10.0; WOW64) AppleWebKit/537.36 (KHTML, like Gecko) Chrome/59.0.3071.115 Safari/537.36"
14.169.253.136 - - [23/Jul/2017:05:50:31 -0400] "GET /sosintwr.zip HTTP/1.1" 206 0 "http://www.vn-zoom.com/f746/free-license-vpn-1-nam-3148046.html" "Mozilla/5.0 (Windows NT 10.0; WOW64) AppleWebKit/537.36 (KHTML, like Gecko) Chrome/59.0.3071.115 Safari/537.36"
14.169.253.136 - - [23/Jul/2017:05:50:31 -0400] "GET /sosintwr.zip HTTP/1.1" 403 480 "http://www.vn-zoom.com/f746/free-license-vpn-1-nam-3148046.html" "Mozilla/5.0 (Windows NT 10.0; WOW64) AppleWebKit/537.36 (KHTML, like Gecko) Chrome/59.0.3071.115 Safari/537.36"
14.169.253.136 - - [23/Jul/2017:05:50:31 -0400] "GET /sosintwr.zip HTTP/1.1" 403 480 "http://www.vn-zoom.com/f746/free-license-vpn-1-nam-3148046.html" "Mozilla/5.0 (Windows NT 10.0; WOW64) AppleWebKit/537.36 (KHTML, like Gecko) Chrome/59.0.3071.115 Safari/537.36"
14.169.253.136 - - [23/Jul/2017:05:50:31 -0400] "GET /sosintwr.zip HTTP/1.1" 403 480 "http://www.vn-zoom.com/f746/free-license-vpn-1-nam-3148046.html" "Mozilla/5.0 (Windows NT 10.0; WOW64) AppleWebKit/537.36 (KHTML, like Gecko) Chrome/59.0.3071.115 Safari/537.36"
14.169.253.136 - - [23/Jul/2017:05:50:31 -0400] "GET /sosintwr.zip HTTP/1.1" 403 480 "http://www.vn-zoom.com/f746/free-license-vpn-1-nam-3148046.html" "Mozilla/5.0 (Windows NT 10.0; WOW64) AppleWebKit/537.36 (KHTML, like Gecko) Chrome/59.0.3071.115 Safari/537.36"
14.169.253.136 - - [23/Jul/2017:05:50:31 -0400] "GET /sosintwr.zip HTTP/1.1" 403 480 "http://www.vn-zoom.com/f746/free-license-vpn-1-nam-3148046.html" "Mozilla/5.0 (Windows NT 10.0; WOW64) AppleWebKit/537.36 (KHTML, like Gecko) Chrome/59.0.3071.115 Safari/537.36"
14.169.253.136 - - [23/Jul/2017:05:50:31 -0400] "GET /sosintwr.zip HTTP/1.1" 403 480 "http://www.vn-zoom.com/f746/free-license-vpn-1-nam-3148046.html" "Mozilla/5.0 (Windows NT 10.0; WOW64) AppleWebKit/537.36 (KHTML, like Gecko) Chrome/59.0.3071.115 Safari/537.36"
139.59.34.77 - - [23/Jul/2017:05:50:31 -0400] "GET /drw_trial10.8.0.exe HTTP/1.1" 200 0 "-" "Mozilla/5.0 (Linux; U; Android 5.1.1; en-US; LS-5007 Build/LMY47V) AppleWebKit/534.30 (KHTML, like Gecko) Version/4.0 UCBrowser/11.3.8.976 U3/0.8.0 Mobile Safari/534.30"
82.165.74.230 - - [23/Jul/2017:05:50:31 -0400] "GET /sosintwr_1.5.4.exe HTTP/1.1" 200 0 "http://net-load.com/giveaway-steganos-online-shield-vpn-1year-license-free/" "Mozilla/5.0 (Windows NT 10.0; Win64; x64; rv:54.0) Gecko/20100101 Firefox/54.0"
14.169.253.136 - - [23/Jul/2017:05:50:31 -0400] "GET /sosintwr.zip HTTP/1.1" 403 480 "http://www.vn-zoom.com/f746/free-license-vpn-1-nam-3148046.html" "Mozilla/5.0 (Windows NT 10.0; WOW64) AppleWebKit/537.36 (KHTML, like Gecko) Chrome/59.0.3071.115 Safari/537.36"
14.169.253.136 - - [23/Jul/2017:05:45:31 -0400] "GET /sosintwr.zip HTTP/1.1" 206 124403 "http://www.vn-zoom.com/f746/free-license-vpn-1-nam-3148046.html" "Mozilla/5.0 (Windows NT 10.0; WOW64) AppleWebKit/537.36 (KHTML, like Gecko) Chrome/59.0.3071.115 Safari/537.36"
14.169.253.136 - - [23/Jul/2017:05:45:53 -0400] "GET /sosintwr.zip HTTP/1.1" 206 124403 "http://www.vn-zoom.com/f746/free-license-vpn-1-nam-3148046.html" "Mozilla/5.0 (Windows NT 10.0; WOW64) AppleWebKit/537.36 (KHTML, like Gecko) Chrome/59.0.3071.115 Safari/537.36"
14.169.253.136 - - [23/Jul/2017:05:45:55 -0400] "GET /sosintwr.zip HTTP/1.1" 206 124402 "http://www.vn-zoom.com/f746/free-license-vpn-1-nam-3148046.html" "Mozilla/5.0 (Windows NT 10.0; WOW64) AppleWebKit/537.36 (KHTML, like Gecko) Chrome/59.0.3071.115 Safari/537.36"
14.169.253.136 - - [23/Jul/2017:05:45:58 -0400] "GET /sosintwr.zip HTTP/1.1" 206 124403 "http://www.vn-zoom.com/f746/free-license-vpn-1-nam-3148046.html" "Mozilla/5.0 (Windows NT 10.0; WOW64) AppleWebKit/537.36 (KHTML, like Gecko) Chrome/59.0.3071.115 Safari/537.36"
14.169.253.136 - - [23/Jul/2017:05:46:20 -0400] "GET /sosintwr.zip HTTP/1.1" 206 124403 "http://www.vn-zoom.com/f746/free-license-vpn-1-nam-3148046.html" "Mozilla/5.0 (Windows NT 10.0; WOW64) AppleWebKit/537.36 (KHTML, like Gecko) Chrome/59.0.3071.115 Safari/537.36"
14.169.253.136 - - [23/Jul/2017:05:46:52 -0400] "GET /sosintwr.zip HTTP/1.1" 206 125762 "http://www.vn-zoom.com/f746/free-license-vpn-1-nam-3148046.html" "Mozilla/5.0 (Windows NT 10.0; WOW64) AppleWebKit/537.36 (KHTML, like Gecko) Chrome/59.0.3071.115 Safari/537.36"
14.169.253.136 - - [23/Jul/2017:05:47:18 -0400] "GET /sosintwr.zip HTTP/1.1" 206 125762 "http://www.vn-zoom.com/f746/free-license-vpn-1-nam-3148046.html" "Mozilla/5.0 (Windows NT 10.0; WOW64) AppleWebKit/537.36 (KHTML, like Gecko) Chrome/59.0.3071.115 Safari/537.36"
118.71.154.37 - - [23/Jul/2017:05:48:52 -0400] "GET /sosintwr.zip HTTP/1.1" 200 122874 "http://www.vn-zoom.com/f746/free-license-vpn-1-nam-3148046.html" "Mozilla/5.0 (Windows NT 10.0; Win64; x64) AppleWebKit/537.36 (KHTML, like Gecko) Chrome/58.0.3029.110 Safari/537.36"
