49.35.10.54 - - [23/Jul/2017:11:34:20 -0400] "GET /SmartPixel.zip HTTP/1.1" 206 123395 "http://cdn.net-load.com/" "Mozilla/5.0 (Windows NT 10.0; WOW64) AppleWebKit/537.36 (KHTML, like Gecko) Chrome/55.18.2883.75 Safari/537.36"
49.35.10.54 - - [23/Jul/2017:11:35:40 -0400] "GET /SmartPixel.zip HTTP/1.1" 206 123394 "http://cdn.net-load.com/" "Mozilla/5.0 (Windows NT 10.0; WOW64) AppleWebKit/537.36 (KHTML, like Gecko) Chrome/55.18.2883.75 Safari/537.36"
49.35.10.54 - - [23/Jul/2017:11:35:50 -0400] "GET /SmartPixel.zip HTTP/1.1" 206 123395 "http://cdn.net-load.com/" "Mozilla/5.0 (Windows NT 10.0; WOW64) AppleWebKit/537.36 (KHTML, like Gecko) Chrome/55.18.2883.75 Safari/537.36"
49.35.10.54 - - [23/Jul/2017:11:36:10 -0400] "GET /SmartPixel.zip HTTP/1.1" 206 123394 "http://cdn.net-load.com/" "Mozilla/5.0 (Windows NT 10.0; WOW64) AppleWebKit/537.36 (KHTML, like Gecko) Chrome/55.18.2883.75 Safari/537.36"
49.35.10.54 - - [23/Jul/2017:11:36:13 -0400] "GET /SmartPixel.zip HTTP/1.1" 206 123394 "http://cdn.net-load.com/" "Mozilla/5.0 (Windows NT 10.0; WOW64) AppleWebKit/537.36 (KHTML, like Gecko) Chrome/55.18.2883.75 Safari/537.36"
113.190.151.199 - - [23/Jul/2017:11:37:09 -0400] "GET /sosintwr.zip HTTP/1.1" 206 124098 "http://www.vn-zoom.com/f746/free-license-vpn-1-nam-3148046.html" "Mozilla/5.0 (Windows NT 10.0; Win64; x64) AppleWebKit/537.36 (KHTML, like Gecko) Chrome/52.0.2743.116 Safari/537.36 Edge/15.15063"
113.190.151.199 - - [23/Jul/2017:11:37:14 -0400] "GET /sosintwr.zip HTTP/1.1" 206 124098 "http://www.vn-zoom.com/f746/free-license-vpn-1-nam-3148046.html" "Mozilla/5.0 (Windows NT 10.0; Win64; x64) AppleWebKit/537.36 (KHTML, like Gecko) Chrome/52.0.2743.116 Safari/537.36 Edge/15.15063"
49.35.10.54 - - [23/Jul/2017:11:37:48 -0400] "GET /SmartPixel.zip HTTP/1.1" 206 123394 "http://cdn.net-load.com/" "Mozilla/5.0 (Windows NT 10.0; WOW64) AppleWebKit/537.36 (KHTML, like Gecko) Chrome/55.18.2883.75 Safari/537.36"
49.35.10.54 - - [23/Jul/2017:11:38:29 -0400] "GET /SmartPixel.zip HTTP/1.1" 206 123394 "http://cdn.net-load.com/" "Mozilla/5.0 (Windows NT 10.0; WOW64) AppleWebKit/537.36 (KHTML, like Gecko) Chrome/55.18.2883.75 Safari/537.36"
83.30.121.60 - - [23/Jul/2017:11:43:32 -0400] "GET /sosintwr_1.6.2_rev12069.exe HTTP/1.1" 200 0 "-" "Mozilla/5.0 (Windows NT 6.1) AppleWebKit/537.36 (KHTML, like Gecko) Chrome/59.0.3071.115 Safari/537.36 OPR/46.0.2597.57"
49.35.10.54 - - [23/Jul/2017:11:38:49 -0400] "GET /SmartPixel.zip HTTP/1.1" 206 123395 "http://cdn.net-load.com/" "Mozilla/5.0 (Windows NT 10.0; WOW64) AppleWebKit/537.36 (KHTML, like Gecko) Chrome/55.18.2883.75 Safari/537.36"
113.190.151.199 - - [23/Jul/2017:11:39:23 -0400] "GET /sosintwr.zip HTTP/1.1" 206 124098 "http://www.vn-zoom.com/f746/free-license-vpn-1-nam-3148046.html" "Mozilla/5.0 (Windows NT 10.0; Win64; x64) AppleWebKit/537.36 (KHTML, like Gecko) Chrome/52.0.2743.116 Safari/537.36 Edge/15.15063"
49.35.10.54 - - [23/Jul/2017:11:40:43 -0400] "GET /SmartPixel.zip HTTP/1.1" 206 123395 "http://cdn.net-load.com/" "Mozilla/5.0 (Windows NT 10.0; WOW64) AppleWebKit/537.36 (KHTML, like Gecko) Chrome/55.18.2883.75 Safari/537.36"
49.35.10.54 - - [23/Jul/2017:11:40:53 -0400] "GET /SmartPixel.zip HTTP/1.1" 206 123394 "http://cdn.net-load.com/" "Mozilla/5.0 (Windows NT 10.0; WOW64) AppleWebKit/537.36 (KHTML, like Gecko) Chrome/55.18.2883.75 Safari/537.36"
49.35.10.54 - - [23/Jul/2017:11:41:13 -0400] "GET /SmartPixel.zip HTTP/1.1" 206 123394 "http://cdn.net-load.com/" "Mozilla/5.0 (Windows NT 10.0; WOW64) AppleWebKit/537.36 (KHTML, like Gecko) Chrome/55.18.2883.75 Safari/537.36"
49.35.10.54 - - [23/Jul/2017:11:41:16 -0400] "GET /SmartPixel.zip HTTP/1.1" 206 123394 "http://cdn.net-load.com/" "Mozilla/5.0 (Windows NT 10.0; WOW64) AppleWebKit/537.36 (KHTML, like Gecko) Chrome/55.18.2883.75 Safari/537.36"
113.190.151.199 - - [23/Jul/2017:11:42:11 -0400] "GET /sosintwr.zip HTTP/1.1" 206 124098 "http://www.vn-zoom.com/f746/free-license-vpn-1-nam-3148046.html" "Mozilla/5.0 (Windows NT 10.0; Win64; x64) AppleWebKit/537.36 (KHTML, like Gecko) Chrome/52.0.2743.116 Safari/537.36 Edge/15.15063"
49.35.10.54 - - [23/Jul/2017:11:42:17 -0400] "GET /SmartPixel.zip HTTP/1.1" 206 123394 "http://cdn.net-load.com/" "Mozilla/5.0 (Windows NT 10.0; WOW64) AppleWebKit/537.36 (KHTML, like Gecko) Chrome/55.18.2883.75 Safari/537.36"
49.35.10.54 - - [23/Jul/2017:11:42:51 -0400] "GET /SmartPixel.zip HTTP/1.1" 206 123394 "http://cdn.net-load.com/" "Mozilla/5.0 (Windows NT 10.0; WOW64) AppleWebKit/537.36 (KHTML, like Gecko) Chrome/55.18.2883.75 Safari/537.36"
49.35.10.54 - - [23/Jul/2017:11:43:32 -0400] "GET /SmartPixel.zip HTTP/1.1" 206 123395 "http://cdn.net-load.com/" "Mozilla/5.0 (Windows NT 10.0; WOW64) AppleWebKit/537.36 (KHTML, like Gecko) Chrome/55.18.2883.75 Safari/537.36"
113.190.151.199 - - [23/Jul/2017:11:43:52 -0400] "GET /sosintwr.zip HTTP/1.1" 206 124098 "http://www.vn-zoom.com/f746/free-license-vpn-1-nam-3148046.html" "Mozilla/5.0 (Windows NT 10.0; Win64; x64) AppleWebKit/537.36 (KHTML, like Gecko) Chrome/52.0.2743.116 Safari/537.36 Edge/15.15063"
113.190.151.199 - - [23/Jul/2017:11:44:25 -0400] "GET /sosintwr.zip HTTP/1.1" 206 124098 "http://www.vn-zoom.com/f746/free-license-vpn-1-nam-3148046.html" "Mozilla/5.0 (Windows NT 10.0; Win64; x64) AppleWebKit/537.36 (KHTML, like Gecko) Chrome/52.0.2743.116 Safari/537.36 Edge/15.15063"
49.35.10.54 - - [23/Jul/2017:11:45:46 -0400] "GET /SmartPixel.zip HTTP/1.1" 206 123395 "http://cdn.net-load.com/" "Mozilla/5.0 (Windows NT 10.0; WOW64) AppleWebKit/537.36 (KHTML, like Gecko) Chrome/55.18.2883.75 Safari/537.36"
49.35.10.54 - - [23/Jul/2017:11:45:55 -0400] "GET /SmartPixel.zip HTTP/1.1" 206 123394 "http://cdn.net-load.com/" "Mozilla/5.0 (Windows NT 10.0; WOW64) AppleWebKit/537.36 (KHTML, like Gecko) Chrome/55.18.2883.75 Safari/537.36"
49.35.10.54 - - [23/Jul/2017:11:46:15 -0400] "GET /SmartPixel.zip HTTP/1.1" 206 123394 "http://cdn.net-load.com/" "Mozilla/5.0 (Windows NT 10.0; WOW64) AppleWebKit/537.36 (KHTML, like Gecko) Chrome/55.18.2883.75 Safari/537.36"
49.35.10.54 - - [23/Jul/2017:11:46:18 -0400] "GET /SmartPixel.zip HTTP/1.1" 206 123394 "http://cdn.net-load.com/" "Mozilla/5.0 (Windows NT 10.0; WOW64) AppleWebKit/537.36 (KHTML, like Gecko) Chrome/55.18.2883.75 Safari/537.36"
49.35.10.54 - - [23/Jul/2017:11:47:14 -0400] "GET /SmartPixel.zip HTTP/1.1" 206 123394 "http://cdn.net-load.com/" "Mozilla/5.0 (Windows NT 10.0; WOW64) AppleWebKit/537.36 (KHTML, like Gecko) Chrome/55.18.2883.75 Safari/537.36"
49.35.10.54 - - [23/Jul/2017:11:47:19 -0400] "GET /SmartPixel.zip HTTP/1.1" 206 123394 "http://cdn.net-load.com/" "Mozilla/5.0 (Windows NT 10.0; WOW64) AppleWebKit/537.36 (KHTML, like Gecko) Chrome/55.18.2883.75 Safari/537.36"
49.35.10.54 - - [23/Jul/2017:11:47:53 -0400] "GET /SmartPixel.zip HTTP/1.1" 206 123395 "http://cdn.net-load.com/" "Mozilla/5.0 (Windows NT 10.0; WOW64) AppleWebKit/537.36 (KHTML, like Gecko) Chrome/55.18.2883.75 Safari/537.36"
113.190.151.199 - - [23/Jul/2017:11:48:34 -0400] "GET /sosintwr.zip HTTP/1.1" 206 124098 "http://www.vn-zoom.com/f746/free-license-vpn-1-nam-3148046.html" "Mozilla/5.0 (Windows NT 10.0; Win64; x64) AppleWebKit/537.36 (KHTML, like Gecko) Chrome/52.0.2743.116 Safari/537.36 Edge/15.15063"
113.190.151.199 - - [23/Jul/2017:11:48:54 -0400] "GET /sosintwr.zip HTTP/1.1" 206 124098 "http://www.vn-zoom.com/f746/free-license-vpn-1-nam-3148046.html" "Mozilla/5.0 (Windows NT 10.0; Win64; x64) AppleWebKit/537.36 (KHTML, like Gecko) Chrome/52.0.2743.116 Safari/537.36 Edge/15.15063"
49.35.10.54 - - [23/Jul/2017:11:49:28 -0400] "GET /SmartPixel.zip HTTP/1.1" 206 123395 "http://cdn.net-load.com/" "Mozilla/5.0 (Windows NT 10.0; WOW64) AppleWebKit/537.36 (KHTML, like Gecko) Chrome/55.18.2883.75 Safari/537.36"
49.35.10.54 - - [23/Jul/2017:11:50:48 -0400] "GET /SmartPixel.zip HTTP/1.1" 206 123394 "http://cdn.net-load.com/" "Mozilla/5.0 (Windows NT 10.0; WOW64) AppleWebKit/537.36 (KHTML, like Gecko) Chrome/55.18.2883.75 Safari/537.36"
49.35.10.54 - - [23/Jul/2017:11:50:58 -0400] "GET /SmartPixel.zip HTTP/1.1" 206 123394 "http://cdn.net-load.com/" "Mozilla/5.0 (Windows NT 10.0; WOW64) AppleWebKit/537.36 (KHTML, like Gecko) Chrome/55.18.2883.75 Safari/537.36"
49.35.10.54 - - [23/Jul/2017:11:51:18 -0400] "GET /SmartPixel.zip HTTP/1.1" 206 123394 "http://cdn.net-load.com/" "Mozilla/5.0 (Windows NT 10.0; WOW64) AppleWebKit/537.36 (KHTML, like Gecko) Chrome/55.18.2883.75 Safari/537.36"
49.35.10.54 - - [23/Jul/2017:11:51:21 -0400] "GET /SmartPixel.zip HTTP/1.1" 206 123394 "http://cdn.net-load.com/" "Mozilla/5.0 (Windows NT 10.0; WOW64) AppleWebKit/537.36 (KHTML, like Gecko) Chrome/55.18.2883.75 Safari/537.36"
49.35.10.54 - - [23/Jul/2017:11:52:16 -0400] "GET /SmartPixel.zip HTTP/1.1" 206 123394 "http://cdn.net-load.com/" "Mozilla/5.0 (Windows NT 10.0; WOW64) AppleWebKit/537.36 (KHTML, like Gecko) Chrome/55.18.2883.75 Safari/537.36"
49.35.10.54 - - [23/Jul/2017:11:52:22 -0400] "GET /SmartPixel.zip HTTP/1.1" 206 123395 "http://cdn.net-load.com/" "Mozilla/5.0 (Windows NT 10.0; WOW64) AppleWebKit/537.36 (KHTML, like Gecko) Chrome/55.18.2883.75 Safari/537.36"
113.190.151.199 - - [23/Jul/2017:11:52:56 -0400] "GET /sosintwr.zip HTTP/1.1" 206 124098 "http://www.vn-zoom.com/f746/free-license-vpn-1-nam-3148046.html" "Mozilla/5.0 (Windows NT 10.0; Win64; x64) AppleWebKit/537.36 (KHTML, like Gecko) Chrome/52.0.2743.116 Safari/537.36 Edge/15.15063"
113.190.151.199 - - [23/Jul/2017:11:53:37 -0400] "GET /sosintwr.zip HTTP/1.1" 206 124098 "http://www.vn-zoom.com/f746/free-license-vpn-1-nam-3148046.html" "Mozilla/5.0 (Windows NT 10.0; Win64; x64) AppleWebKit/537.36 (KHTML, like Gecko) Chrome/52.0.2743.116 Safari/537.36 Edge/15.15063"
113.190.151.199 - - [23/Jul/2017:11:53:57 -0400] "GET /sosintwr.zip HTTP/1.1" 206 124098 "http://www.vn-zoom.com/f746/free-license-vpn-1-nam-3148046.html" "Mozilla/5.0 (Windows NT 10.0; Win64; x64) AppleWebKit/537.36 (KHTML, like Gecko) Chrome/52.0.2743.116 Safari/537.36 Edge/15.15063"
49.35.10.54 - - [23/Jul/2017:11:54:30 -0400] "GET /SmartPixel.zip HTTP/1.1" 206 123395 "http://cdn.net-load.com/" "Mozilla/5.0 (Windows NT 10.0; WOW64) AppleWebKit/537.36 (KHTML, like Gecko) Chrome/55.18.2883.75 Safari/537.36"
49.35.10.54 - - [23/Jul/2017:11:55:51 -0400] "GET /SmartPixel.zip HTTP/1.1" 206 123394 "http://cdn.net-load.com/" "Mozilla/5.0 (Windows NT 10.0; WOW64) AppleWebKit/537.36 (KHTML, like Gecko) Chrome/55.18.2883.75 Safari/537.36"
49.35.10.54 - - [23/Jul/2017:11:56:01 -0400] "GET /SmartPixel.zip HTTP/1.1" 206 123394 "http://cdn.net-load.com/" "Mozilla/5.0 (Windows NT 10.0; WOW64) AppleWebKit/537.36 (KHTML, like Gecko) Chrome/55.18.2883.75 Safari/537.36"
49.35.10.54 - - [23/Jul/2017:11:56:20 -0400] "GET /SmartPixel.zip HTTP/1.1" 206 123394 "http://cdn.net-load.com/" "Mozilla/5.0 (Windows NT 10.0; WOW64) AppleWebKit/537.36 (KHTML, like Gecko) Chrome/55.18.2883.75 Safari/537.36"
113.190.151.199 - - [23/Jul/2017:11:56:23 -0400] "GET /sosintwr.zip HTTP/1.1" 206 124098 "http://www.vn-zoom.com/f746/free-license-vpn-1-nam-3148046.html" "Mozilla/5.0 (Windows NT 10.0; Win64; x64) AppleWebKit/537.36 (KHTML, like Gecko) Chrome/52.0.2743.116 Safari/537.36 Edge/15.15063"
49.35.10.54 - - [23/Jul/2017:11:57:19 -0400] "GET /SmartPixel.zip HTTP/1.1" 206 123394 "http://cdn.net-load.com/" "Mozilla/5.0 (Windows NT 10.0; WOW64) AppleWebKit/537.36 (KHTML, like Gecko) Chrome/55.18.2883.75 Safari/537.36"
49.35.10.54 - - [23/Jul/2017:11:57:24 -0400] "GET /SmartPixel.zip HTTP/1.1" 206 123395 "http://cdn.net-load.com/" "Mozilla/5.0 (Windows NT 10.0; WOW64) AppleWebKit/537.36 (KHTML, like Gecko) Chrome/55.18.2883.75 Safari/537.36"
49.35.10.54 - - [23/Jul/2017:11:57:58 -0400] "GET /SmartPixel.zip HTTP/1.1" 206 123394 "http://cdn.net-load.com/" "Mozilla/5.0 (Windows NT 10.0; WOW64) AppleWebKit/537.36 (KHTML, like Gecko) Chrome/55.18.2883.75 Safari/537.36"
113.190.151.199 - - [23/Jul/2017:11:58:39 -0400] "GET /sosintwr.zip HTTP/1.1" 206 124098 "http://www.vn-zoom.com/f746/free-license-vpn-1-nam-3148046.html" "Mozilla/5.0 (Windows NT 10.0; Win64; x64) AppleWebKit/537.36 (KHTML, like Gecko) Chrome/52.0.2743.116 Safari/537.36 Edge/15.15063"
49.35.10.54 - - [23/Jul/2017:11:58:59 -0400] "GET /SmartPixel.zip HTTP/1.1" 206 123395 "http://cdn.net-load.com/" "Mozilla/5.0 (Windows NT 10.0; WOW64) AppleWebKit/537.36 (KHTML, like Gecko) Chrome/55.18.2883.75 Safari/537.36"
113.190.151.199 - - [23/Jul/2017:11:59:33 -0400] "GET /sosintwr.zip HTTP/1.1" 206 124097 "http://www.vn-zoom.com/f746/free-license-vpn-1-nam-3148046.html" "Mozilla/5.0 (Windows NT 10.0; Win64; x64) AppleWebKit/537.36 (KHTML, like Gecko) Chrome/52.0.2743.116 Safari/537.36 Edge/15.15063"
49.35.10.54 - - [23/Jul/2017:12:00:53 -0400] "GET /SmartPixel.zip HTTP/1.1" 206 123394 "http://cdn.net-load.com/" "Mozilla/5.0 (Windows NT 10.0; WOW64) AppleWebKit/537.36 (KHTML, like Gecko) Chrome/55.18.2883.75 Safari/537.36"
49.35.10.54 - - [23/Jul/2017:12:01:03 -0400] "GET /SmartPixel.zip HTTP/1.1" 206 123394 "http://cdn.net-load.com/" "Mozilla/5.0 (Windows NT 10.0; WOW64) AppleWebKit/537.36 (KHTML, like Gecko) Chrome/55.18.2883.75 Safari/537.36"
49.35.10.54 - - [23/Jul/2017:12:01:23 -0400] "GET /SmartPixel.zip HTTP/1.1" 206 123394 "http://cdn.net-load.com/" "Mozilla/5.0 (Windows NT 10.0; WOW64) AppleWebKit/537.36 (KHTML, like Gecko) Chrome/55.18.2883.75 Safari/537.36"
113.190.151.199 - - [23/Jul/2017:12:01:26 -0400] "GET /sosintwr.zip HTTP/1.1" 206 124097 "http://www.vn-zoom.com/f746/free-license-vpn-1-nam-3148046.html" "Mozilla/5.0 (Windows NT 10.0; Win64; x64) AppleWebKit/537.36 (KHTML, like Gecko) Chrome/52.0.2743.116 Safari/537.36 Edge/15.15063"
49.35.10.54 - - [23/Jul/2017:12:02:21 -0400] "GET /SmartPixel.zip HTTP/1.1" 206 123395 "http://cdn.net-load.com/" "Mozilla/5.0 (Windows NT 10.0; WOW64) AppleWebKit/537.36 (KHTML, like Gecko) Chrome/55.18.2883.75 Safari/537.36"
49.35.10.54 - - [23/Jul/2017:12:02:27 -0400] "GET /SmartPixel.zip HTTP/1.1" 206 123394 "http://cdn.net-load.com/" "Mozilla/5.0 (Windows NT 10.0; WOW64) AppleWebKit/537.36 (KHTML, like Gecko) Chrome/55.18.2883.75 Safari/537.36"
49.35.10.54 - - [23/Jul/2017:12:03:01 -0400] "GET /SmartPixel.zip HTTP/1.1" 206 123394 "http://cdn.net-load.com/" "Mozilla/5.0 (Windows NT 10.0; WOW64) AppleWebKit/537.36 (KHTML, like Gecko) Chrome/55.18.2883.75 Safari/537.36"
113.190.151.199 - - [23/Jul/2017:12:08:03 -0400] "GET /sosintwr.zip HTTP/1.1" 206 0 "http://www.vn-zoom.com/f746/free-license-vpn-1-nam-3148046.html" "Mozilla/5.0 (Windows NT 10.0; Win64; x64) AppleWebKit/537.36 (KHTML, like Gecko) Chrome/52.0.2743.116 Safari/537.36 Edge/15.15063"
113.190.151.199 - - [23/Jul/2017:12:08:03 -0400] "GET /sosintwr.zip HTTP/1.1" 206 0 "http://www.vn-zoom.com/f746/free-license-vpn-1-nam-3148046.html" "Mozilla/5.0 (Windows NT 10.0; Win64; x64) AppleWebKit/537.36 (KHTML, like Gecko) Chrome/52.0.2743.116 Safari/537.36 Edge/15.15063"
113.190.151.199 - - [23/Jul/2017:12:08:03 -0400] "GET /sosintwr.zip HTTP/1.1" 403 0 "http://www.vn-zoom.com/f746/free-license-vpn-1-nam-3148046.html" "Mozilla/5.0 (Windows NT 10.0; Win64; x64) AppleWebKit/537.36 (KHTML, like Gecko) Chrome/52.0.2743.116 Safari/537.36 Edge/15.15063"
49.35.10.54 - - [23/Jul/2017:12:08:03 -0400] "GET /SmartPixel.zip HTTP/1.1" 206 0 "http://cdn.net-load.com/" "Mozilla/5.0 (Windows NT 10.0; WOW64) AppleWebKit/537.36 (KHTML, like Gecko) Chrome/55.18.2883.75 Safari/537.36"
49.35.10.54 - - [23/Jul/2017:12:08:03 -0400] "GET /SmartPixel.zip HTTP/1.1" 206 0 "http://cdn.net-load.com/" "Mozilla/5.0 (Windows NT 10.0; WOW64) AppleWebKit/537.36 (KHTML, like Gecko) Chrome/55.18.2883.75 Safari/537.36"
49.35.10.54 - - [23/Jul/2017:12:08:03 -0400] "GET /SmartPixel.zip HTTP/1.1" 403 0 "http://cdn.net-load.com/" "Mozilla/5.0 (Windows NT 10.0; WOW64) AppleWebKit/537.36 (KHTML, like Gecko) Chrome/55.18.2883.75 Safari/537.36"
113.190.151.199 - - [23/Jul/2017:12:08:03 -0400] "GET /sosintwr.zip HTTP/1.1" 403 0 "http://www.vn-zoom.com/f746/free-license-vpn-1-nam-3148046.html" "Mozilla/5.0 (Windows NT 10.0; Win64; x64) AppleWebKit/537.36 (KHTML, like Gecko) Chrome/52.0.2743.116 Safari/537.36 Edge/15.15063"
113.190.151.199 - - [23/Jul/2017:12:08:03 -0400] "GET /sosintwr.zip HTTP/1.1" 403 0 "http://www.vn-zoom.com/f746/free-license-vpn-1-nam-3148046.html" "Mozilla/5.0 (Windows NT 10.0; Win64; x64) AppleWebKit/537.36 (KHTML, like Gecko) Chrome/52.0.2743.116 Safari/537.36 Edge/15.15063"
113.190.151.199 - - [23/Jul/2017:12:08:03 -0400] "GET /sosintwr.zip HTTP/1.1" 403 0 "http://www.vn-zoom.com/f746/free-license-vpn-1-nam-3148046.html" "Mozilla/5.0 (Windows NT 10.0; Win64; x64) AppleWebKit/537.36 (KHTML, like Gecko) Chrome/52.0.2743.116 Safari/537.36 Edge/15.15063"
113.190.151.199 - - [23/Jul/2017:12:08:03 -0400] "GET /sosintwr.zip HTTP/1.1" 403 0 "http://www.vn-zoom.com/f746/free-license-vpn-1-nam-3148046.html" "Mozilla/5.0 (Windows NT 10.0; Win64; x64) AppleWebKit/537.36 (KHTML, like Gecko) Chrome/52.0.2743.116 Safari/537.36 Edge/15.15063"
49.35.10.54 - - [23/Jul/2017:12:08:03 -0400] "GET /SmartPixel.zip HTTP/1.1" 403 0 "http://cdn.net-load.com/" "Mozilla/5.0 (Windows NT 10.0; WOW64) AppleWebKit/537.36 (KHTML, like Gecko) Chrome/55.18.2883.75 Safari/537.36"
49.35.10.54 - - [23/Jul/2017:12:08:03 -0400] "GET /SmartPixel.zip HTTP/1.1" 403 0 "http://cdn.net-load.com/" "Mozilla/5.0 (Windows NT 10.0; WOW64) AppleWebKit/537.36 (KHTML, like Gecko) Chrome/55.18.2883.75 Safari/537.36"
49.35.10.54 - - [23/Jul/2017:12:08:03 -0400] "GET /SmartPixel.zip HTTP/1.1" 403 0 "http://cdn.net-load.com/" "Mozilla/5.0 (Windows NT 10.0; WOW64) AppleWebKit/537.36 (KHTML, like Gecko) Chrome/55.18.2883.75 Safari/537.36"
49.35.10.54 - - [23/Jul/2017:12:08:03 -0400] "GET /SmartPixel.zip HTTP/1.1" 403 482 "http://cdn.net-load.com/" "Mozilla/5.0 (Windows NT 10.0; WOW64) AppleWebKit/537.36 (KHTML, like Gecko) Chrome/55.18.2883.75 Safari/537.36"
49.35.10.54 - - [23/Jul/2017:12:08:03 -0400] "GET /SmartPixel.zip HTTP/1.1" 403 482 "http://cdn.net-load.com/" "Mozilla/5.0 (Windows NT 10.0; WOW64) AppleWebKit/537.36 (KHTML, like Gecko) Chrome/55.18.2883.75 Safari/537.36"
49.35.10.54 - - [23/Jul/2017:12:08:03 -0400] "GET /SmartPixel.zip HTTP/1.1" 403 482 "http://cdn.net-load.com/" "Mozilla/5.0 (Windows NT 10.0; WOW64) AppleWebKit/537.36 (KHTML, like Gecko) Chrome/55.18.2883.75 Safari/537.36"
49.35.10.54 - - [23/Jul/2017:12:08:03 -0400] "GET /SmartPixel.zip HTTP/1.1" 403 482 "http://cdn.net-load.com/" "Mozilla/5.0 (Windows NT 10.0; WOW64) AppleWebKit/537.36 (KHTML, like Gecko) Chrome/55.18.2883.75 Safari/537.36"
49.35.10.54 - - [23/Jul/2017:12:08:03 -0400] "GET /SmartPixel.zip HTTP/1.1" 403 482 "http://cdn.net-load.com/" "Mozilla/5.0 (Windows NT 10.0; WOW64) AppleWebKit/537.36 (KHTML, like Gecko) Chrome/55.18.2883.75 Safari/537.36"
49.35.10.54 - - [23/Jul/2017:12:08:03 -0400] "GET /SmartPixel.zip HTTP/1.1" 403 482 "http://cdn.net-load.com/" "Mozilla/5.0 (Windows NT 10.0; WOW64) AppleWebKit/537.36 (KHTML, like Gecko) Chrome/55.18.2883.75 Safari/537.36"
49.35.10.54 - - [23/Jul/2017:12:08:03 -0400] "GET /SmartPixel.zip HTTP/1.1" 403 482 "http://cdn.net-load.com/" "Mozilla/5.0 (Windows NT 10.0; WOW64) AppleWebKit/537.36 (KHTML, like Gecko) Chrome/55.18.2883.75 Safari/537.36"
49.35.10.54 - - [23/Jul/2017:12:08:03 -0400] "GET /SmartPixel.zip HTTP/1.1" 403 482 "http://cdn.net-load.com/" "Mozilla/5.0 (Windows NT 10.0; WOW64) AppleWebKit/537.36 (KHTML, like Gecko) Chrome/55.18.2883.75 Safari/537.36"
49.35.10.54 - - [23/Jul/2017:12:08:03 -0400] "GET /SmartPixel.zip HTTP/1.1" 403 482 "http://cdn.net-load.com/" "Mozilla/5.0 (Windows NT 10.0; WOW64) AppleWebKit/537.36 (KHTML, like Gecko) Chrome/55.18.2883.75 Safari/537.36"
49.35.10.54 - - [23/Jul/2017:12:08:03 -0400] "GET /SmartPixel.zip HTTP/1.1" 403 482 "http://cdn.net-load.com/" "Mozilla/5.0 (Windows NT 10.0; WOW64) AppleWebKit/537.36 (KHTML, like Gecko) Chrome/55.18.2883.75 Safari/537.36"
49.35.10.54 - - [23/Jul/2017:12:08:03 -0400] "GET /SmartPixel.zip HTTP/1.1" 403 482 "http://cdn.net-load.com/" "Mozilla/5.0 (Windows NT 10.0; WOW64) AppleWebKit/537.36 (KHTML, like Gecko) Chrome/55.18.2883.75 Safari/537.36"
49.35.10.54 - - [23/Jul/2017:12:08:03 -0400] "GET /SmartPixel.zip HTTP/1.1" 403 482 "http://cdn.net-load.com/" "Mozilla/5.0 (Windows NT 10.0; WOW64) AppleWebKit/537.36 (KHTML, like Gecko) Chrome/55.18.2883.75 Safari/537.36"
49.35.10.54 - - [23/Jul/2017:12:08:03 -0400] "GET /SmartPixel.zip HTTP/1.1" 403 482 "http://cdn.net-load.com/" "Mozilla/5.0 (Windows NT 10.0; WOW64) AppleWebKit/537.36 (KHTML, like Gecko) Chrome/55.18.2883.75 Safari/537.36"
49.35.10.54 - - [23/Jul/2017:12:08:03 -0400] "GET /SmartPixel.zip HTTP/1.1" 403 482 "http://cdn.net-load.com/" "Mozilla/5.0 (Windows NT 10.0; WOW64) AppleWebKit/537.36 (KHTML, like Gecko) Chrome/55.18.2883.75 Safari/537.36"
49.35.10.54 - - [23/Jul/2017:12:08:03 -0400] "GET /SmartPixel.zip HTTP/1.1" 403 482 "http://cdn.net-load.com/" "Mozilla/5.0 (Windows NT 10.0; WOW64) AppleWebKit/537.36 (KHTML, like Gecko) Chrome/55.18.2883.75 Safari/537.36"
49.35.10.54 - - [23/Jul/2017:12:08:03 -0400] "GET /SmartPixel.zip HTTP/1.1" 403 482 "http://cdn.net-load.com/" "Mozilla/5.0 (Windows NT 10.0; WOW64) AppleWebKit/537.36 (KHTML, like Gecko) Chrome/55.18.2883.75 Safari/537.36"
49.35.10.54 - - [23/Jul/2017:12:08:03 -0400] "GET /SmartPixel.zip HTTP/1.1" 403 482 "http://cdn.net-load.com/" "Mozilla/5.0 (Windows NT 10.0; WOW64) AppleWebKit/537.36 (KHTML, like Gecko) Chrome/55.18.2883.75 Safari/537.36"
49.35.10.54 - - [23/Jul/2017:12:08:03 -0400] "GET /SmartPixel.zip HTTP/1.1" 403 482 "http://cdn.net-load.com/" "Mozilla/5.0 (Windows NT 10.0; WOW64) AppleWebKit/537.36 (KHTML, like Gecko) Chrome/55.18.2883.75 Safari/537.36"
49.35.10.54 - - [23/Jul/2017:12:08:03 -0400] "GET /SmartPixel.zip HTTP/1.1" 403 482 "http://cdn.net-load.com/" "Mozilla/5.0 (Windows NT 10.0; WOW64) AppleWebKit/537.36 (KHTML, like Gecko) Chrome/55.18.2883.75 Safari/537.36"
49.35.10.54 - - [23/Jul/2017:12:08:03 -0400] "GET /SmartPixel.zip HTTP/1.1" 403 482 "http://cdn.net-load.com/" "Mozilla/5.0 (Windows NT 10.0; WOW64) AppleWebKit/537.36 (KHTML, like Gecko) Chrome/55.18.2883.75 Safari/537.36"
49.35.10.54 - - [23/Jul/2017:12:08:03 -0400] "GET /SmartPixel.zip HTTP/1.1" 403 482 "http://cdn.net-load.com/" "Mozilla/5.0 (Windows NT 10.0; WOW64) AppleWebKit/537.36 (KHTML, like Gecko) Chrome/55.18.2883.75 Safari/537.36"
49.35.10.54 - - [23/Jul/2017:12:08:03 -0400] "GET /SmartPixel.zip HTTP/1.1" 403 482 "http://cdn.net-load.com/" "Mozilla/5.0 (Windows NT 10.0; WOW64) AppleWebKit/537.36 (KHTML, like Gecko) Chrome/55.18.2883.75 Safari/537.36"
49.35.10.54 - - [23/Jul/2017:12:08:03 -0400] "GET /SmartPixel.zip HTTP/1.1" 403 482 "http://cdn.net-load.com/" "Mozilla/5.0 (Windows NT 10.0; WOW64) AppleWebKit/537.36 (KHTML, like Gecko) Chrome/55.18.2883.75 Safari/537.36"
49.35.10.54 - - [23/Jul/2017:12:08:03 -0400] "GET /SmartPixel.zip HTTP/1.1" 403 482 "http://cdn.net-load.com/" "Mozilla/5.0 (Windows NT 10.0; WOW64) AppleWebKit/537.36 (KHTML, like Gecko) Chrome/55.18.2883.75 Safari/537.36"
49.35.10.54 - - [23/Jul/2017:12:08:03 -0400] "GET /SmartPixel.zip HTTP/1.1" 403 482 "http://cdn.net-load.com/" "Mozilla/5.0 (Windows NT 10.0; WOW64) AppleWebKit/537.36 (KHTML, like Gecko) Chrome/55.18.2883.75 Safari/537.36"
49.35.10.54 - - [23/Jul/2017:12:08:03 -0400] "GET /SmartPixel.zip HTTP/1.1" 403 482 "http://cdn.net-load.com/" "Mozilla/5.0 (Windows NT 10.0; WOW64) AppleWebKit/537.36 (KHTML, like Gecko) Chrome/55.18.2883.75 Safari/537.36"
49.35.10.54 - - [23/Jul/2017:12:08:03 -0400] "GET /SmartPixel.zip HTTP/1.1" 403 482 "http://cdn.net-load.com/" "Mozilla/5.0 (Windows NT 10.0; WOW64) AppleWebKit/537.36 (KHTML, like Gecko) Chrome/55.18.2883.75 Safari/537.36"
49.35.10.54 - - [23/Jul/2017:12:08:03 -0400] "GET /SmartPixel.zip HTTP/1.1" 403 482 "http://cdn.net-load.com/" "Mozilla/5.0 (Windows NT 10.0; WOW64) AppleWebKit/537.36 (KHTML, like Gecko) Chrome/55.18.2883.75 Safari/537.36"
49.35.10.54 - - [23/Jul/2017:12:08:03 -0400] "GET /SmartPixel.zip HTTP/1.1" 403 482 "http://cdn.net-load.com/" "Mozilla/5.0 (Windows NT 10.0; WOW64) AppleWebKit/537.36 (KHTML, like Gecko) Chrome/55.18.2883.75 Safari/537.36"
49.35.10.54 - - [23/Jul/2017:12:08:03 -0400] "GET /SmartPixel.zip HTTP/1.1" 403 482 "http://cdn.net-load.com/" "Mozilla/5.0 (Windows NT 10.0; WOW64) AppleWebKit/537.36 (KHTML, like Gecko) Chrome/55.18.2883.75 Safari/537.36"
49.35.10.54 - - [23/Jul/2017:12:08:03 -0400] "GET /SmartPixel.zip HTTP/1.1" 403 482 "http://cdn.net-load.com/" "Mozilla/5.0 (Windows NT 10.0; WOW64) AppleWebKit/537.36 (KHTML, like Gecko) Chrome/55.18.2883.75 Safari/537.36"
49.35.10.54 - - [23/Jul/2017:12:08:03 -0400] "GET /SmartPixel.zip HTTP/1.1" 403 482 "http://cdn.net-load.com/" "Mozilla/5.0 (Windows NT 10.0; WOW64) AppleWebKit/537.36 (KHTML, like Gecko) Chrome/55.18.2883.75 Safari/537.36"
49.35.10.54 - - [23/Jul/2017:12:08:03 -0400] "GET /SmartPixel.zip HTTP/1.1" 403 482 "http://cdn.net-load.com/" "Mozilla/5.0 (Windows NT 10.0; WOW64) AppleWebKit/537.36 (KHTML, like Gecko) Chrome/55.18.2883.75 Safari/537.36"
49.35.10.54 - - [23/Jul/2017:12:08:03 -0400] "GET /SmartPixel.zip HTTP/1.1" 403 482 "http://cdn.net-load.com/" "Mozilla/5.0 (Windows NT 10.0; WOW64) AppleWebKit/537.36 (KHTML, like Gecko) Chrome/55.18.2883.75 Safari/537.36"
49.35.10.54 - - [23/Jul/2017:12:08:03 -0400] "GET /SmartPixel.zip HTTP/1.1" 403 482 "http://cdn.net-load.com/" "Mozilla/5.0 (Windows NT 10.0; WOW64) AppleWebKit/537.36 (KHTML, like Gecko) Chrome/55.18.2883.75 Safari/537.36"
49.35.10.54 - - [23/Jul/2017:12:08:03 -0400] "GET /SmartPixel.zip HTTP/1.1" 403 482 "http://cdn.net-load.com/" "Mozilla/5.0 (Windows NT 10.0; WOW64) AppleWebKit/537.36 (KHTML, like Gecko) Chrome/55.18.2883.75 Safari/537.36"
49.35.10.54 - - [23/Jul/2017:12:08:03 -0400] "GET /SmartPixel.zip HTTP/1.1" 403 482 "http://cdn.net-load.com/" "Mozilla/5.0 (Windows NT 10.0; WOW64) AppleWebKit/537.36 (KHTML, like Gecko) Chrome/55.18.2883.75 Safari/537.36"
49.35.10.54 - - [23/Jul/2017:12:08:03 -0400] "GET /SmartPixel.zip HTTP/1.1" 403 482 "http://cdn.net-load.com/" "Mozilla/5.0 (Windows NT 10.0; WOW64) AppleWebKit/537.36 (KHTML, like Gecko) Chrome/55.18.2883.75 Safari/537.36"
49.35.10.54 - - [23/Jul/2017:12:08:03 -0400] "GET /SmartPixel.zip HTTP/1.1" 403 482 "http://cdn.net-load.com/" "Mozilla/5.0 (Windows NT 10.0; WOW64) AppleWebKit/537.36 (KHTML, like Gecko) Chrome/55.18.2883.75 Safari/537.36"
36.80.185.111 - - [23/Jul/2017:12:08:03 -0400] "GET /sosintwr_1.6.2_rev12069.exe HTTP/1.1" 206 0 "http://cdn.net-load.com/" "Mozilla/4.0 (compatible; MSIE 8.0; Windows NT 6.1; Trident/4.0))"
49.35.10.54 - - [23/Jul/2017:12:08:03 -0400] "GET /SmartPixel.zip HTTP/1.1" 403 482 "http://cdn.net-load.com/" "Mozilla/5.0 (Windows NT 10.0; WOW64) AppleWebKit/537.36 (KHTML, like Gecko) Chrome/55.18.2883.75 Safari/537.36"
49.35.10.54 - - [23/Jul/2017:12:08:03 -0400] "GET /SmartPixel.zip HTTP/1.1" 403 482 "http://cdn.net-load.com/" "Mozilla/5.0 (Windows NT 10.0; WOW64) AppleWebKit/537.36 (KHTML, like Gecko) Chrome/55.18.2883.75 Safari/537.36"
49.35.10.54 - - [23/Jul/2017:12:08:03 -0400] "GET /SmartPixel.zip HTTP/1.1" 403 482 "http://cdn.net-load.com/" "Mozilla/5.0 (Windows NT 10.0; WOW64) AppleWebKit/537.36 (KHTML, like Gecko) Chrome/55.18.2883.75 Safari/537.36"
49.35.10.54 - - [23/Jul/2017:12:08:03 -0400] "GET /SmartPixel.zip HTTP/1.1" 403 482 "http://cdn.net-load.com/" "Mozilla/5.0 (Windows NT 10.0; WOW64) AppleWebKit/537.36 (KHTML, like Gecko) Chrome/55.18.2883.75 Safari/537.36"
49.35.10.54 - - [23/Jul/2017:12:08:03 -0400] "GET /SmartPixel.zip HTTP/1.1" 403 482 "http://cdn.net-load.com/" "Mozilla/5.0 (Windows NT 10.0; WOW64) AppleWebKit/537.36 (KHTML, like Gecko) Chrome/55.18.2883.75 Safari/537.36"
49.35.10.54 - - [23/Jul/2017:12:08:03 -0400] "GET /SmartPixel.zip HTTP/1.1" 403 482 "http://cdn.net-load.com/" "Mozilla/5.0 (Windows NT 10.0; WOW64) AppleWebKit/537.36 (KHTML, like Gecko) Chrome/55.18.2883.75 Safari/537.36"
113.190.151.199 - - [23/Jul/2017:12:03:42 -0400] "GET /sosintwr.zip HTTP/1.1" 206 124098 "http://www.vn-zoom.com/f746/free-license-vpn-1-nam-3148046.html" "Mozilla/5.0 (Windows NT 10.0; Win64; x64) AppleWebKit/537.36 (KHTML, like Gecko) Chrome/52.0.2743.116 Safari/537.36 Edge/15.15063"
61.238.54.163 - - [23/Jul/2017:12:08:44 -0400] "GET /DoYourDataRecoveryiPhone_3.1.exe HTTP/1.1" 200 16706 "http://ezone2.ulifestyle.com.hk/channelnews.php?id=14618" "Mozilla/5.0 (Windows NT 10.0; Win64; x64) AppleWebKit/537.36 (KHTML, like Gecko) Chrome/59.0.3071.115 Safari/537.36"
49.35.10.54 - - [23/Jul/2017:12:04:02 -0400] "GET /SmartPixel.zip HTTP/1.1" 206 123394 "http://cdn.net-load.com/" "Mozilla/5.0 (Windows NT 10.0; WOW64) AppleWebKit/537.36 (KHTML, like Gecko) Chrome/55.18.2883.75 Safari/537.36"
83.26.245.76 - - [23/Jul/2017:12:09:04 -0400] "GET /SketchDrawer3.exe HTTP/1.1" 200 8513 "http://net-load.com/giveaway-softorbits-sketch-drawer-pro-3-for-free/" "Mozilla/5.0 (Windows NT 6.0) AppleWebKit/537.36 (KHTML, like Gecko) Chrome/49.0.2623.112 Safari/537.36 OPR/36.0.2130.80"
83.26.245.76 - - [23/Jul/2017:12:09:04 -0400] "GET /SketchDrawer3.exe HTTP/1.1" 200 8513 "http://net-load.com/giveaway-softorbits-sketch-drawer-pro-3-for-free/" "Mozilla/5.0 (Windows NT 6.0) AppleWebKit/537.36 (KHTML, like Gecko) Chrome/49.0.2623.112 Safari/537.36 OPR/36.0.2130.80"
66.249.75.25 - - [23/Jul/2017:12:09:04 -0400] "GET /robots.txt HTTP/1.1" 404 506 "-" "Mozilla/5.0 (compatible; Googlebot/2.1; +http://www.google.com/bot.html)"
113.190.151.199 - - [23/Jul/2017:12:04:36 -0400] "GET /sosintwr.zip HTTP/1.1" 206 124097 "http://www.vn-zoom.com/f746/free-license-vpn-1-nam-3148046.html" "Mozilla/5.0 (Windows NT 10.0; Win64; x64) AppleWebKit/537.36 (KHTML, like Gecko) Chrome/52.0.2743.116 Safari/537.36 Edge/15.15063"
113.190.151.199 - - [23/Jul/2017:12:05:56 -0400] "GET /sosintwr.zip HTTP/1.1" 206 124097 "http://www.vn-zoom.com/f746/free-license-vpn-1-nam-3148046.html" "Mozilla/5.0 (Windows NT 10.0; Win64; x64) AppleWebKit/537.36 (KHTML, like Gecko) Chrome/52.0.2743.116 Safari/537.36 Edge/15.15063"
49.35.10.54 - - [23/Jul/2017:12:06:06 -0400] "GET /SmartPixel.zip HTTP/1.1" 206 123395 "http://cdn.net-load.com/" "Mozilla/5.0 (Windows NT 10.0; WOW64) AppleWebKit/537.36 (KHTML, like Gecko) Chrome/55.18.2883.75 Safari/537.36"
49.35.10.54 - - [23/Jul/2017:12:06:25 -0400] "GET /SmartPixel.zip HTTP/1.1" 206 123394 "http://cdn.net-load.com/" "Mozilla/5.0 (Windows NT 10.0; WOW64) AppleWebKit/537.36 (KHTML, like Gecko) Chrome/55.18.2883.75 Safari/537.36"
113.190.151.199 - - [23/Jul/2017:12:06:28 -0400] "GET /sosintwr.zip HTTP/1.1" 206 124097 "http://www.vn-zoom.com/f746/free-license-vpn-1-nam-3148046.html" "Mozilla/5.0 (Windows NT 10.0; Win64; x64) AppleWebKit/537.36 (KHTML, like Gecko) Chrome/52.0.2743.116 Safari/537.36 Edge/15.15063"
49.35.10.54 - - [23/Jul/2017:12:07:24 -0400] "GET /SmartPixel.zip HTTP/1.1" 206 123394 "http://cdn.net-load.com/" "Mozilla/5.0 (Windows NT 10.0; WOW64) AppleWebKit/537.36 (KHTML, like Gecko) Chrome/55.18.2883.75 Safari/537.36"
49.35.10.54 - - [23/Jul/2017:12:07:29 -0400] "GET /SmartPixel.zip HTTP/1.1" 206 123394 "http://cdn.net-load.com/" "Mozilla/5.0 (Windows NT 10.0; WOW64) AppleWebKit/537.36 (KHTML, like Gecko) Chrome/55.18.2883.75 Safari/537.36"
104.42.198.99 - - [23/Jul/2017:12:08:03 -0400] "GET /sosintwr.zip HTTP/1.1" 200 126544 "http://temp.com" "Mozilla/4.0 (compatible; MSIE 6.0; Windows NT 5.1; .NET CLR 1.1.4322; .NET CLR 2.0.50727)"
49.35.10.54 - - [23/Jul/2017:12:08:45 -0400] "GET /SmartPixel.zip HTTP/1.1" 206 123394 "http://cdn.net-load.com/" "Mozilla/5.0 (Windows NT 10.0; WOW64) AppleWebKit/537.36 (KHTML, like Gecko) Chrome/55.18.2883.75 Safari/537.36"
41.254.9.195 - - [23/Jul/2017:12:09:04 -0400] "GET /sosintwr_1.6.2_rev12069.exe HTTP/1.1" 200 122697 "http://cdn.net-load.com/" "Mozilla/5.0 (Windows NT 10.0; Win64; x64) AppleWebKit/537.36 (KHTML, like Gecko) Chrome/52.0.2743.116 Safari/537.36 Edge/15.15063"
41.254.9.195 - - [23/Jul/2017:12:09:38 -0400] "GET /sosintwr_1.6.2_rev12069.exe HTTP/1.1" 200 122697 "http://cdn.net-load.com/" "Mozilla/5.0 (Windows NT 10.0; Win64; x64) AppleWebKit/537.36 (KHTML, like Gecko) Chrome/52.0.2743.116 Safari/537.36 Edge/15.15063"
41.254.9.195 - - [23/Jul/2017:12:10:58 -0400] "GET /sosintwr_1.6.2_rev12069.exe HTTP/1.1" 200 122697 "http://cdn.net-load.com/" "Mozilla/5.0 (Windows NT 10.0; Win64; x64) AppleWebKit/537.36 (KHTML, like Gecko) Chrome/52.0.2743.116 Safari/537.36 Edge/15.15063"
2.247.252.133 - - [23/Jul/2017:12:11:08 -0400] "GET /SuperEraserTrial5.exe HTTP/1.1" 206 122621 "http://net-load.com/giveaway-doyourdata-super-eraser-v5-0-for-free/" "Opera/9.80 (Windows NT 5.1) Presto/2.12.388 Version/12.15"
207.154.225.123 - - [23/Jul/2017:12:18:57 -0400] "HEAD /hdr_download.hr.exe HTTP/1.1" 200 343 "-" "-"
207.154.225.123 - - [23/Jul/2017:12:18:57 -0400] "HEAD /hdr_download.hr.exe HTTP/1.1" 200 343 "-" "-"
94.254.157.49 - - [23/Jul/2017:12:19:31 -0400] "GET /favicon.ico HTTP/1.1" 404 506 "-" "Mozilla/5.0 (Windows NT 10.0; Win64; x64) AppleWebKit/537.36 (KHTML, like Gecko) Chrome/52.0.2743.116 Safari/537.36 Edge/15.15063"
180.76.15.151 - - [23/Jul/2017:12:20:01 -0400] "GET /w_anet20.pdf HTTP/1.1" 200 108187 "-" "Mozilla/5.0 (compatible; Baiduspider/2.0; +http://www.baidu.com/search/spider.html)"
77.85.112.228 - - [23/Jul/2017:12:20:18 -0400] "GET /IceCream.zip HTTP/1.1" 200 6463 "http://net-load.com/giveaway-icecream-ebook-reader-pro-v3-10-for-free/" "Mozilla/5.0 (Windows NT 6.0) AppleWebKit/537.36 (KHTML, like Gecko) Chrome/49.0.2623.112 Safari/537.36"
207.154.225.123 - - [23/Jul/2017:12:21:03 -0400] "HEAD /hdr_download.hr.exe HTTP/1.1" 200 343 "-" "-"
172.111.244.79 - - [23/Jul/2017:12:22:30 -0400] "GET /hdr_download.hr.exe HTTP/1.1" 200 467287 "-" "Mozilla/5.0 (Windows NT 10.0; WOW64) AppleWebKit/537.36 (KHTML, like Gecko) Chrome/59.0.3071.115 Safari/537.36 OPR/46.0.2597.57"
207.154.225.123 - - [23/Jul/2017:12:21:03 -0400] "GET /hdr_download.hr.exe HTTP/1.1" 200 11018235 "-" "-"
94.254.157.49 - - [23/Jul/2017:12:19:31 -0400] "GET /DriverBoosterPro440.zip HTTP/1.1" 200 15639863 "-" "Mozilla/5.0 (Windows NT 10.0; Win64; x64) AppleWebKit/537.36 (KHTML, like Gecko) Chrome/52.0.2743.116 Safari/537.36 Edge/15.15063"
164.132.161.12 - - [23/Jul/2017:12:27:03 -0400] "GET /Giveaway_Ability_Office_Fr.exe HTTP/1.1" 200 100140 "-" "Mozilla/5.0 (compatible; AhrefsBot/5.2; +http://ahrefs.com/robot/)"
153.151.219.125 - - [23/Jul/2017:12:31:23 -0400] "GET /taskman812.exe HTTP/1.1" 200 4274816 "-" "Mozilla/4.0 (compatible; MSIE 8.0; Windows NT 6.1; WOW64; Trident/4.0; SLCC2; .NET CLR 2.0.50727; .NET CLR 3.5.30729; .NET CLR 3.0.30729; Media Center PC 6.0; .NET4.0C; .NET4.0E; InfoPath.2)"
103.197.107.139 - - [23/Jul/2017:12:35:01 -0400] "GET /ABPro-4.0.3.exe HTTP/1.1" 304 195 "-" "Java/1.6.0_24"
207.46.13.97 - - [23/Jul/2017:12:51:52 -0400] "GET /w_make165.pdf HTTP/1.1" 200 746001 "-" "Mozilla/5.0 (iPhone; CPU iPhone OS 7_0 like Mac OS X) AppleWebKit/537.51.1 (KHTML, like Gecko) Version/7.0 Mobile/11A465 Safari/9537.53 (compatible; bingbot/2.0; +http://www.bing.com/bingbot.htm)"
2.247.252.133 - - [23/Jul/2017:12:17:35 -0400] "GET /SuperEraserTrial5.exe HTTP/1.1" 206 9728493 "http://net-load.com/giveaway-doyourdata-super-eraser-v5-0-for-free/" "Opera/9.80 (Windows NT 5.1) Presto/2.12.388 Version/12.15"
157.55.39.44 - - [23/Jul/2017:12:56:46 -0400] "GET / HTTP/1.1" 200 294 "-" "Mozilla/5.0 (compatible; bingbot/2.0; +http://www.bing.com/bingbot.htm)"
209.58.136.209 - - [23/Jul/2017:12:54:39 -0400] "GET /sosintwr.zip HTTP/1.1" 200 1321778 "http://net-load.com/giveaway-steganos-online-shield-vpn-1year-license-free/" "Mozilla/5.0 (Windows NT 10.0; WOW64) AppleWebKit/537.36 (KHTML, like Gecko) Chrome/48.0.2564.116 Safari/537.36 TheWorld 7"
220.132.157.239 - - [23/Jul/2017:12:51:15 -0400] "GET /sosintwr.zip HTTP/1.1" 200 8775718 "http://net-load.com/giveaway-steganos-online-shield-vpn-1year-license-free/" "Mozilla/5.0 (Windows NT 10.0; WOW64) AppleWebKit/537.36 (KHTML, like Gecko) Chrome/48.0.2564.116 Safari/537.36 TheWorld 7"
220.132.157.239 - - [23/Jul/2017:12:55:39 -0400] "GET /sosintwr.zip HTTP/1.1" 200 36959675 "http://net-load.com/giveaway-steganos-online-shield-vpn-1year-license-free/" "Mozilla/5.0 (Windows NT 10.0; WOW64) AppleWebKit/537.36 (KHTML, like Gecko) Chrome/48.0.2564.116 Safari/537.36 TheWorld 7"
209.58.136.205 - - [23/Jul/2017:13:03:51 -0400] "GET /sosintwr.zip HTTP/1.1" 200 15630646 "-" "Mozilla/5.0 (Windows NT 10.0; Win64; x64) AppleWebKit/537.36 (KHTML, like Gecko) Chrome/59.0.3071.109 Safari/537.36"
92.74.54.195 - - [23/Jul/2017:13:09:45 -0400] "GET /mspsetup-May2017.exe HTTP/1.1" 200 270656 "http://net-load.com/giveaway-mask-surf-pro-v4-1-for-free/" "Mozilla/5.0 (Windows NT 10.0; rv:54.0) Gecko/20100101 Firefox/54.0"
92.74.54.195 - - [23/Jul/2017:13:09:50 -0400] "GET /mspsetup-May2017.exe HTTP/1.1" 200 475456 "http://net-load.com/giveaway-mask-surf-pro-v4-1-for-free/" "FDM 3.x"
92.74.54.195 - - [23/Jul/2017:13:09:50 -0400] "GET /mspsetup-May2017.exe HTTP/1.1" 206 472379 "http://net-load.com/giveaway-mask-surf-pro-v4-1-for-free/" "FDM 3.x"
92.74.54.195 - - [23/Jul/2017:13:09:50 -0400] "GET /mspsetup-May2017.exe HTTP/1.1" 206 464378 "http://net-load.com/giveaway-mask-surf-pro-v4-1-for-free/" "FDM 3.x"
92.74.54.195 - - [23/Jul/2017:13:09:51 -0400] "GET /mspsetup-May2017.exe HTTP/1.1" 206 456379 "http://net-load.com/giveaway-mask-surf-pro-v4-1-for-free/" "FDM 3.x"
92.74.54.195 - - [23/Jul/2017:13:09:50 -0400] "GET /mspsetup-May2017.exe HTTP/1.1" 206 920378 "http://net-load.com/giveaway-mask-surf-pro-v4-1-for-free/" "FDM 3.x"
92.74.54.195 - - [23/Jul/2017:13:09:50 -0400] "GET /mspsetup-May2017.exe HTTP/1.1" 206 926568 "http://net-load.com/giveaway-mask-surf-pro-v4-1-for-free/" "FDM 3.x"
112.96.115.232 - - [23/Jul/2017:13:10:34 -0400] "GET /hdsentinel_setup_5.01.exe HTTP/1.1" 200 344130 "-" "Mozilla/5.0 (compatible; MSIE 6.0; Windows NT 5.0)"
112.96.115.232 - - [23/Jul/2017:13:10:34 -0400] "GET /hdsentinel_setup_5.01.exe HTTP/1.1" 200 348274 "-" "Mozilla/5.0 (compatible; MSIE 6.0; Windows NT 5.0)"
112.96.115.232 - - [23/Jul/2017:13:10:34 -0400] "GET /hdsentinel_setup_5.01.exe HTTP/1.1" 200 409730 "-" "Mozilla/5.0 (compatible; MSIE 6.0; Windows NT 5.0)"
112.96.115.232 - - [23/Jul/2017:13:10:34 -0400] "GET /hdsentinel_setup_5.01.exe HTTP/1.1" 200 418994 "-" "Mozilla/5.0 (compatible; MSIE 6.0; Windows NT 5.0)"
93.108.217.170 - - [23/Jul/2017:13:12:53 -0400] "GET /anyflip-pc.zip HTTP/1.1" 200 2416951 "http://net-load.com/giveaway-anyflip-platinum-v1-3-2-for-free/" "Mozilla/5.0 (Windows NT 6.3; Win64; x64) AppleWebKit/537.36 (KHTML, like Gecko) Chrome/59.0.3071.115 Safari/537.36"
92.209.13.61 - - [23/Jul/2017:13:15:45 -0400] "GET /hdr_download.hr.exe HTTP/1.1" 200 24919 "http://net-load.com/giveaway-hasleo-data-recovery-pro-v3-5-for-free/" "Mozilla/5.0 (Windows NT 10.0; Win64; x64) AppleWebKit/537.36 (KHTML, like Gecko) Chrome/59.0.3071.112 Safari/537.36 Vivaldi/1.91.867.46"
212.52.135.236 - - [23/Jul/2017:13:15:20 -0400] "GET /hdr_download.hr.exe HTTP/1.1" 200 327966 "http://net-load.com/giveaway-hasleo-data-recovery-pro-v3-5-for-free/" "Mozilla/5.0 (Windows NT 10.0; Win64; x64) AppleWebKit/537.36 (KHTML, like Gecko) Chrome/59.0.3071.115 Safari/537.36"
92.209.13.61 - - [23/Jul/2017:13:16:09 -0400] "GET /hdr_download.hr.exe HTTP/1.0" 206 2734516 "http://net-load.com/giveaway-hasleo-data-recovery-pro-v3-5-for-free/" "IDA"
92.209.13.61 - - [23/Jul/2017:13:16:08 -0400] "GET /hdr_download.hr.exe HTTP/1.0" 206 2800365 "http://net-load.com/giveaway-hasleo-data-recovery-pro-v3-5-for-free/" "IDA"
92.209.13.61 - - [23/Jul/2017:13:15:59 -0400] "GET /hdr_download.hr.exe HTTP/1.0" 200 3064113 "http://net-load.com/giveaway-hasleo-data-recovery-pro-v3-5-for-free/" "IDA"
212.52.135.236 - - [23/Jul/2017:13:17:17 -0400] "GET /hdr_download.hr.exe HTTP/1.1" 206 123760 "http://net-load.com/giveaway-hasleo-data-recovery-pro-v3-5-for-free/" "Mozilla/5.0 (Windows NT 10.0; Win64; x64) AppleWebKit/537.36 (KHTML, like Gecko) Chrome/59.0.3071.115 Safari/537.36"
212.52.135.236 - - [23/Jul/2017:13:17:21 -0400] "GET /hdr_download.hr.exe HTTP/1.1" 206 123760 "http://net-load.com/giveaway-hasleo-data-recovery-pro-v3-5-for-free/" "Mozilla/5.0 (Windows NT 10.0; Win64; x64) AppleWebKit/537.36 (KHTML, like Gecko) Chrome/59.0.3071.115 Safari/537.36"
92.209.13.61 - - [23/Jul/2017:13:17:06 -0400] "GET /hdr_download.hr.exe HTTP/1.0" 206 1272365 "http://net-load.com/giveaway-hasleo-data-recovery-pro-v3-5-for-free/" "IDA"
92.209.13.61 - - [23/Jul/2017:13:17:23 -0400] "GET /hdr_download.hr.exe HTTP/1.0" 206 672365 "http://net-load.com/giveaway-hasleo-data-recovery-pro-v3-5-for-free/" "IDA"
92.209.13.61 - - [23/Jul/2017:13:17:31 -0400] "GET /hdr_download.hr.exe HTTP/1.0" 206 320365 "http://net-load.com/giveaway-hasleo-data-recovery-pro-v3-5-for-free/" "IDA"
92.209.13.61 - - [23/Jul/2017:13:17:36 -0400] "GET /hdr_download.hr.exe HTTP/1.0" 206 160365 "http://net-load.com/giveaway-hasleo-data-recovery-pro-v3-5-for-free/" "IDA"
92.209.13.61 - - [23/Jul/2017:13:17:38 -0400] "GET /hdr_download.hr.exe HTTP/1.0" 206 136365 "http://net-load.com/giveaway-hasleo-data-recovery-pro-v3-5-for-free/" "IDA"
212.52.135.236 - - [23/Jul/2017:13:15:27 -0400] "GET /hdr_download.hr.exe HTTP/1.1" 206 1446505 "http://net-load.com/giveaway-hasleo-data-recovery-pro-v3-5-for-free/" "Mozilla/5.0 (Windows NT 10.0; Win64; x64) AppleWebKit/537.36 (KHTML, like Gecko) Chrome/59.0.3071.115 Safari/537.36"
212.52.135.236 - - [23/Jul/2017:13:15:28 -0400] "GET /hdr_download.hr.exe HTTP/1.1" 206 1338716 "http://net-load.com/giveaway-hasleo-data-recovery-pro-v3-5-for-free/" "Mozilla/5.0 (Windows NT 10.0; Win64; x64) AppleWebKit/537.36 (KHTML, like Gecko) Chrome/59.0.3071.115 Safari/537.36"
212.52.135.236 - - [23/Jul/2017:13:15:28 -0400] "GET /hdr_download.hr.exe HTTP/1.1" 206 1342629 "http://net-load.com/giveaway-hasleo-data-recovery-pro-v3-5-for-free/" "Mozilla/5.0 (Windows NT 10.0; Win64; x64) AppleWebKit/537.36 (KHTML, like Gecko) Chrome/59.0.3071.115 Safari/537.36"
212.52.135.236 - - [23/Jul/2017:13:17:32 -0400] "GET /hdr_download.hr.exe HTTP/1.1" 206 267920 "http://net-load.com/giveaway-hasleo-data-recovery-pro-v3-5-for-free/" "Mozilla/5.0 (Windows NT 10.0; Win64; x64) AppleWebKit/537.36 (KHTML, like Gecko) Chrome/59.0.3071.115 Safari/537.36"
212.52.135.236 - - [23/Jul/2017:13:15:27 -0400] "GET /hdr_download.hr.exe HTTP/1.1" 206 1344607 "http://net-load.com/giveaway-hasleo-data-recovery-pro-v3-5-for-free/" "Mozilla/5.0 (Windows NT 10.0; Win64; x64) AppleWebKit/537.36 (KHTML, like Gecko) Chrome/59.0.3071.115 Safari/537.36"
212.52.135.236 - - [23/Jul/2017:13:15:20 -0400] "GET /hdr_download.hr.exe HTTP/1.1" 206 790346 "http://net-load.com/giveaway-hasleo-data-recovery-pro-v3-5-for-free/" "Mozilla/5.0 (Windows NT 10.0; Win64; x64) AppleWebKit/537.36 (KHTML, like Gecko) Chrome/59.0.3071.115 Safari/537.36"
212.52.135.236 - - [23/Jul/2017:13:15:23 -0400] "GET /hdr_download.hr.exe HTTP/1.1" 206 1454026 "http://net-load.com/giveaway-hasleo-data-recovery-pro-v3-5-for-free/" "Mozilla/5.0 (Windows NT 10.0; Win64; x64) AppleWebKit/537.36 (KHTML, like Gecko) Chrome/59.0.3071.115 Safari/537.36"
212.52.135.236 - - [23/Jul/2017:13:20:42 -0400] "GET /hdr_download.hr.exe HTTP/1.1" 206 102746 "http://net-load.com/giveaway-hasleo-data-recovery-pro-v3-5-for-free/" "Mozilla/5.0 (Windows NT 10.0; Win64; x64) AppleWebKit/537.36 (KHTML, like Gecko) Chrome/59.0.3071.115 Safari/537.36"
212.52.135.236 - - [23/Jul/2017:13:15:23 -0400] "GET /hdr_download.hr.exe HTTP/1.1" 206 1466266 "http://net-load.com/giveaway-hasleo-data-recovery-pro-v3-5-for-free/" "Mozilla/5.0 (Windows NT 10.0; Win64; x64) AppleWebKit/537.36 (KHTML, like Gecko) Chrome/59.0.3071.115 Safari/537.36"
212.52.135.236 - - [23/Jul/2017:13:21:38 -0400] "GET /hdr_download.hr.exe HTTP/1.1" 206 126140 "http://net-load.com/giveaway-hasleo-data-recovery-pro-v3-5-for-free/" "Mozilla/5.0 (Windows NT 10.0; Win64; x64) AppleWebKit/537.36 (KHTML, like Gecko) Chrome/59.0.3071.115 Safari/537.36"
212.52.135.236 - - [23/Jul/2017:13:20:51 -0400] "GET /hdr_download.hr.exe HTTP/1.1" 206 224574 "http://net-load.com/giveaway-hasleo-data-recovery-pro-v3-5-for-free/" "Mozilla/5.0 (Windows NT 10.0; Win64; x64) AppleWebKit/537.36 (KHTML, like Gecko) Chrome/59.0.3071.115 Safari/537.36"
212.52.135.236 - - [23/Jul/2017:13:20:47 -0400] "GET /hdr_download.hr.exe HTTP/1.1" 206 259285 "http://net-load.com/giveaway-hasleo-data-recovery-pro-v3-5-for-free/" "Mozilla/5.0 (Windows NT 10.0; Win64; x64) AppleWebKit/537.36 (KHTML, like Gecko) Chrome/59.0.3071.115 Safari/537.36"
212.52.135.236 - - [23/Jul/2017:13:19:48 -0400] "GET /hdr_download.hr.exe HTTP/1.1" 206 422960 "http://net-load.com/giveaway-hasleo-data-recovery-pro-v3-5-for-free/" "Mozilla/5.0 (Windows NT 10.0; Win64; x64) AppleWebKit/537.36 (KHTML, like Gecko) Chrome/59.0.3071.115 Safari/537.36"
212.52.135.236 - - [23/Jul/2017:13:20:19 -0400] "GET /hdr_download.hr.exe HTTP/1.1" 206 307360 "http://net-load.com/giveaway-hasleo-data-recovery-pro-v3-5-for-free/" "Mozilla/5.0 (Windows NT 10.0; Win64; x64) AppleWebKit/537.36 (KHTML, like Gecko) Chrome/59.0.3071.115 Safari/537.36"
212.52.135.236 - - [23/Jul/2017:13:20:51 -0400] "GET /hdr_download.hr.exe HTTP/1.1" 206 272344 "http://net-load.com/giveaway-hasleo-data-recovery-pro-v3-5-for-free/" "Mozilla/5.0 (Windows NT 10.0; Win64; x64) AppleWebKit/537.36 (KHTML, like Gecko) Chrome/59.0.3071.115 Safari/537.36"
212.52.135.236 - - [23/Jul/2017:13:22:18 -0400] "GET /hdr_download.hr.exe HTTP/1.1" 206 102744 "http://net-load.com/giveaway-hasleo-data-recovery-pro-v3-5-for-free/" "Mozilla/5.0 (Windows NT 10.0; Win64; x64) AppleWebKit/537.36 (KHTML, like Gecko) Chrome/59.0.3071.115 Safari/537.36"
212.52.135.236 - - [23/Jul/2017:13:22:20 -0400] "GET /hdr_download.hr.exe HTTP/1.1" 206 102744 "http://net-load.com/giveaway-hasleo-data-recovery-pro-v3-5-for-free/" "Mozilla/5.0 (Windows NT 10.0; Win64; x64) AppleWebKit/537.36 (KHTML, like Gecko) Chrome/59.0.3071.115 Safari/537.36"
212.52.135.236 - - [23/Jul/2017:13:22:24 -0400] "GET /hdr_download.hr.exe HTTP/1.1" 206 51818 "http://net-load.com/giveaway-hasleo-data-recovery-pro-v3-5-for-free/" "Mozilla/5.0 (Windows NT 10.0; Win64; x64) AppleWebKit/537.36 (KHTML, like Gecko) Chrome/59.0.3071.115 Safari/537.36"
212.52.135.236 - - [23/Jul/2017:13:19:35 -0400] "GET /hdr_download.hr.exe HTTP/1.1" 206 401200 "http://net-load.com/giveaway-hasleo-data-recovery-pro-v3-5-for-free/" "Mozilla/5.0 (Windows NT 10.0; Win64; x64) AppleWebKit/537.36 (KHTML, like Gecko) Chrome/59.0.3071.115 Safari/537.36"
212.52.135.236 - - [23/Jul/2017:13:22:28 -0400] "GET /hdr_download.hr.exe HTTP/1.1" 206 26113 "http://net-load.com/giveaway-hasleo-data-recovery-pro-v3-5-for-free/" "Mozilla/5.0 (Windows NT 10.0; Win64; x64) AppleWebKit/537.36 (KHTML, like Gecko) Chrome/59.0.3071.115 Safari/537.36"
212.52.135.236 - - [23/Jul/2017:13:22:28 -0400] "GET /hdr_download.hr.exe HTTP/1.1" 206 51576 "http://net-load.com/giveaway-hasleo-data-recovery-pro-v3-5-for-free/" "Mozilla/5.0 (Windows NT 10.0; Win64; x64) AppleWebKit/537.36 (KHTML, like Gecko) Chrome/59.0.3071.115 Safari/537.36"
212.52.135.236 - - [23/Jul/2017:13:22:34 -0400] "GET /hdr_download.hr.exe HTTP/1.1" 206 25992 "http://net-load.com/giveaway-hasleo-data-recovery-pro-v3-5-for-free/" "Mozilla/5.0 (Windows NT 10.0; Win64; x64) AppleWebKit/537.36 (KHTML, like Gecko) Chrome/59.0.3071.115 Safari/537.36"
212.52.135.236 - - [23/Jul/2017:13:20:15 -0400] "GET /hdr_download.hr.exe HTTP/1.1" 206 405280 "http://net-load.com/giveaway-hasleo-data-recovery-pro-v3-5-for-free/" "Mozilla/5.0 (Windows NT 10.0; Win64; x64) AppleWebKit/537.36 (KHTML, like Gecko) Chrome/59.0.3071.115 Safari/537.36"
83.166.142.92 - - [23/Jul/2017:13:22:59 -0400] "HEAD /WiseCare365_mdl_4.66.450.exe HTTP/1.1" 200 282 "https://toutgratuitpartage.be" "Mozilla/5.0 (compatible; MSIE 9.0; Windows NT 6.1; WOW64; Trident/5.0)"
212.52.135.236 - - [23/Jul/2017:13:23:01 -0400] "GET /hdr_download.hr.exe HTTP/1.1" 206 26113 "http://net-load.com/giveaway-hasleo-data-recovery-pro-v3-5-for-free/" "Mozilla/5.0 (Windows NT 10.0; Win64; x64) AppleWebKit/537.36 (KHTML, like Gecko) Chrome/59.0.3071.115 Safari/537.36"
212.52.135.236 - - [23/Jul/2017:13:23:03 -0400] "GET /hdr_download.hr.exe HTTP/1.1" 206 13261 "http://net-load.com/giveaway-hasleo-data-recovery-pro-v3-5-for-free/" "Mozilla/5.0 (Windows NT 10.0; Win64; x64) AppleWebKit/537.36 (KHTML, like Gecko) Chrome/59.0.3071.115 Safari/537.36"
212.52.135.236 - - [23/Jul/2017:13:23:03 -0400] "GET /hdr_download.hr.exe HTTP/1.1" 206 20602 "http://net-load.com/giveaway-hasleo-data-recovery-pro-v3-5-for-free/" "Mozilla/5.0 (Windows NT 10.0; Win64; x64) AppleWebKit/537.36 (KHTML, like Gecko) Chrome/59.0.3071.115 Safari/537.36"
212.52.135.236 - - [23/Jul/2017:13:23:10 -0400] "GET /hdr_download.hr.exe HTTP/1.1" 206 123760 "http://net-load.com/giveaway-hasleo-data-recovery-pro-v3-5-for-free/" "Mozilla/5.0 (Windows NT 10.0; Win64; x64) AppleWebKit/537.36 (KHTML, like Gecko) Chrome/59.0.3071.115 Safari/537.36"
212.52.135.236 - - [23/Jul/2017:13:23:18 -0400] "GET /hdr_download.hr.exe HTTP/1.1" 206 18177 "http://net-load.com/giveaway-hasleo-data-recovery-pro-v3-5-for-free/" "Mozilla/5.0 (Windows NT 10.0; Win64; x64) AppleWebKit/537.36 (KHTML, like Gecko) Chrome/59.0.3071.115 Safari/537.36"
212.52.135.236 - - [23/Jul/2017:13:23:18 -0400] "GET /hdr_download.hr.exe HTTP/1.1" 206 20602 "http://net-load.com/giveaway-hasleo-data-recovery-pro-v3-5-for-free/" "Mozilla/5.0 (Windows NT 10.0; Win64; x64) AppleWebKit/537.36 (KHTML, like Gecko) Chrome/59.0.3071.115 Safari/537.36"
212.52.135.236 - - [23/Jul/2017:13:22:51 -0400] "GET /hdr_download.hr.exe HTTP/1.1" 206 144344 "http://net-load.com/giveaway-hasleo-data-recovery-pro-v3-5-for-free/" "Mozilla/5.0 (Windows NT 10.0; Win64; x64) AppleWebKit/537.36 (KHTML, like Gecko) Chrome/59.0.3071.115 Safari/537.36"
